{"id":30842,"date":"2026-01-28T16:50:56","date_gmt":"2026-01-28T22:50:56","guid":{"rendered":"https:\/\/saludnl.gob.mx\/regulacion-sanitaria\/?page_id=30842"},"modified":"2026-02-23T15:00:45","modified_gmt":"2026-02-23T21:00:45","slug":"acuerdos-de-simplificacion","status":"publish","type":"page","link":"https:\/\/saludnl.gob.mx\/regulacion-sanitaria\/index.php\/acuerdos-de-simplificacion\/","title":{"rendered":"Acuerdos de Simplificaci\u00f3n"},"content":{"rendered":"<p><span style=\"color: #ff6600;\"><strong>Jueves 27 de marzo de 2025:<\/strong><\/span><\/p>\n<p><a href=\"https:\/\/www.dof.gob.mx\/nota_detalle.php?codigo=5753121&amp;fecha=27\/03\/2025#gsc.tab=0\">ACUERDO por el que se establecen acciones de simplificaci\u00f3n para tr\u00e1mites que se realizan ante la Comisi\u00f3n Federal para la Protecci\u00f3n contra Riesgos Sanitarios.<\/a><br \/>\n<strong>Tem\u00e1tica: Avisos de funcionamiento y responsable sanitario.<\/strong><\/p>\n<p><span style=\"color: #ff6600;\"><strong>Lunes 28 de abril de 2025:<\/strong><\/span><\/p>\n<p><a href=\"https:\/\/www.dof.gob.mx\/nota_detalle.php?codigo=5756000&amp;fecha=28\/04\/2025#gsc.tab=0\">ACUERDO por el que se establecen acciones de simplificaci\u00f3n para tr\u00e1mites que se realizan ante la Comisi\u00f3n Federal para la Protecci\u00f3n contra Riesgos Sanitarios (COFEPRIS-01-007-A, COFEPRIS-01-007-B, COFEPRIS-02-001-A y COFEPRIS-02-001-B).<\/a><br \/>\n<strong>Tem\u00e1tica: Certificados de Exportaci\u00f3n y Permisos de Publicidad<br \/>\nObservaciones: No contempla todos los Certificados de Exportaci\u00f3n relacionados (faltan COFEPRIS-01-007-C y COFEPRIS-01-007-D) ni todos los Permisos de Publicidad (falta COFEPRIS-02-001-C)<\/strong><\/p>\n<p><a href=\"https:\/\/www.dof.gob.mx\/nota_detalle.php?codigo=5756001&amp;fecha=28\/04\/2025#gsc.tab=0\">ACUERDO por el que se establecen acciones de simplificaci\u00f3n para tr\u00e1mites que se realizan ante la Comisi\u00f3n Federal para la Protecci\u00f3n contra Riesgos Sanitarios, que en el mismo se se\u00f1alan.<\/a><br \/>\n<strong>Tem\u00e1tica: Protocolos de Investigaci\u00f3n<\/strong><\/p>\n<p><span style=\"color: #ff6600;\"><strong>Viernes 04 de julio de 2025:<\/strong><\/span><\/p>\n<p><a href=\"https:\/\/www.dof.gob.mx\/nota_detalle.php?codigo=5762119&amp;fecha=04\/07\/2025#gsc.tab=0\">ACUERDO por el que se establecen acciones de simplificaci\u00f3n para tr\u00e1mites que se realizan ante la Comisi\u00f3n Federal para la Protecci\u00f3n contra Riesgos Sanitarios.<\/a><br \/>\n<strong>Tem\u00e1tica: Avisos diversos<\/strong><\/p>\n<p><span style=\"color: #ff6600;\"><strong>Lunes 07 de julio de 2025:<\/strong><\/span><\/p>\n<p><a href=\"https:\/\/www.dof.gob.mx\/nota_detalle.php?codigo=5762237&amp;fecha=07\/07\/2025\">ACUERDO por el que se dan a conocer los Listados de dispositivos m\u00e9dicos considerados como de bajo riesgo que requieren registro sanitario, los que no requieren registro sanitario, y de aquellos productos que, por su naturaleza, caracter\u00edsticas propias y uso no se consideran como insumos para la salud y por ende no requieren registro sanitario.<\/a><br \/>\n<strong>Tem\u00e1tica: Reclasificaci\u00f3n de DM de bajo riesgo<br \/>\nObservaciones: No se incorporaron al listado 3 los shampoo\u2019s anticaspa que cumplen con el acuerdo de perfumer\u00eda y belleza.<\/strong><\/p>\n<p><span style=\"color: #ff6600;\"><strong>Viernes 11 de julio de 2025:<\/strong><\/span><\/p>\n<p><a href=\"https:\/\/www.dof.gob.mx\/nota_detalle.php?codigo=5762739&amp;fecha=11\/07\/2025#gsc.tab=0\">ACUERDO por el que se establecen acciones de simplificaci\u00f3n para tr\u00e1mites que se realizan ante la Comisi\u00f3n Federal para la Protecci\u00f3n contra Riesgos Sanitarios.<\/a><br \/>\nTem\u00e1tica: Conversi\u00f3n de tr\u00e1mites (se consideran resoluciones inmediatas para algunas modificaciones y algunos tr\u00e1mites pasaron a ser avisos\/informe).<br \/>\n<strong>Observaciones: Las homoclaves de Plaguicidas y Nutrientes vegetales se multiplicaron en lugar de fusionarse.<\/strong><\/p>\n<p><span style=\"color: #ff6600;\"><strong>Viernes 18 de julio de 2025:<\/strong><\/span><\/p>\n<p><a href=\"https:\/\/www.dof.gob.mx\/nota_detalle.php?codigo=5763319&amp;fecha=18\/07\/2025#gsc.tab=0\">Acuerdo por el que se emiten los Lineamientos generales para la aplicaci\u00f3n de la v\u00eda regulatoria abreviada para el otorgamiento de los registros sanitarios de insumos para la salud en los que se reconocen como equivalentes los requisitos solicitados, pruebas y procedimientos de evaluaci\u00f3n emitidos por autoridades regulatorias de referencia y el programa de precalificaci\u00f3n de la organizaci\u00f3n mundial de la salud.<\/a><br \/>\n<strong>Tem\u00e1tica: Lineamientos para las solicitudes de registro de medicamentos y dispositivos m\u00e9dicos por equivalencia.<\/strong><\/p>\n<p><span style=\"color: #ff6600;\"><strong>11 de agosto de 2025:<\/strong><\/span><\/p>\n<p><a href=\"https:\/\/dof.gob.mx\/nota_detalle.php?codigo=5765148&amp;fecha=11\/08\/2025#gsc.tab=0\">ACUERDO\u00a0por el que se establecen acciones de simplificaci\u00f3n para tr\u00e1mites que se realizan ante la Comisi\u00f3n Federal para la\u00a0Protecci\u00f3n contra Riesgos Sanitarios.<\/a><\/p>\n<p><span style=\"color: #ff6600;\"><strong>27 de octubre de 2025:<\/strong><\/span><\/p>\n<p><a href=\"https:\/\/dof.gob.mx\/nota_detalle.php?codigo=5770657&amp;fecha=22\/10\/2025#gsc.tab=0\">ACUERDO por el que se establecen acciones de simplificaci\u00f3n para tr\u00e1mites que se realizan ante la Comisi\u00f3n Federal para la Protecci\u00f3n contra Riesgos Sanitarios.<\/a><\/p>\n<p><span style=\"color: #ff6600;\"><strong>18 de noviembre de 2025:<\/strong><\/span><\/p>\n<p class=\"Titulo_1\"><a href=\"https:\/\/www.dof.gob.mx\/nota_detalle.php?codigo=5773158&amp;fecha=18\/11\/2025#gsc.tab=0\">ACUERDO\u00a0por el que se establecen acciones de simplificaci\u00f3n para tr\u00e1mites que se realizan ante la Comisi\u00f3n Federal para la\u00a0Protecci\u00f3n contra Riesgos Sanitarios.<\/a><\/p>\n","protected":false},"excerpt":{"rendered":"<p>Jueves 27 de marzo de 2025: ACUERDO por el que se establecen acciones de simplificaci\u00f3n para tr\u00e1mites que se realizan ante la Comisi\u00f3n Federal para la Protecci\u00f3n contra Riesgos Sanitarios. Tem\u00e1tica: Avisos de funcionamiento y responsable sanitario. Lunes 28 de abril de 2025: ACUERDO por el que se establecen acciones de simplificaci\u00f3n para tr\u00e1mites que [&hellip;]<\/p>\n","protected":false},"author":9,"featured_media":0,"parent":0,"menu_order":0,"comment_status":"closed","ping_status":"closed","template":"","meta":{"footnotes":""},"class_list":["post-30842","page","type-page","status-publish","hentry"],"_links":{"self":[{"href":"https:\/\/saludnl.gob.mx\/regulacion-sanitaria\/index.php\/wp-json\/wp\/v2\/pages\/30842","targetHints":{"allow":["GET"]}}],"collection":[{"href":"https:\/\/saludnl.gob.mx\/regulacion-sanitaria\/index.php\/wp-json\/wp\/v2\/pages"}],"about":[{"href":"https:\/\/saludnl.gob.mx\/regulacion-sanitaria\/index.php\/wp-json\/wp\/v2\/types\/page"}],"author":[{"embeddable":true,"href":"https:\/\/saludnl.gob.mx\/regulacion-sanitaria\/index.php\/wp-json\/wp\/v2\/users\/9"}],"replies":[{"embeddable":true,"href":"https:\/\/saludnl.gob.mx\/regulacion-sanitaria\/index.php\/wp-json\/wp\/v2\/comments?post=30842"}],"version-history":[{"count":2,"href":"https:\/\/saludnl.gob.mx\/regulacion-sanitaria\/index.php\/wp-json\/wp\/v2\/pages\/30842\/revisions"}],"predecessor-version":[{"id":31030,"href":"https:\/\/saludnl.gob.mx\/regulacion-sanitaria\/index.php\/wp-json\/wp\/v2\/pages\/30842\/revisions\/31030"}],"wp:attachment":[{"href":"https:\/\/saludnl.gob.mx\/regulacion-sanitaria\/index.php\/wp-json\/wp\/v2\/media?parent=30842"}],"curies":[{"name":"wp","href":"https:\/\/api.w.org\/{rel}","templated":true}]}}