{"id":30796,"date":"2026-01-28T13:50:38","date_gmt":"2026-01-28T19:50:38","guid":{"rendered":"https:\/\/saludnl.gob.mx\/regulacion-sanitaria\/?page_id=30796"},"modified":"2026-03-03T10:04:36","modified_gmt":"2026-03-03T16:04:36","slug":"tramites-salud-ambiental-y-ocupacional","status":"publish","type":"page","link":"https:\/\/saludnl.gob.mx\/regulacion-sanitaria\/index.php\/tramites-salud-ambiental-y-ocupacional\/","title":{"rendered":"Tr\u00e1mites Salud Ambiental y Ocupacional"},"content":{"rendered":"<h5>Aviso de Funcionamiento:<\/h5>\n<ul>\n<li><span class=\"a_GcMg font-feature-liga-off font-feature-clig-off font-feature-calt-off text-decoration-none text-strikethrough-none\">Aviso de funcionamiento y de responsable sanitario del establecimiento de salud ambiental. <a href=\"https:\/\/drive.google.com\/file\/d\/12h8Bvq3OSyT8EieRHOJ7O7FrNow1Esj-\/view?usp=sharing\">COFEPRIS-05-023<\/a><\/span><\/li>\n<li><span class=\"a_GcMg font-feature-liga-off font-feature-clig-off font-feature-calt-off text-decoration-none text-strikethrough-none\">Aviso de Modificaci\u00f3n o Baja al Aviso de Funcionamiento y\/o Responsable Sanitario del Establecimiento de Salud Ambiental. <a href=\"https:\/\/drive.google.com\/file\/d\/1RIZ63vvc68jiI5WbjWuiyyOVYAADPSZw\/view?usp=sharing\">COFEPRIS-05-049<\/a><\/span><\/li>\n<li><span class=\"a_GcMg font-feature-liga-off font-feature-clig-off font-feature-calt-off text-decoration-none text-strikethrough-none\">Aviso de actualizaci\u00f3n de datos del establecimiento que opera con licencia sanitaria para servicios urbanos de fumigaci\u00f3n, desinfecci\u00f3n y control de plagas, establecimiento que formula o fabrica, mezcla o envasa plaguicidas y\/o nutrientes vegetales o establecimiento que fabrica sustancias t\u00f3xicas o peligrosas. <a href=\"https:\/\/drive.google.com\/file\/d\/12-JRBGpH2KxvV4s70vxPTGwmeHZ_gvd8\/view?usp=sharing\">COFEPRIS-05-030<\/a><\/span><\/li>\n<\/ul>\n<h5>Licencia Sanitaria:<\/h5>\n<ul>\n<li>Para establecimientos de plaguicidas, nutrientes vegetales y sustancias t\u00f3xicas o peligrosas. <a href=\"https:\/\/drive.google.com\/file\/d\/1ATjwGMUE_7LZU70XHqVmD07rzOTjmGLt\/view?usp=sharing\">COFEPRIS-05-022-A<\/a><\/li>\n<li>Para responsable sanitario de establecimiento de plaguicidas, nutrientes vegetales y sustancias t\u00f3xicas o peligrosas que operan con licencia sanitaria. <a href=\"https:\/\/drive.google.com\/file\/d\/1RmhUBizfQqzQT_VyGG8SI-fwjI83atlV\/view?usp=sharing\">COFEPRIS-05-040-A<\/a><\/li>\n<li><span class=\"a_GcMg font-feature-liga-off font-feature-clig-off font-feature-calt-off text-decoration-none text-strikethrough-none\">Aviso de modificaci\u00f3n o baja del responsables sanitario del establecimiento de plaguicidas, nutrientes vegetales y sustancias t\u00f3xicas o peligrosas que opera con licencia sanitaria. <a href=\"https:\/\/drive.google.com\/file\/d\/1-bLSnj_sDcrg0l4YqiGjG1KO7OKoRnO_\/view?usp=sharing\">COFEPRIS-05-051<\/a><\/span><\/li>\n<li>Modificaci\u00f3n para establecimientos de plaguicidas, nutrientes vegetales y sustancias t\u00f3xicas o peligrosas <a href=\"https:\/\/drive.google.com\/file\/d\/1Up6Wx9LT6syF57xamMM64hniqOyga5Ft\/view?usp=sharing\">COFEPRIS-05-044<\/a><\/li>\n<li><a href=\"https:\/\/www.gob.mx\/cms\/uploads\/attachment\/file\/494093\/procedimiento_examen.pdf\">Procedimiento y temario<\/a>\u00a0para la presentaci\u00f3n del examen de conocimientos para el responsable sanitario de servicios de control y exterminaci\u00f3n de plagas.<\/li>\n<\/ul>\n<h5>Certificado de condici\u00f3n sanitaria del agua:<\/h5>\n<ul>\n<li>De condici\u00f3n sanitaria de agua para uso y consumo humano incluido pozo de agua para consumo humano o uso industrial. Uso privado\u00a0<a href=\"https:\/\/drive.google.com\/file\/d\/10eXHJI60bT7bkCrVIo1VUFPLFMR00CWF\/view?usp=sharing\">COFEPRIS-07-003-A<\/a><\/li>\n<li>De condici\u00f3n sanitaria de agua para uso y consumo humano incluido pozo de agua para consumo humano o uso industrial. Uso p\u00fablico\u00a0<a href=\"https:\/\/drive.google.com\/file\/d\/12StoSho3soFr4u51JHDM30tbs-WXqH2f\/view?usp=sharing\">COFEPRIS-07-003-B<\/a><\/li>\n<\/ul>\n<h5>Servicios de Sanitizaci\u00f3n:<\/h5>\n<ul>\n<li>A todos aquellos establecimientos interesados en proporcionar el servicio para sanear y\/o desinfectar \u201csanitizar\u201d (excepto fumigaci\u00f3n y\/o aplicaci\u00f3n de plaguicidas), espacios p\u00fablicos y privados.\n<ul>\n<li><a href=\"https:\/\/www.gob.mx\/cofepris\/acciones-y-programas\/servicio-para-sanear-o-desinfectar-sanitizar-excepto-fumigacion-o-aplicacion-de-plaguicidas?state=published\">Ver tr\u00e1mite.<\/a><\/li>\n<li><a href=\"file:\/\/\/C:\/Users\/yesan\/Desktop\/COMUNICADO_DESINFECTANTES_CAS-COS-CEMAR_version_2-julio.pdf\">Descargar el formato Anexo 1.\u00a0<\/a><\/li>\n<\/ul>\n<\/li>\n<\/ul>\n<h5>Oficio Circular:<\/h5>\n<ul>\n<li><a href=\"https:\/\/saludnl.gob.mx\/regulacion-sanitaria\/?smd_process_download=1&amp;download_id=13729\">Aviso de traslados<\/a><\/li>\n<li><a href=\"https:\/\/saludnl.gob.mx\/regulacion-sanitaria\/index.php\/sdm_downloads\/ssa-06-005-formato-traslados\/\">Formato de traslados<\/a><\/li>\n<\/ul>\n<p>\u00a0<\/p>\n\n\n<\/p>\n<h3 class=\"wp-block-heading\">Formatos Vigentes:<\/h3>\n<p>\n\n\n\n<\/p>\n<ul class=\"wp-block-list\">\n\n<li><a href=\"https:\/\/www.gob.mx\/cofepris\/acciones-y-programas\/formatos-vigentes?idiom=es\">Los formatos presentados en esta p\u00e1gina son los vigentes (Actualizaci\u00f3n enero 2026) <\/a><\/li>\n\n<\/ul>\n<p>\n\n\n<\/p>\n\n\n<figure class=\"wp-block-image size-large\"><a href=\"https:\/\/saludnl.gob.mx\/regulacion-sanitaria\/index.php\/citas\/\"><img loading=\"lazy\" decoding=\"async\" width=\"1024\" height=\"85\" src=\"https:\/\/saludnl.gob.mx\/regulacion-sanitaria\/wp-content\/uploads\/2026\/01\/Diapositiva1-1-1024x85.png\" alt=\"\" class=\"wp-image-30804\" srcset=\"https:\/\/saludnl.gob.mx\/regulacion-sanitaria\/wp-content\/uploads\/2026\/01\/Diapositiva1-1-1024x85.png 1024w, https:\/\/saludnl.gob.mx\/regulacion-sanitaria\/wp-content\/uploads\/2026\/01\/Diapositiva1-1-300x25.png 300w, https:\/\/saludnl.gob.mx\/regulacion-sanitaria\/wp-content\/uploads\/2026\/01\/Diapositiva1-1-768x64.png 768w, https:\/\/saludnl.gob.mx\/regulacion-sanitaria\/wp-content\/uploads\/2026\/01\/Diapositiva1-1.png 1200w\" sizes=\"auto, (max-width: 1024px) 100vw, 1024px\" \/><\/a><\/figure>\n\n\n\n<p><\/p>\n","protected":false},"excerpt":{"rendered":"<p>Aviso de Funcionamiento: Aviso de funcionamiento y de responsable sanitario del establecimiento de salud ambiental. COFEPRIS-05-023 Aviso de Modificaci\u00f3n o Baja al Aviso de Funcionamiento y\/o Responsable Sanitario del Establecimiento de Salud Ambiental. COFEPRIS-05-049 Aviso de actualizaci\u00f3n de datos del establecimiento que opera con licencia sanitaria para servicios urbanos de fumigaci\u00f3n, desinfecci\u00f3n y control de [&hellip;]<\/p>\n","protected":false},"author":9,"featured_media":0,"parent":0,"menu_order":0,"comment_status":"closed","ping_status":"closed","template":"","meta":{"footnotes":""},"class_list":["post-30796","page","type-page","status-publish","hentry"],"_links":{"self":[{"href":"https:\/\/saludnl.gob.mx\/regulacion-sanitaria\/index.php\/wp-json\/wp\/v2\/pages\/30796","targetHints":{"allow":["GET"]}}],"collection":[{"href":"https:\/\/saludnl.gob.mx\/regulacion-sanitaria\/index.php\/wp-json\/wp\/v2\/pages"}],"about":[{"href":"https:\/\/saludnl.gob.mx\/regulacion-sanitaria\/index.php\/wp-json\/wp\/v2\/types\/page"}],"author":[{"embeddable":true,"href":"https:\/\/saludnl.gob.mx\/regulacion-sanitaria\/index.php\/wp-json\/wp\/v2\/users\/9"}],"replies":[{"embeddable":true,"href":"https:\/\/saludnl.gob.mx\/regulacion-sanitaria\/index.php\/wp-json\/wp\/v2\/comments?post=30796"}],"version-history":[{"count":4,"href":"https:\/\/saludnl.gob.mx\/regulacion-sanitaria\/index.php\/wp-json\/wp\/v2\/pages\/30796\/revisions"}],"predecessor-version":[{"id":31096,"href":"https:\/\/saludnl.gob.mx\/regulacion-sanitaria\/index.php\/wp-json\/wp\/v2\/pages\/30796\/revisions\/31096"}],"wp:attachment":[{"href":"https:\/\/saludnl.gob.mx\/regulacion-sanitaria\/index.php\/wp-json\/wp\/v2\/media?parent=30796"}],"curies":[{"name":"wp","href":"https:\/\/api.w.org\/{rel}","templated":true}]}}