{"id":1886,"date":"2020-04-04T19:09:25","date_gmt":"2020-04-05T01:09:25","guid":{"rendered":"http:\/\/saludnl.gob.mx\/regulacion-sanitaria\/?page_id=1886"},"modified":"2020-05-12T19:52:31","modified_gmt":"2020-05-13T00:52:31","slug":"acciones-estrategicas","status":"publish","type":"page","link":"https:\/\/saludnl.gob.mx\/regulacion-sanitaria\/index.php\/acciones-estrategicas\/","title":{"rendered":"Acciones Estrat\u00e9gicas de la Subsecretar\u00eda de Regulaci\u00f3n y Fomento Sanitario"},"content":{"rendered":"\n<div class=\"wp-block-group\"><div class=\"wp-block-group__inner-container is-layout-flow wp-block-group-is-layout-flow\">\n<p>La Subsecretar\u00eda de Regulaci\u00f3n y Fomento Sanitario perteneciente a la Secretar\u00eda de Salud del Estado es la autoridad sanitaria en Nuevo Le\u00f3n con las competencias para realizar el control sanitario de productos y servicios a fin de proteger la salud de la poblaci\u00f3n en acuerdo con la Comisi\u00f3n Federal de Protecci\u00f3n contra Riesgos Sanitarios.<\/p>\n\n\n\n<figure class=\"wp-block-video\"><video height=\"670\" style=\"aspect-ratio: 1200 \/ 670;\" width=\"1200\" controls src=\"http:\/\/saludnl.gob.mx\/regulacion-sanitaria\/wp-content\/uploads\/2020\/05\/VIDEO-1.mp4\"><\/video><\/figure>\n\n\n\n<div id=\"metaslider-id-1860\" style=\"width: 100%;\" class=\"ml-slider-3-98-0 metaslider metaslider-flex metaslider-1860 ml-slider ms-theme-outline has-dots-nav\" role=\"region\" aria-roledescription=\"Slideshow\" aria-label=\"Acciones COVID-19 SRFS\" data-width=\"1200\">\n    <div id=\"metaslider_container_1860\">\n        <div id=\"metaslider_1860\" class=\"flexslider\">\n            <ul class='slides'>\n                <li style=\"display: block; width: 100%;\" class=\"slide-1914 ms-image \" aria-roledescription=\"slide\" aria-label=\"slide-1914\" data-date=\"2020-04-04 19:35:37\"><img loading=\"lazy\" decoding=\"async\" src=\"https:\/\/saludnl.gob.mx\/regulacion-sanitaria\/wp-content\/uploads\/2020\/04\/1.png\" height=\"400\" width=\"1200\" alt=\"\" class=\"slider-1860 slide-1914\" title=\"1\" \/><\/li>\n                <li style=\"display: none; width: 100%;\" class=\"slide-1915 ms-image \" aria-roledescription=\"slide\" aria-label=\"slide-1915\" data-date=\"2020-04-04 19:35:37\"><img loading=\"lazy\" decoding=\"async\" src=\"https:\/\/saludnl.gob.mx\/regulacion-sanitaria\/wp-content\/uploads\/2020\/04\/2.png\" height=\"400\" width=\"1200\" alt=\"\" class=\"slider-1860 slide-1915\" title=\"2\" \/><\/li>\n                <li style=\"display: none; width: 100%;\" class=\"slide-1916 ms-image \" aria-roledescription=\"slide\" aria-label=\"slide-1916\" data-date=\"2020-04-04 19:35:38\"><img loading=\"lazy\" decoding=\"async\" src=\"https:\/\/saludnl.gob.mx\/regulacion-sanitaria\/wp-content\/uploads\/2020\/04\/3.png\" height=\"400\" width=\"1200\" alt=\"\" class=\"slider-1860 slide-1916\" title=\"3\" \/><\/li>\n                <li style=\"display: none; width: 100%;\" class=\"slide-1917 ms-image \" aria-roledescription=\"slide\" aria-label=\"slide-1917\" data-date=\"2020-04-04 19:35:38\"><img loading=\"lazy\" decoding=\"async\" src=\"https:\/\/saludnl.gob.mx\/regulacion-sanitaria\/wp-content\/uploads\/2020\/04\/4.png\" height=\"400\" width=\"1200\" alt=\"\" class=\"slider-1860 slide-1917\" title=\"4\" \/><\/li>\n                <li style=\"display: none; width: 100%;\" class=\"slide-1918 ms-image \" aria-roledescription=\"slide\" aria-label=\"slide-1918\" data-date=\"2020-04-04 19:35:38\"><img loading=\"lazy\" decoding=\"async\" src=\"https:\/\/saludnl.gob.mx\/regulacion-sanitaria\/wp-content\/uploads\/2020\/04\/5.png\" height=\"400\" width=\"1200\" alt=\"\" class=\"slider-1860 slide-1918\" title=\"5\" \/><\/li>\n                <li style=\"display: none; width: 100%;\" class=\"slide-1919 ms-image \" aria-roledescription=\"slide\" aria-label=\"slide-1919\" data-date=\"2020-04-04 19:35:38\"><img loading=\"lazy\" decoding=\"async\" src=\"https:\/\/saludnl.gob.mx\/regulacion-sanitaria\/wp-content\/uploads\/2020\/04\/6.png\" height=\"400\" width=\"1200\" alt=\"\" class=\"slider-1860 slide-1919\" title=\"6\" \/><\/li>\n                <li style=\"display: none; width: 100%;\" class=\"slide-1920 ms-image \" aria-roledescription=\"slide\" aria-label=\"slide-1920\" data-date=\"2020-04-04 19:35:38\"><img loading=\"lazy\" decoding=\"async\" src=\"https:\/\/saludnl.gob.mx\/regulacion-sanitaria\/wp-content\/uploads\/2020\/04\/7.png\" height=\"400\" width=\"1200\" alt=\"\" class=\"slider-1860 slide-1920\" title=\"7\" \/><\/li>\n            <\/ul>\n        <\/div>\n        \n    <\/div>\n<\/div>\n\n\n\n<p><\/p>\n\n\n\n<p>Ante la emergencia por COVID-19, declarada por el Consejo de Salubridad General, esta Subsecretar\u00eda contin\u00faa desplegando su operaci\u00f3n en el estado, con prioridad en las acciones estrat\u00e9gicas que coadyuvan en la atenci\u00f3n de esta emergencia.<\/p>\n\n\n\n<p>Las acciones de fomento sanitario incluyen la entrega de gel antibacterial y material de difusi\u00f3n en centros de distribuci\u00f3n de alimentos, en el Centro Integral de Servicios se puso a disposici\u00f3n de los usuarios una plataforma de comunicaci\u00f3n virtual para la asesor\u00eda de tr\u00e1mites a fin de procurar la sana distancia y disminuir en lo posible el desplazamiento de los usuarios, cabe se\u00f1alar que nuestra ventanilla de ingreso de documentaci\u00f3n contin\u00faa operando para los tr\u00e1mites prioritarios en horario de 8:00 a 16:00 horas.<\/p>\n\n\n\n<p>Las acciones de control sanitario se est\u00e1n desarrollando de manera objetiva, dirigido a los giros esenciales y con mayor riesgo sanitario.<\/p>\n\n\n\n<p><strong>En relaci\u00f3n con los insumos de salud<\/strong>&nbsp;se est\u00e1n realizando acciones estrat\u00e9gicas en farmacias, fomentando en cada visita las acciones preventivas, donde hasta la segunda quincena del mes de marzo se realizaron 30 vistas. As\u00ed mismo, el personal dictaminador se encuentra laborando al 100%, dando seguimiento a los tramites ingresados por ventanilla en el estado y los tr\u00e1mites realizados en la VUCEM para los cuales est\u00e1 facultado el estado.<\/p>\n\n\n\n<p><strong>En relaci\u00f3n con los servicios de salud<\/strong>&nbsp;brindados en el estado, se est\u00e1 realizando verificaci\u00f3n sanitaria de los laboratorios que ofertan la prueba r\u00e1pida de COVID-19, con el objetivo de garantizar la confiabilidad de los resultados de las pruebas y evitar falsos positivos o negativos, as\u00ed como garantizar que dichas pruebas tengan el registro sanitario ante COFEPRIS.<\/p>\n\n\n\n<ul class=\"wp-block-list\"><li>Se realiza vigilancia sanitaria a los grupos vulnerables como asilos, guarder\u00edas y centros de adicciones. As\u00ed como a los establecimientos que ofertan otros servicios de salud, a fin de verificar se lleven a cabo medidas preventivas para contener el contagio comunitario.<\/li><li>Se realiz\u00f3 recomendaciones v\u00eda oficio de las medidas preventivas a funerarias con el fin de evitar el contagio y salvaguardar la salud de la poblaci\u00f3n.<\/li><\/ul>\n\n\n\n<p>En dichas acciones de vigilancia sanitaria se han ido identificando las siguientes acciones por parte de los prestadores de servicio:<\/p>\n\n\n\n<ul class=\"wp-block-list\"><li>Filtro de acceso instalados (calzado de botas, cubre bocas, gorro).<\/li><li>No se permite el acceso a personas s\u00f3lo en caso de emergencia, se proh\u00edben las visitas.<\/li><li>Personal de la salud porta equipos de protecci\u00f3n acorde a las actividades realizadas.<\/li><li>Se realiza lavado de manos.<\/li><li>Cuentan con dispensadores de gel antibacterial.<\/li><li>Distanciamiento social.<\/li><li>Estornudo de etiqueta.<\/li><li>Aseo de superficie comunes.<\/li><li>Cambio de ropa<\/li><\/ul>\n\n\n\n<p>Laboratorios que cuentan con procesamiento de prueba para COVID-19:<\/p>\n\n\n\n<ul class=\"wp-block-list\"><li>Hospital San Jos\u00e9 (1)<\/li><li>Hospital Christus Muguerza (1)<\/li><li>Hospital Universitario (2)<\/li><li>Universidad de Monterrey (1)<\/li><li>Patolog\u00eda Gen\u00e9tica Molecular (1)<\/li><li>CIBIN Laboratorio de Apoyo a la Vigilancia Epidemiol\u00f3gica del Centro de Investigaci\u00f3n Biom\u00e9dica del Noreste. (1)<\/li><li>Hospital y Cl\u00ednica OCA (1)<\/li><li>Alfa JMG Medical Center<\/li><li>Laboratorio Estatal de Salud P\u00fablica debe de confirmar el diagn\u00f3stico.<\/li><\/ul>\n\n\n\n<p>Laboratorios privados cuentan con servicio de toma de muestra:<\/p>\n\n\n\n<ul class=\"wp-block-list\"><li>Operadora de Hospitales \u00c1ngeles (1)<\/li><li>Zambrano Hellion (1)<\/li><li>*Swisslab (1)<\/li><li>*Moreira (1)<\/li><li>*Muguerza Cl\u00ednica Vidriera (1)<\/li><\/ul>\n\n\n\n<p>Laboratorio Estatal de Salud P\u00fablica debe de confirmar el diagn\u00f3stico.<\/p>\n\n\n\n<p>*Servicio a domicilio<\/p>\n\n\n\n<p>Se est\u00e1n realizando visitas de verificaci\u00f3n sanitaria en materia de&nbsp;<strong>salud ambiental y ocupacional<\/strong>&nbsp;en apoyo a las medidas de prevenci\u00f3n para COVID-19. Atenci\u00f3n de denuncias a establecimientos que no cuentan con las medidas sanitarias de prevenci\u00f3n como son filtro, toma de temperatura, cuestionarios m\u00e9dicos (si presentan tos, fiebre, dolor de cabeza, etc\u00e9tera)<\/p>\n\n\n\n<p>Debido a un auge en las llamadas solicitando informaci\u00f3n respecto a los servicios de sanitizaci\u00f3n y control de plagas, contin\u00faa con el seguimiento a los tr\u00e1mites de Licencia Sanitaria para garantizar que dichos establecimientos cuenten con los conocimientos sanitarios para otorgar servicios de fumigaci\u00f3n.<\/p>\n\n\n\n<p>Finalmente, como parte de las acciones estrat\u00e9gicas por la emergencia sanitaria de COVID-19 y apoyar a la econom\u00eda del pa\u00eds, as\u00ed como al sector comercial, la Subsecretar\u00eda de Regulaci\u00f3n y Fomento Sanitario contin\u00faa con la emisi\u00f3n de Permisos Sanitarios Previos de Importaci\u00f3n, Avisos Sanitarios de Importaci\u00f3n de Productos y Certificados para Apoyo a la Exportaci\u00f3n en materia de productos prioritarios para atender la contingencia sanitaria.<\/p>\n\n\n\n<p>Los tr\u00e1mites de Permisos Sanitarios Previos de Importaci\u00f3n y Avisos Sanitarios de Importaci\u00f3n de Productos pueden realizarse de manera electr\u00f3nica mediante la Ventanilla \u00danica de Comercio Exterior Mexicano (VUCEM) conforme lo establecido en el ACUERDO por el que se modifica el diverso por el que se dan a conocer los tr\u00e1mites que aplica la Secretar\u00eda de Salud, a trav\u00e9s de la Comisi\u00f3n Federal para la Protecci\u00f3n contra Riesgos Sanitarios inscritos en el Registro Federal de Tr\u00e1mites y Servicios de la Comisi\u00f3n Federal de Mejora Regulatoria que podr\u00e1n realizarse en t\u00e9rminos del Decreto por el que se establece la Ventanilla Digital Mexicana de Comercio Exterior, publicado el 14 de enero de 2011, publicado el 16 de noviembre de 2012 (D.O.F. 02 de septiembre de 2019).<\/p>\n\n\n\n<p><\/p>\n<\/div><\/div>\n","protected":false},"excerpt":{"rendered":"<p>La Subsecretar\u00eda de Regulaci\u00f3n y Fomento Sanitario perteneciente a la Secretar\u00eda de Salud del Estado es la autoridad sanitaria en Nuevo Le\u00f3n con las competencias para realizar el control sanitario de productos y servicios a fin de proteger la salud de la poblaci\u00f3n en acuerdo con la Comisi\u00f3n Federal de Protecci\u00f3n contra Riesgos Sanitarios. Ante [&hellip;]<\/p>\n","protected":false},"author":5,"featured_media":0,"parent":0,"menu_order":0,"comment_status":"closed","ping_status":"closed","template":"","meta":{"footnotes":""},"class_list":["post-1886","page","type-page","status-publish","hentry"],"_links":{"self":[{"href":"https:\/\/saludnl.gob.mx\/regulacion-sanitaria\/index.php\/wp-json\/wp\/v2\/pages\/1886","targetHints":{"allow":["GET"]}}],"collection":[{"href":"https:\/\/saludnl.gob.mx\/regulacion-sanitaria\/index.php\/wp-json\/wp\/v2\/pages"}],"about":[{"href":"https:\/\/saludnl.gob.mx\/regulacion-sanitaria\/index.php\/wp-json\/wp\/v2\/types\/page"}],"author":[{"embeddable":true,"href":"https:\/\/saludnl.gob.mx\/regulacion-sanitaria\/index.php\/wp-json\/wp\/v2\/users\/5"}],"replies":[{"embeddable":true,"href":"https:\/\/saludnl.gob.mx\/regulacion-sanitaria\/index.php\/wp-json\/wp\/v2\/comments?post=1886"}],"version-history":[{"count":9,"href":"https:\/\/saludnl.gob.mx\/regulacion-sanitaria\/index.php\/wp-json\/wp\/v2\/pages\/1886\/revisions"}],"predecessor-version":[{"id":2113,"href":"https:\/\/saludnl.gob.mx\/regulacion-sanitaria\/index.php\/wp-json\/wp\/v2\/pages\/1886\/revisions\/2113"}],"wp:attachment":[{"href":"https:\/\/saludnl.gob.mx\/regulacion-sanitaria\/index.php\/wp-json\/wp\/v2\/media?parent=1886"}],"curies":[{"name":"wp","href":"https:\/\/api.w.org\/{rel}","templated":true}]}}