{"id":18718,"date":"2024-01-23T15:17:08","date_gmt":"2024-01-23T21:17:08","guid":{"rendered":"https:\/\/saludnl.gob.mx\/regulacion-sanitaria\/?page_id=18718"},"modified":"2024-01-24T11:09:17","modified_gmt":"2024-01-24T17:09:17","slug":"curso-regulacion-sanitaria-en-guarderias-y-estancias-infantiles","status":"publish","type":"page","link":"https:\/\/saludnl.gob.mx\/regulacion-sanitaria\/index.php\/curso-regulacion-sanitaria-en-guarderias-y-estancias-infantiles\/","title":{"rendered":"Curso Regulaci\u00f3n Sanitaria en guarder\u00edas y estancias infantiles"},"content":{"rendered":"<div class=\"wp-block-image\">\n<figure class=\"aligncenter size-large is-resized\"><img loading=\"lazy\" decoding=\"async\" width=\"1024\" height=\"683\" src=\"https:\/\/saludnl.gob.mx\/regulacion-sanitaria\/wp-content\/uploads\/2024\/01\/nino-mama-jugando-colorido-kit-construccion-1024x683.jpg\" alt=\"\" class=\"wp-image-18721\" style=\"width:730px;height:auto\" srcset=\"https:\/\/saludnl.gob.mx\/regulacion-sanitaria\/wp-content\/uploads\/2024\/01\/nino-mama-jugando-colorido-kit-construccion-1024x683.jpg 1024w, https:\/\/saludnl.gob.mx\/regulacion-sanitaria\/wp-content\/uploads\/2024\/01\/nino-mama-jugando-colorido-kit-construccion-300x200.jpg 300w, https:\/\/saludnl.gob.mx\/regulacion-sanitaria\/wp-content\/uploads\/2024\/01\/nino-mama-jugando-colorido-kit-construccion-768x512.jpg 768w, https:\/\/saludnl.gob.mx\/regulacion-sanitaria\/wp-content\/uploads\/2024\/01\/nino-mama-jugando-colorido-kit-construccion-1536x1024.jpg 1536w, https:\/\/saludnl.gob.mx\/regulacion-sanitaria\/wp-content\/uploads\/2024\/01\/nino-mama-jugando-colorido-kit-construccion-2048x1365.jpg 2048w, https:\/\/saludnl.gob.mx\/regulacion-sanitaria\/wp-content\/uploads\/2024\/01\/nino-mama-jugando-colorido-kit-construccion-272x182.jpg 272w\" sizes=\"auto, (max-width: 1024px) 100vw, 1024px\" \/><\/figure>\n<\/div>\n\n\n<p><\/p>\n\n\n\n<div class=\"wp-block-group is-content-justification-space-between is-nowrap is-layout-flex wp-container-core-group-is-layout-0dfbf163 wp-block-group-is-layout-flex\">\n<figure class=\"wp-block-image size-full is-resized\"><img loading=\"lazy\" decoding=\"async\" width=\"512\" height=\"512\" src=\"https:\/\/saludnl.gob.mx\/regulacion-sanitaria\/wp-content\/uploads\/2024\/01\/topologia-5.png\" alt=\"\" class=\"wp-image-18348\" style=\"width:62px;height:auto\" srcset=\"https:\/\/saludnl.gob.mx\/regulacion-sanitaria\/wp-content\/uploads\/2024\/01\/topologia-5.png 512w, https:\/\/saludnl.gob.mx\/regulacion-sanitaria\/wp-content\/uploads\/2024\/01\/topologia-5-300x300.png 300w, https:\/\/saludnl.gob.mx\/regulacion-sanitaria\/wp-content\/uploads\/2024\/01\/topologia-5-150x150.png 150w\" sizes=\"auto, (max-width: 512px) 100vw, 512px\" \/><figcaption class=\"wp-element-caption\">\u00c1rea: Servicios de Salud<\/figcaption><\/figure>\n\n\n\n<figure class=\"wp-block-image size-full is-resized\"><img loading=\"lazy\" decoding=\"async\" width=\"512\" height=\"512\" src=\"https:\/\/saludnl.gob.mx\/regulacion-sanitaria\/wp-content\/uploads\/2024\/01\/clock_9627872-2.png\" alt=\"\" class=\"wp-image-18349\" style=\"width:62px;height:auto\" srcset=\"https:\/\/saludnl.gob.mx\/regulacion-sanitaria\/wp-content\/uploads\/2024\/01\/clock_9627872-2.png 512w, https:\/\/saludnl.gob.mx\/regulacion-sanitaria\/wp-content\/uploads\/2024\/01\/clock_9627872-2-300x300.png 300w, https:\/\/saludnl.gob.mx\/regulacion-sanitaria\/wp-content\/uploads\/2024\/01\/clock_9627872-2-150x150.png 150w\" sizes=\"auto, (max-width: 512px) 100vw, 512px\" \/><figcaption class=\"wp-element-caption\">Duraci\u00f3n: 1 hora<\/figcaption><\/figure>\n\n\n\n<figure class=\"wp-block-image size-full is-resized\"><img loading=\"lazy\" decoding=\"async\" width=\"512\" height=\"512\" src=\"https:\/\/saludnl.gob.mx\/regulacion-sanitaria\/wp-content\/uploads\/2024\/01\/search_7929485-3.png\" alt=\"\" class=\"wp-image-18351\" style=\"width:60px;height:auto\" srcset=\"https:\/\/saludnl.gob.mx\/regulacion-sanitaria\/wp-content\/uploads\/2024\/01\/search_7929485-3.png 512w, https:\/\/saludnl.gob.mx\/regulacion-sanitaria\/wp-content\/uploads\/2024\/01\/search_7929485-3-300x300.png 300w, https:\/\/saludnl.gob.mx\/regulacion-sanitaria\/wp-content\/uploads\/2024\/01\/search_7929485-3-150x150.png 150w\" sizes=\"auto, (max-width: 512px) 100vw, 512px\" \/><figcaption class=\"wp-element-caption\">Modalidad: Online en vivo o Presencial<\/figcaption><\/figure>\n<\/div>\n\n\n<h3><span style=\"color: #b4894b;\">Objetivo del curso<\/span><\/h3>\n<ul>\n<li><span style=\"font-weight: 400;\">Desarrollar y transparentar los lineamientos a seguir por parte de las guarder\u00edas y estancias infantiles para dar cumplimiento a las regulaciones sanitarias vigentes. Ser herramienta b\u00e1sica para empleados de estos establecimientos, profesionales ,padres de familia,\u00a0 autoridades sanitarias y acad\u00e9micos en su quehacer diario.<\/span><\/li>\n<\/ul>\n<h3><span style=\"color: #b4894b;\">Dirigido a<\/span><\/h3>\n<ul>\n<li>Propietarios y personal de guarder\u00edas y estancias infantiles<\/li>\n<\/ul>\n<h3><span style=\"color: #b4894b;\">Temario<\/span><\/h3>\n<ul>\n<li><strong>M\u00f3dulo 1: Disposiciones generales<\/strong>\n<ul>\n<li><span style=\"font-weight: 400;\">Conceptos b\u00e1sicos<\/span><\/li>\n<li>Documentaci\u00f3n<\/li>\n<li>Atenci\u00f3n m\u00e9dica<\/li>\n<li>Capacitaci\u00f3n<\/li>\n<li>Trabajo social<\/li>\n<\/ul>\n<\/li>\n<li><strong>M\u00f3dulo 2: Tr\u00e1mites DIGIPRIS\u00a0<\/strong>\n<ul>\n<li>Responsable sanitario<\/li>\n<li>Tr\u00e1mites administrativos<\/li>\n<\/ul>\n<\/li>\n<li><strong>M\u00f3dulo 3: Infraestructura y seguridad<\/strong>\n<ul>\n<li><span style=\"font-weight: 400;\">Instalaciones <\/span><\/li>\n<li>Servicios<\/li>\n<li><span style=\"font-weight: 400;\">Medidas de seguridad y protecci\u00f3n civil para establecimientos o espacios que presten servicios de asistencia social a ni\u00f1os, ni\u00f1as y adolescentes.<\/span><\/li>\n<\/ul>\n<\/li>\n<li><strong>M\u00f3dulo 4: Medidas de prevenci\u00f3n COVID-19<\/strong>\n<ul>\n<li><span style=\"font-weight: 400;\">Salud e Higiene del personal<\/span><\/li>\n<li>Medidas sanitarias<\/li>\n<li><span style=\"font-weight: 400;\">\u00bfQu\u00e9 hacer en caso de que durante la jornada laboral, se identifique un caso sospechoso?<\/span><\/li>\n<\/ul>\n<\/li>\n<\/ul>\n<h3><span style=\"color: #b4894b;\">Informaci\u00f3n general<\/span><\/h3>\n<ul>\n<li>El m\u00ednimo de participantes para que se imparta la capacitaci\u00f3n deber\u00e1 ser de 15 personas. Si llegado el momento de la impartici\u00f3n, el grupo es menor a esa cantidad de participantes, el evento ser\u00e1 cancelado por parte de la Autoridad.<\/li>\n<li>En caso de que la parte interesada llegase a cancelar el evento presencial sin previo aviso, se penalizar\u00e1 con la reprogramaci\u00f3n del mismo realiz\u00e1ndose en modalidad virtual.<\/li>\n<li>La recepci\u00f3n de las solicitudes de actividades de capacitaci\u00f3n podr\u00e1 ser realizada en <strong>electr\u00f3nico<\/strong> o <strong>f\u00edsico<\/strong> a trav\u00e9s de un <strong>escrito libre<\/strong>.\u00a0<\/li>\n<li>En caso de presentarla por medio electr\u00f3nico se enviar\u00e1 al correo: <span style=\"color: #00ccff;\">contacto.regulaci\u00f3nsanitaria@saludnl.gob.mx\u00a0<\/span><\/li>\n<li>La solicitud presentada se responder\u00e1 en un m\u00e1ximo de 48 horas en relaci\u00f3n a la viabilidad del evento solicitado.<\/li>\n<\/ul>\n\n<div class=\"sdm_download_button_box_default\"><div class=\"sdm_download_link\"><a href=\"https:\/\/saludnl.gob.mx\/regulacion-sanitaria\/?sdm_process_download=1&download_id=18208\" class=\"sdm_download blue\" title=\"\" >Descargar Solicitud<\/a><\/div><\/div>\n\n\n<div class=\"sdm_download_button_box_default\"><div class=\"sdm_download_link\"><a href=\"https:\/\/saludnl.gob.mx\/regulacion-sanitaria\/?sdm_process_download=1&download_id=18268\" class=\"sdm_download blue\" title=\"\" >Gu\u00eda para escrito libre<\/a><\/div><\/div>\n","protected":false},"excerpt":{"rendered":"<p>Objetivo del curso Desarrollar y transparentar los lineamientos a seguir por parte de las guarder\u00edas y estancias infantiles para dar cumplimiento a las regulaciones sanitarias vigentes. Ser herramienta b\u00e1sica para empleados de estos establecimientos, profesionales ,padres de familia,\u00a0 autoridades sanitarias y acad\u00e9micos en su quehacer diario. Dirigido a Propietarios y personal de guarder\u00edas y estancias [&hellip;]<\/p>\n","protected":false},"author":5,"featured_media":0,"parent":0,"menu_order":0,"comment_status":"closed","ping_status":"closed","template":"","meta":{"footnotes":""},"class_list":["post-18718","page","type-page","status-publish","hentry"],"_links":{"self":[{"href":"https:\/\/saludnl.gob.mx\/regulacion-sanitaria\/index.php\/wp-json\/wp\/v2\/pages\/18718","targetHints":{"allow":["GET"]}}],"collection":[{"href":"https:\/\/saludnl.gob.mx\/regulacion-sanitaria\/index.php\/wp-json\/wp\/v2\/pages"}],"about":[{"href":"https:\/\/saludnl.gob.mx\/regulacion-sanitaria\/index.php\/wp-json\/wp\/v2\/types\/page"}],"author":[{"embeddable":true,"href":"https:\/\/saludnl.gob.mx\/regulacion-sanitaria\/index.php\/wp-json\/wp\/v2\/users\/5"}],"replies":[{"embeddable":true,"href":"https:\/\/saludnl.gob.mx\/regulacion-sanitaria\/index.php\/wp-json\/wp\/v2\/comments?post=18718"}],"version-history":[{"count":7,"href":"https:\/\/saludnl.gob.mx\/regulacion-sanitaria\/index.php\/wp-json\/wp\/v2\/pages\/18718\/revisions"}],"predecessor-version":[{"id":18745,"href":"https:\/\/saludnl.gob.mx\/regulacion-sanitaria\/index.php\/wp-json\/wp\/v2\/pages\/18718\/revisions\/18745"}],"wp:attachment":[{"href":"https:\/\/saludnl.gob.mx\/regulacion-sanitaria\/index.php\/wp-json\/wp\/v2\/media?parent=18718"}],"curies":[{"name":"wp","href":"https:\/\/api.w.org\/{rel}","templated":true}]}}

Curso Regulación Sanitaria en guarderías y estancias infantiles

<div class="wp-block-image">
<figure class="aligncenter size-large is-resized"><img loading="lazy" decoding="async" width="1024" height="683" src="https://saludnl.gob.mx/regulacion-sanitaria/wp-content/uploads/2024/01/nino-mama-jugando-colorido-kit-construccion-1024x683.jpg" alt="" class="wp-image-18721" style="width:730px;height:auto" srcset="https://saludnl.gob.mx/regulacion-sanitaria/wp-content/uploads/2024/01/nino-mama-jugando-colorido-kit-construccion-1024x683.jpg 1024w, https://saludnl.gob.mx/regulacion-sanitaria/wp-content/uploads/2024/01/nino-mama-jugando-colorido-kit-construccion-300x200.jpg 300w, https://saludnl.gob.mx/regulacion-sanitaria/wp-content/uploads/2024/01/nino-mama-jugando-colorido-kit-construccion-768x512.jpg 768w, https://saludnl.gob.mx/regulacion-sanitaria/wp-content/uploads/2024/01/nino-mama-jugando-colorido-kit-construccion-1536x1024.jpg 1536w, https://saludnl.gob.mx/regulacion-sanitaria/wp-content/uploads/2024/01/nino-mama-jugando-colorido-kit-construccion-2048x1365.jpg 2048w, https://saludnl.gob.mx/regulacion-sanitaria/wp-content/uploads/2024/01/nino-mama-jugando-colorido-kit-construccion-272x182.jpg 272w" sizes="auto, (max-width: 1024px) 100vw, 1024px" /></figure>
</div>


<p></p>



<div class="wp-block-group is-content-justification-space-between is-nowrap is-layout-flex wp-container-core-group-is-layout-0dfbf163 wp-block-group-is-layout-flex">
<figure class="wp-block-image size-full is-resized"><img loading="lazy" decoding="async" width="512" height="512" src="https://saludnl.gob.mx/regulacion-sanitaria/wp-content/uploads/2024/01/topologia-5.png" alt="" class="wp-image-18348" style="width:62px;height:auto" srcset="https://saludnl.gob.mx/regulacion-sanitaria/wp-content/uploads/2024/01/topologia-5.png 512w, https://saludnl.gob.mx/regulacion-sanitaria/wp-content/uploads/2024/01/topologia-5-300x300.png 300w, https://saludnl.gob.mx/regulacion-sanitaria/wp-content/uploads/2024/01/topologia-5-150x150.png 150w" sizes="auto, (max-width: 512px) 100vw, 512px" /><figcaption class="wp-element-caption">Área: Servicios de Salud</figcaption></figure>



<figure class="wp-block-image size-full is-resized"><img loading="lazy" decoding="async" width="512" height="512" src="https://saludnl.gob.mx/regulacion-sanitaria/wp-content/uploads/2024/01/clock_9627872-2.png" alt="" class="wp-image-18349" style="width:62px;height:auto" srcset="https://saludnl.gob.mx/regulacion-sanitaria/wp-content/uploads/2024/01/clock_9627872-2.png 512w, https://saludnl.gob.mx/regulacion-sanitaria/wp-content/uploads/2024/01/clock_9627872-2-300x300.png 300w, https://saludnl.gob.mx/regulacion-sanitaria/wp-content/uploads/2024/01/clock_9627872-2-150x150.png 150w" sizes="auto, (max-width: 512px) 100vw, 512px" /><figcaption class="wp-element-caption">Duración: 1 hora</figcaption></figure>



<figure class="wp-block-image size-full is-resized"><img loading="lazy" decoding="async" width="512" height="512" src="https://saludnl.gob.mx/regulacion-sanitaria/wp-content/uploads/2024/01/search_7929485-3.png" alt="" class="wp-image-18351" style="width:60px;height:auto" srcset="https://saludnl.gob.mx/regulacion-sanitaria/wp-content/uploads/2024/01/search_7929485-3.png 512w, https://saludnl.gob.mx/regulacion-sanitaria/wp-content/uploads/2024/01/search_7929485-3-300x300.png 300w, https://saludnl.gob.mx/regulacion-sanitaria/wp-content/uploads/2024/01/search_7929485-3-150x150.png 150w" sizes="auto, (max-width: 512px) 100vw, 512px" /><figcaption class="wp-element-caption">Modalidad: Online en vivo o Presencial</figcaption></figure>
</div>


<h3><span style="color: #b4894b;">Objetivo del curso</span></h3>
<ul>
<li><span style="font-weight: 400;">Desarrollar y transparentar los lineamientos a seguir por parte de las guarderías y estancias infantiles para dar cumplimiento a las regulaciones sanitarias vigentes. Ser herramienta básica para empleados de estos establecimientos, profesionales ,padres de familia,  autoridades sanitarias y académicos en su quehacer diario.</span></li>
</ul>
<h3><span style="color: #b4894b;">Dirigido a</span></h3>
<ul>
<li>Propietarios y personal de guarderías y estancias infantiles</li>
</ul>
<h3><span style="color: #b4894b;">Temario</span></h3>
<ul>
<li><strong>Módulo 1: Disposiciones generales</strong>
<ul>
<li><span style="font-weight: 400;">Conceptos básicos</span></li>
<li>Documentación</li>
<li>Atención médica</li>
<li>Capacitación</li>
<li>Trabajo social</li>
</ul>
</li>
<li><strong>Módulo 2: Trámites DIGIPRIS </strong>
<ul>
<li>Responsable sanitario</li>
<li>Trámites administrativos</li>
</ul>
</li>
<li><strong>Módulo 3: Infraestructura y seguridad</strong>
<ul>
<li><span style="font-weight: 400;">Instalaciones </span></li>
<li>Servicios</li>
<li><span style="font-weight: 400;">Medidas de seguridad y protección civil para establecimientos o espacios que presten servicios de asistencia social a niños, niñas y adolescentes.</span></li>
</ul>
</li>
<li><strong>Módulo 4: Medidas de prevención COVID-19</strong>
<ul>
<li><span style="font-weight: 400;">Salud e Higiene del personal</span></li>
<li>Medidas sanitarias</li>
<li><span style="font-weight: 400;">¿Qué hacer en caso de que durante la jornada laboral, se identifique un caso sospechoso?</span></li>
</ul>
</li>
</ul>
<h3><span style="color: #b4894b;">Información general</span></h3>
<ul>
<li>El mínimo de participantes para que se imparta la capacitación deberá ser de 15 personas. Si llegado el momento de la impartición, el grupo es menor a esa cantidad de participantes, el evento será cancelado por parte de la Autoridad.</li>
<li>En caso de que la parte interesada llegase a cancelar el evento presencial sin previo aviso, se penalizará con la reprogramación del mismo realizándose en modalidad virtual.</li>
<li>La recepción de las solicitudes de actividades de capacitación podrá ser realizada en <strong>electrónico</strong> o <strong>físico</strong> a través de un <strong>escrito libre</strong>. </li>
<li>En caso de presentarla por medio electrónico se enviará al correo: <span style="color: #00ccff;">contacto.regulaciónsanitaria@saludnl.gob.mx </span></li>
<li>La solicitud presentada se responderá en un máximo de 48 horas en relación a la viabilidad del evento solicitado.</li>
</ul>

<div class="sdm_download_button_box_default"><div class="sdm_download_link"><a href="https://saludnl.gob.mx/regulacion-sanitaria/?sdm_process_download=1&download_id=18208" class="sdm_download blue" title="" >Descargar Solicitud</a></div></div>


<div class="sdm_download_button_box_default"><div class="sdm_download_link"><a href="https://saludnl.gob.mx/regulacion-sanitaria/?sdm_process_download=1&download_id=18268" class="sdm_download blue" title="" >Guía para escrito libre</a></div></div>

<p>Objetivo del curso Desarrollar y transparentar los lineamientos a seguir por parte de las guarderías y estancias infantiles para dar cumplimiento a las regulaciones sanitarias vigentes. Ser herramienta básica para empleados de estos establecimientos, profesionales ,padres de familia,  autoridades sanitarias y académicos en su quehacer diario. Dirigido a Propietarios y personal de guarderías y estancias [&hellip;]</p>
