{"id":17837,"date":"2023-12-29T14:47:47","date_gmt":"2023-12-29T20:47:47","guid":{"rendered":"https:\/\/saludnl.gob.mx\/regulacion-sanitaria\/?page_id=17837"},"modified":"2026-02-05T12:05:16","modified_gmt":"2026-02-05T18:05:16","slug":"farmacovigilancia-4","status":"publish","type":"page","link":"https:\/\/saludnl.gob.mx\/regulacion-sanitaria\/index.php\/farmacovigilancia-4\/","title":{"rendered":"Farmacovigilancia"},"content":{"rendered":"<p><img loading=\"lazy\" decoding=\"async\" class=\"aligncenter size-full wp-image-17838\" src=\"https:\/\/saludnl.gob.mx\/regulacion-sanitaria\/wp-content\/uploads\/2023\/12\/Diapositiva9.png\" alt=\"\" width=\"1280\" height=\"426\" srcset=\"https:\/\/saludnl.gob.mx\/regulacion-sanitaria\/wp-content\/uploads\/2023\/12\/Diapositiva9.png 1280w, https:\/\/saludnl.gob.mx\/regulacion-sanitaria\/wp-content\/uploads\/2023\/12\/Diapositiva9-300x100.png 300w, https:\/\/saludnl.gob.mx\/regulacion-sanitaria\/wp-content\/uploads\/2023\/12\/Diapositiva9-1024x341.png 1024w, https:\/\/saludnl.gob.mx\/regulacion-sanitaria\/wp-content\/uploads\/2023\/12\/Diapositiva9-768x256.png 768w\" sizes=\"auto, (max-width: 1280px) 100vw, 1280px\" \/><\/p>\n<p>Se ha incluido esta categor\u00eda para reconocer a las unidades de <strong>Farmacovigilancia Hospitalarias del Estado de Nuevo Le\u00f3n<\/strong> que garantizan las acciones activas correspondientes, con el fin de informar y concientizar la importancia de las notificaciones de sospechas de reacciones adversas y ESAVIS reforzando el cuidado de los medicamentos y vacunas tanto a la poblaci\u00f3n en general como al personal que se encuentra en las unidades.<\/p>\n<h4>Procedimiento para la obtenci\u00f3n del Distintivo:<\/h4>\n<p>1.-Revisa la gu\u00eda de autoverificaci\u00f3n<\/p>\n<p>2.- Realiza el registro de tu unidad, incluyendo los datos completos y correctos en la liga: <a href=\"https:\/\/forms.gle\/TzWfHvBVgR1HHf139\" target=\"_blank\" rel=\"noopener\">REGISTRO<\/a><\/p>\n<p>3.-Contar con las constancias de capacitaci\u00f3n de su personal de acuerdo al giro, disponibles en la p\u00e1gina: <a href=\"http:\/\/saludnl.gob.mx\/regulacion-sanitaria\/cursos\">http:\/\/saludnl.gob.mx\/regulacion-sanitaria\/cursos<\/a>.<\/p>\n<p>4.- Se realizar\u00e1 una supervisi\u00f3n para observar las condiciones sanitarias que guarda el establecimiento.<\/p>\n<ul>\n<li>4.1 En caso de que no se detecte ninguna anomal\u00eda en el establecimiento, se proceder\u00e1 a la emisi\u00f3n del distintivo de salud, el cual ser\u00e1 entregado en sesi\u00f3n solemne en fecha por definir.<\/li>\n<li>4.2 De no acreditar con los lineamientos sanitarios durante la visita de verificaci\u00f3n, se le brindar\u00e1 asesor\u00eda y deber\u00e1 de participar en la siguiente convocatoria del Distintivo Salud (2025).<\/li>\n<\/ul>\n<p>5.-Durante el a\u00f1o se realizar\u00e1 visita de supervisi\u00f3n en los meses abril, junio, agosto, octubre, diciembre del 20 al 28 de cada mes; en caso de contar con anomal\u00edas se retirar\u00e1 el distintivo de salud, brind\u00e1ndole asesor\u00eda y deber\u00e1 de participar en la siguiente convocatoria del Distintivo Salud (2025).<a href=\"https:\/\/docs.google.com\/forms\/d\/e\/1FAIpQLScjqtPTrsaTFRJjXSaK1SIfS9I0efz0JKeqLb2DKm87MNt9Xw\/viewform\" data-wplink-edit=\"true\"><img loading=\"lazy\" decoding=\"async\" class=\"aligncenter  wp-image-18250\" src=\"https:\/\/saludnl.gob.mx\/regulacion-sanitaria\/wp-content\/uploads\/2024\/01\/REGISTRATE-AQUI.png\" alt=\"\" width=\"446\" height=\"89\" srcset=\"https:\/\/saludnl.gob.mx\/regulacion-sanitaria\/wp-content\/uploads\/2024\/01\/REGISTRATE-AQUI.png 756w, https:\/\/saludnl.gob.mx\/regulacion-sanitaria\/wp-content\/uploads\/2024\/01\/REGISTRATE-AQUI-300x60.png 300w\" sizes=\"auto, (max-width: 446px) 100vw, 446px\" \/><\/a><\/p>\n<h2 class=\"wp-block-heading\">\u00a1Conoce nuestra gu\u00eda de autoevaluaci\u00f3n!<\/h2>\n<div class=\"sdm_download_item \"><div class=\"sdm_download_item_top\"><div class=\"sdm_download_thumbnail\"><\/div><div class=\"sdm_download_title\">Gu\u00eda de Auto-Evaluaci\u00f3n Farmacovigilancia<\/div><\/div><div style=\"clear:both;\"><\/div><div class=\"sdm_download_description\"><\/div><div class=\"sdm_download_link\"><span class=\"sdm_download_button\"><a href=\"https:\/\/saludnl.gob.mx\/regulacion-sanitaria\/?sdm_process_download=1&download_id=17664\" class=\"sdm_download blue\" title=\"Gu\u00eda de Auto-Evaluaci\u00f3n Farmacovigilancia\" target=\"_self\">Gu\u00eda autoevaluaci\u00f3n para descarga<\/a><\/span><span class=\"sdm_download_item_count\"><span class=\"sdm_item_count_number\">418<\/span><span class=\"sdm_item_count_string\"> Downloads<\/span><\/span><\/div><\/div><div class=\"sdm_clear_float\"><\/div>\n<p><strong>Para mayor informaci\u00f3n, consulta la normativa sanitaria:<\/strong><\/p>\n<p><a href=\"https:\/\/dof.gob.mx\/nota_detalle.php?codigo=5490830&amp;fecha=19\/07\/2017#gsc.tab=0\">Norma Oficial Mexicana. NOM-220-SSA1-2016, Instalaci\u00f3n y operaci\u00f3n de la Farmacovigilancia<\/a><\/p>\n<p><a href=\"https:\/\/www.dof.gob.mx\/nota_detalle.php?codigo=5734460&amp;fecha=25\/07\/2024#gsc.tab=0\">PROYECTO de Norma oficial Mexicana PROY-NOM-220-SSA1-2024, Instalaci\u00f3n y operaci\u00f3n de la Farmacovigilancia.\u00a0<\/a><\/p>\n\n\n<p>Tel\u00e9fonos:<\/p>\n\n\n\n<ul class=\"wp-block-list\">\n<li>Centro Estatal de Farmacovigilancia: (81) 8130-7022<\/li>\n<\/ul>\n\n\n\n<p><\/p>\n","protected":false},"excerpt":{"rendered":"<p>Se ha incluido esta categor\u00eda para reconocer a las unidades de Farmacovigilancia Hospitalarias del Estado de Nuevo Le\u00f3n que garantizan las acciones activas correspondientes, con el fin de informar y concientizar la importancia de las notificaciones de sospechas de reacciones adversas y ESAVIS reforzando el cuidado de los medicamentos y vacunas tanto a la poblaci\u00f3n [&hellip;]<\/p>\n","protected":false},"author":5,"featured_media":0,"parent":0,"menu_order":0,"comment_status":"closed","ping_status":"closed","template":"","meta":{"footnotes":""},"class_list":["post-17837","page","type-page","status-publish","hentry"],"_links":{"self":[{"href":"https:\/\/saludnl.gob.mx\/regulacion-sanitaria\/index.php\/wp-json\/wp\/v2\/pages\/17837","targetHints":{"allow":["GET"]}}],"collection":[{"href":"https:\/\/saludnl.gob.mx\/regulacion-sanitaria\/index.php\/wp-json\/wp\/v2\/pages"}],"about":[{"href":"https:\/\/saludnl.gob.mx\/regulacion-sanitaria\/index.php\/wp-json\/wp\/v2\/types\/page"}],"author":[{"embeddable":true,"href":"https:\/\/saludnl.gob.mx\/regulacion-sanitaria\/index.php\/wp-json\/wp\/v2\/users\/5"}],"replies":[{"embeddable":true,"href":"https:\/\/saludnl.gob.mx\/regulacion-sanitaria\/index.php\/wp-json\/wp\/v2\/comments?post=17837"}],"version-history":[{"count":13,"href":"https:\/\/saludnl.gob.mx\/regulacion-sanitaria\/index.php\/wp-json\/wp\/v2\/pages\/17837\/revisions"}],"predecessor-version":[{"id":30944,"href":"https:\/\/saludnl.gob.mx\/regulacion-sanitaria\/index.php\/wp-json\/wp\/v2\/pages\/17837\/revisions\/30944"}],"wp:attachment":[{"href":"https:\/\/saludnl.gob.mx\/regulacion-sanitaria\/index.php\/wp-json\/wp\/v2\/media?parent=17837"}],"curies":[{"name":"wp","href":"https:\/\/api.w.org\/{rel}","templated":true}]}}