{"id":17806,"date":"2023-12-29T12:20:06","date_gmt":"2023-12-29T18:20:06","guid":{"rendered":"https:\/\/saludnl.gob.mx\/regulacion-sanitaria\/?page_id=17806"},"modified":"2026-02-18T11:12:35","modified_gmt":"2026-02-18T17:12:35","slug":"distintivo-salud-4","status":"publish","type":"page","link":"https:\/\/saludnl.gob.mx\/regulacion-sanitaria\/index.php\/distintivo-salud-4\/","title":{"rendered":"Distintivo Salud"},"content":{"rendered":"<h1>\u00a0<\/h1>\n<h1 style=\"text-align: center;\"><span style=\"color: #ff9900;\"><strong>Distintivo Salud<\/strong><\/span><\/h1>\n<h3>Distintivo creado por la Subsecretar\u00eda de Regulaci\u00f3n y Fomento Sanitario de la Secretar\u00eda de Salud del Estado de Nuevo Le\u00f3n, a fin de reconocer a aquellos establecimientos que operan en el Estado de Nuevo Le\u00f3n, generando espacios saludables para sus empleados y clientes, que ofrecen productos calidad al consumidor cumpliendo cabalmente con la normativa sanitaria.<\/h3>\n<h3>Categor\u00edas del Distintivo Salud:<\/h3>\n<ul>\n<li>\n<h4>Buenas pr\u00e1cticas sanitarias en el manejo de leche humana<\/h4>\n<\/li>\n<li>\n<h4>Buenas pr\u00e1cticas sanitarias<\/h4>\n<\/li>\n<li>\n<h4>Buenas pr\u00e1cticas de higiene para el proceso de alimentos, bebidas o suplementos alimenticios<\/h4>\n<\/li>\n<li>\n<h4>Empresa Saludable<\/h4>\n<\/li>\n<li>\n<h4>Farmacovigilancia<\/h4>\n<\/li>\n<li>\n<h4>Espacios Libres de Humo de Tabaco y Emisiones<\/h4>\n<\/li>\n<\/ul>\n<p><a href=\"https:\/\/saludnl.gob.mx\/regulacion-sanitaria\/index.php\/buenas-practicas-sanitarias-en-el-manejo-de-leche-humana-3\/\"><img loading=\"lazy\" decoding=\"async\" class=\"wp-image-19068 aligncenter\" src=\"https:\/\/saludnl.gob.mx\/regulacion-sanitaria\/wp-content\/uploads\/2024\/02\/Banner-BPS-Lactarios-300x156.png\" alt=\"\" width=\"505\" height=\"263\" srcset=\"https:\/\/saludnl.gob.mx\/regulacion-sanitaria\/wp-content\/uploads\/2024\/02\/Banner-BPS-Lactarios-300x156.png 300w, https:\/\/saludnl.gob.mx\/regulacion-sanitaria\/wp-content\/uploads\/2024\/02\/Banner-BPS-Lactarios.png 769w\" sizes=\"auto, (max-width: 505px) 100vw, 505px\" \/><\/a><\/p>\n<p><a href=\"https:\/\/saludnl.gob.mx\/regulacion-sanitaria\/index.php\/farmacovigilancia-4\/\"><img loading=\"lazy\" decoding=\"async\" class=\"wp-image-17813 aligncenter\" src=\"https:\/\/saludnl.gob.mx\/regulacion-sanitaria\/wp-content\/uploads\/2023\/12\/Banner_Farma.png\" alt=\"\" width=\"500\" height=\"260\" srcset=\"https:\/\/saludnl.gob.mx\/regulacion-sanitaria\/wp-content\/uploads\/2023\/12\/Banner_Farma.png 769w, https:\/\/saludnl.gob.mx\/regulacion-sanitaria\/wp-content\/uploads\/2023\/12\/Banner_Farma-300x156.png 300w\" sizes=\"auto, (max-width: 500px) 100vw, 500px\" \/><\/a><\/p>\n<p><img loading=\"lazy\" decoding=\"async\" class=\"wp-image-17812 aligncenter\" src=\"https:\/\/saludnl.gob.mx\/regulacion-sanitaria\/wp-content\/uploads\/2023\/12\/Banner_Empresa-saludable.png\" alt=\"\" width=\"500\" height=\"260\" srcset=\"https:\/\/saludnl.gob.mx\/regulacion-sanitaria\/wp-content\/uploads\/2023\/12\/Banner_Empresa-saludable.png 769w, https:\/\/saludnl.gob.mx\/regulacion-sanitaria\/wp-content\/uploads\/2023\/12\/Banner_Empresa-saludable-300x156.png 300w\" sizes=\"auto, (max-width: 500px) 100vw, 500px\" \/><\/p>\n<p><img loading=\"lazy\" decoding=\"async\" class=\"wp-image-17811 aligncenter\" src=\"https:\/\/saludnl.gob.mx\/regulacion-sanitaria\/wp-content\/uploads\/2023\/12\/Banner_BP-Sanitarias.png\" alt=\"\" width=\"500\" height=\"260\" srcset=\"https:\/\/saludnl.gob.mx\/regulacion-sanitaria\/wp-content\/uploads\/2023\/12\/Banner_BP-Sanitarias.png 769w, https:\/\/saludnl.gob.mx\/regulacion-sanitaria\/wp-content\/uploads\/2023\/12\/Banner_BP-Sanitarias-300x156.png 300w\" sizes=\"auto, (max-width: 500px) 100vw, 500px\" \/><\/p>\n<p><img loading=\"lazy\" decoding=\"async\" class=\"wp-image-17808 aligncenter\" src=\"https:\/\/saludnl.gob.mx\/regulacion-sanitaria\/wp-content\/uploads\/2023\/12\/Banner_BPH.png\" alt=\"\" width=\"500\" height=\"260\" srcset=\"https:\/\/saludnl.gob.mx\/regulacion-sanitaria\/wp-content\/uploads\/2023\/12\/Banner_BPH.png 769w, https:\/\/saludnl.gob.mx\/regulacion-sanitaria\/wp-content\/uploads\/2023\/12\/Banner_BPH-300x156.png 300w\" sizes=\"auto, (max-width: 500px) 100vw, 500px\" \/><\/p>\n<p><img loading=\"lazy\" decoding=\"async\" class=\"wp-image-17809 aligncenter\" src=\"https:\/\/saludnl.gob.mx\/regulacion-sanitaria\/wp-content\/uploads\/2023\/12\/Banner-No-fumar.png\" alt=\"\" width=\"500\" height=\"261\" srcset=\"https:\/\/saludnl.gob.mx\/regulacion-sanitaria\/wp-content\/uploads\/2023\/12\/Banner-No-fumar.png 533w, https:\/\/saludnl.gob.mx\/regulacion-sanitaria\/wp-content\/uploads\/2023\/12\/Banner-No-fumar-300x156.png 300w\" sizes=\"auto, (max-width: 500px) 100vw, 500px\" \/><\/p>\n<h3 style=\"text-align: center;\">\u00a1Participa en nuestra nueva convocatoria!<\/h3>\n<p>Procedimiento para la obtenci\u00f3n del Distintivo:<\/p>\n<p>1.\u00a0<strong>Realizar registro<\/strong>\u00a0incluyendo sus datos completos y correctos en la siguiente liga: <a href=\"https:\/\/forms.gle\/6aFJ7Sx3nijNjfkWA\">https:\/\/forms.gle\/6aFJ7Sx3nijNjfkWA<\/a><br \/>2. Contar con las\u00a0<strong>constancias de capacitaci\u00f3n de su persona<\/strong>l de acuerdo al giro, disponibles en la p\u00e1gina:\u00a0<a href=\"https:\/\/saludnl.gob.mx\/regulacion-sanitaria\/cursos.\">https:\/\/saludnl.gob.mx\/regulacion-sanitaria\/cursos.<\/a><br \/>3.\u00a0<strong>Se realizar\u00e1 visita de verificaci\u00f3n sanitaria<\/strong> de fomento para observar las condiciones sanitarias que guarda el establecimiento. Nota: Si cuenta con visita dentro del \u00faltimo a\u00f1o, solo necesita enviar esta evidencia.<br \/>4.1: En caso de que\u00a0<strong>no se detecte ning\u00fan riesgo a la salud<\/strong> en el establecimiento,\u00a0<strong>se proceder\u00e1 a la emisi\u00f3n del distintivo salud<\/strong>, el cual ser\u00e1 entregado en sesi\u00f3n solemne en fecha por definir.<br \/>4.2: De no acreditar con los lineamientos sanitarios durante la visita de verificaci\u00f3n, se le brindar\u00e1 asesor\u00eda y deber\u00e1 de participar en la siguiente convocatoria del Distintivo Salud.<br \/>5. En caso de que desee verificar que su establecimiento sea candidato a recibir el Distintivo Salud, ponemos a su disposici\u00f3n c\u00e9dulas de autoevaluaci\u00f3n de nuestras categor\u00edas:<\/p>\n<div class=\"sdm_download_item \"><div class=\"sdm_download_item_top\"><div class=\"sdm_download_thumbnail\"><\/div><div class=\"sdm_download_title\">Gu\u00eda de Auto-Evaluaci\u00f3n Farmacovigilancia<\/div><\/div><div style=\"clear:both;\"><\/div><div class=\"sdm_download_description\"><\/div><div class=\"sdm_download_link\"><span class=\"sdm_download_button\"><a href=\"https:\/\/saludnl.gob.mx\/regulacion-sanitaria\/?sdm_process_download=1&download_id=17664\" class=\"sdm_download blue\" title=\"Gu\u00eda de Auto-Evaluaci\u00f3n Farmacovigilancia\" target=\"_self\">Gu\u00eda autoevaluaci\u00f3n para descarga<\/a><\/span><span class=\"sdm_download_item_count\"><span class=\"sdm_item_count_number\">424<\/span><span class=\"sdm_item_count_string\"> Downloads<\/span><\/span><\/div><\/div><div class=\"sdm_clear_float\"><\/div>\n<div class=\"sdm_download_item \"><div class=\"sdm_download_item_top\"><div class=\"sdm_download_thumbnail\"><\/div><div class=\"sdm_download_title\">Gu\u00eda de Autoevaluaci\u00f3n para empresas o instituciones que cuentan\u00a0con\u00a0lactario.<\/div><\/div><div style=\"clear:both;\"><\/div><div class=\"sdm_download_description\"><\/div><div class=\"sdm_download_link\"><span class=\"sdm_download_button\"><a href=\"https:\/\/saludnl.gob.mx\/regulacion-sanitaria\/?sdm_process_download=1&download_id=15158\" class=\"sdm_download blue\" title=\"Gu\u00eda de Autoevaluaci\u00f3n para empresas o instituciones que cuentan\u00a0con\u00a0lactario.\" target=\"_blank\">Gu\u00eda autoevaluaci\u00f3n para descarga<\/a><\/span><span class=\"sdm_download_item_count\"><span class=\"sdm_item_count_number\">428<\/span><span class=\"sdm_item_count_string\"> Downloads<\/span><\/span><\/div><\/div><div class=\"sdm_clear_float\"><\/div>\n<div class=\"sdm_download_item \"><div class=\"sdm_download_item_top\"><div class=\"sdm_download_thumbnail\"><\/div><div class=\"sdm_download_title\">C\u00e9dula autoevaluaci\u00f3n<\/div><\/div><div style=\"clear:both;\"><\/div><div class=\"sdm_download_description\"><p>Empresa Saludable*<\/p>\n<\/div><div class=\"sdm_download_link\"><span class=\"sdm_download_button\"><a href=\"https:\/\/saludnl.gob.mx\/regulacion-sanitaria\/?sdm_process_download=1&download_id=7943\" class=\"sdm_download blue\" title=\"C\u00e9dula autoevaluaci\u00f3n\" target=\"_self\">Descargar<\/a><\/span><span class=\"sdm_download_item_count\"><span class=\"sdm_item_count_number\">459<\/span><span class=\"sdm_item_count_string\"> Downloads<\/span><\/span><\/div><\/div><div class=\"sdm_clear_float\"><\/div>\n<div class=\"sdm_download_item \"><div class=\"sdm_download_item_top\"><div class=\"sdm_download_thumbnail\"><\/div><div class=\"sdm_download_title\">C\u00e9dula autoevaluaci\u00f3n<\/div><\/div><div style=\"clear:both;\"><\/div><div class=\"sdm_download_description\"><p>Buenas pr\u00e1cticas de higiene para el proceso de alimentos, bebidas o suplementos alimenticios<\/p>\n<\/div><div class=\"sdm_download_link\"><span class=\"sdm_download_button\"><a href=\"https:\/\/saludnl.gob.mx\/regulacion-sanitaria\/?sdm_process_download=1&download_id=7932\" class=\"sdm_download blue\" title=\"C\u00e9dula autoevaluaci\u00f3n\" target=\"_self\">Descargar<\/a><\/span><span class=\"sdm_download_item_count\"><span class=\"sdm_item_count_number\">427<\/span><span class=\"sdm_item_count_string\"> Downloads<\/span><\/span><\/div><\/div><div class=\"sdm_clear_float\"><\/div>\n<div class=\"sdm_download_item \"><div class=\"sdm_download_item_top\"><div class=\"sdm_download_thumbnail\"><\/div><div class=\"sdm_download_title\">Gu\u00eda de autoevaluaci\u00f3n de servicios de alimentos o bebidas<\/div><\/div><div style=\"clear:both;\"><\/div><div class=\"sdm_download_description\"><\/div><div class=\"sdm_download_link\"><span class=\"sdm_download_button\"><a href=\"https:\/\/saludnl.gob.mx\/regulacion-sanitaria\/?sdm_process_download=1&download_id=16363\" class=\"sdm_download blue\" title=\"Gu\u00eda de autoevaluaci\u00f3n de servicios de alimentos o bebidas\" target=\"_self\">Gu\u00eda autoevaluaci\u00f3n para descarga<\/a><\/span><span class=\"sdm_download_item_count\"><span class=\"sdm_item_count_number\">508<\/span><span class=\"sdm_item_count_string\"> Downloads<\/span><\/span><\/div><\/div><div class=\"sdm_clear_float\"><\/div>\n<div class=\"sdm_download_item \"><div class=\"sdm_download_item_top\"><div class=\"sdm_download_thumbnail\"><\/div><div class=\"sdm_download_title\">Gu\u00eda de Auto Evaluaci\u00f3n Sanitaria General<\/div><\/div><div style=\"clear:both;\"><\/div><div class=\"sdm_download_description\"><\/div><div class=\"sdm_download_link\"><span class=\"sdm_download_button\"><a href=\"https:\/\/saludnl.gob.mx\/regulacion-sanitaria\/?sdm_process_download=1&download_id=17105\" class=\"sdm_download blue\" title=\"Gu\u00eda de Auto Evaluaci\u00f3n Sanitaria General\" target=\"_blank\">Gu\u00eda autoevaluaci\u00f3n para descarga<\/a><\/span><span class=\"sdm_download_item_count\"><span class=\"sdm_item_count_number\">421<\/span><span class=\"sdm_item_count_string\"> Downloads<\/span><\/span><\/div><\/div><div class=\"sdm_clear_float\"><\/div>\n<div class=\"sdm_download_item \"><div class=\"sdm_download_item_top\"><div class=\"sdm_download_thumbnail\"><\/div><div class=\"sdm_download_title\">Gu\u00eda de autoverificaci\u00f3n sanitaria de la Ley General para el Control del Tabaco y del RLGCCT<\/div><\/div><div style=\"clear:both;\"><\/div><div class=\"sdm_download_description\"><\/div><div class=\"sdm_download_link\"><span class=\"sdm_download_button\"><a href=\"https:\/\/saludnl.gob.mx\/regulacion-sanitaria\/?sdm_process_download=1&download_id=14288\" class=\"sdm_download blue\" title=\"Gu\u00eda de autoverificaci\u00f3n sanitaria de la Ley General para el Control del Tabaco y del RLGCCT\" target=\"_self\">Gu\u00eda autoevaluaci\u00f3n para descarga<\/a><\/span><span class=\"sdm_download_item_count\"><span class=\"sdm_item_count_number\">571<\/span><span class=\"sdm_item_count_string\"> Downloads<\/span><\/span><\/div><\/div><div class=\"sdm_clear_float\"><\/div>\n<a href=\"https:\/\/saludnl.gob.mx\/regulacion-sanitaria\/wp-content\/uploads\/2025\/03\/distintivo-salud-2025.pdf\" class=\"pdfemb-viewer\" style=\"\" data-width=\"max\" data-height=\"max\" data-toolbar=\"bottom\" data-toolbar-fixed=\"off\">distintivo salud 2025<\/a>\n\n\n<p><\/p>\n","protected":false},"excerpt":{"rendered":"<p>\u00a0 Distintivo Salud Distintivo creado por la Subsecretar\u00eda de Regulaci\u00f3n y Fomento Sanitario de la Secretar\u00eda de Salud del Estado de Nuevo Le\u00f3n, a fin de reconocer a aquellos establecimientos que operan en el Estado de Nuevo Le\u00f3n, generando espacios saludables para sus empleados y clientes, que ofrecen productos calidad al consumidor cumpliendo cabalmente con [&hellip;]<\/p>\n","protected":false},"author":5,"featured_media":0,"parent":0,"menu_order":0,"comment_status":"closed","ping_status":"closed","template":"","meta":{"footnotes":""},"class_list":["post-17806","page","type-page","status-publish","hentry"],"_links":{"self":[{"href":"https:\/\/saludnl.gob.mx\/regulacion-sanitaria\/index.php\/wp-json\/wp\/v2\/pages\/17806","targetHints":{"allow":["GET"]}}],"collection":[{"href":"https:\/\/saludnl.gob.mx\/regulacion-sanitaria\/index.php\/wp-json\/wp\/v2\/pages"}],"about":[{"href":"https:\/\/saludnl.gob.mx\/regulacion-sanitaria\/index.php\/wp-json\/wp\/v2\/types\/page"}],"author":[{"embeddable":true,"href":"https:\/\/saludnl.gob.mx\/regulacion-sanitaria\/index.php\/wp-json\/wp\/v2\/users\/5"}],"replies":[{"embeddable":true,"href":"https:\/\/saludnl.gob.mx\/regulacion-sanitaria\/index.php\/wp-json\/wp\/v2\/comments?post=17806"}],"version-history":[{"count":19,"href":"https:\/\/saludnl.gob.mx\/regulacion-sanitaria\/index.php\/wp-json\/wp\/v2\/pages\/17806\/revisions"}],"predecessor-version":[{"id":31004,"href":"https:\/\/saludnl.gob.mx\/regulacion-sanitaria\/index.php\/wp-json\/wp\/v2\/pages\/17806\/revisions\/31004"}],"wp:attachment":[{"href":"https:\/\/saludnl.gob.mx\/regulacion-sanitaria\/index.php\/wp-json\/wp\/v2\/media?parent=17806"}],"curies":[{"name":"wp","href":"https:\/\/api.w.org\/{rel}","templated":true}]}}