{"id":166,"date":"2017-10-30T15:35:50","date_gmt":"2017-10-30T21:35:50","guid":{"rendered":"http:\/\/localhost\/regulacion-sanitaria\/?page_id=166"},"modified":"2025-05-20T11:31:30","modified_gmt":"2025-05-20T17:31:30","slug":"agua-de-calidad-fisioquimica","status":"publish","type":"page","link":"https:\/\/saludnl.gob.mx\/regulacion-sanitaria\/index.php\/agua-de-calidad-fisioquimica\/","title":{"rendered":""},"content":{"rendered":"<div class=\"wp-block-image\">\n<figure class=\"aligncenter size-large\"><img loading=\"lazy\" decoding=\"async\" width=\"1024\" height=\"375\" src=\"https:\/\/saludnl.gob.mx\/regulacion-sanitaria\/wp-content\/uploads\/2025\/05\/fisicoquimica-1024x375.jpg\" alt=\"\" class=\"wp-image-28450\" srcset=\"https:\/\/saludnl.gob.mx\/regulacion-sanitaria\/wp-content\/uploads\/2025\/05\/fisicoquimica-1024x375.jpg 1024w, https:\/\/saludnl.gob.mx\/regulacion-sanitaria\/wp-content\/uploads\/2025\/05\/fisicoquimica-300x110.jpg 300w, https:\/\/saludnl.gob.mx\/regulacion-sanitaria\/wp-content\/uploads\/2025\/05\/fisicoquimica-768x281.jpg 768w, https:\/\/saludnl.gob.mx\/regulacion-sanitaria\/wp-content\/uploads\/2025\/05\/fisicoquimica.jpg 1150w\" sizes=\"auto, (max-width: 1024px) 100vw, 1024px\" \/><\/figure>\n<\/div>\n\n\n<p><\/p>\n\n\n\n<div class=\"wp-block-columns is-layout-flex wp-container-core-columns-is-layout-9d6595d7 wp-block-columns-is-layout-flex\">\n<div class=\"wp-block-column is-layout-flow wp-block-column-is-layout-flow\">\n<figure class=\"wp-block-image size-full\"><img loading=\"lazy\" decoding=\"async\" width=\"601\" height=\"290\" src=\"https:\/\/saludnl.gob.mx\/regulacion-sanitaria\/wp-content\/uploads\/2025\/05\/2_Definicion.png\" alt=\"\" class=\"wp-image-28452\" srcset=\"https:\/\/saludnl.gob.mx\/regulacion-sanitaria\/wp-content\/uploads\/2025\/05\/2_Definicion.png 601w, https:\/\/saludnl.gob.mx\/regulacion-sanitaria\/wp-content\/uploads\/2025\/05\/2_Definicion-300x145.png 300w\" sizes=\"auto, (max-width: 601px) 100vw, 601px\" \/><\/figure>\n<\/div>\n\n\n\n<div class=\"wp-block-column is-layout-flow wp-block-column-is-layout-flow\">\n<figure class=\"wp-block-image size-full\"><img loading=\"lazy\" decoding=\"async\" width=\"601\" height=\"290\" src=\"https:\/\/saludnl.gob.mx\/regulacion-sanitaria\/wp-content\/uploads\/2025\/05\/3_Objetivo.png\" alt=\"\" class=\"wp-image-28453\" srcset=\"https:\/\/saludnl.gob.mx\/regulacion-sanitaria\/wp-content\/uploads\/2025\/05\/3_Objetivo.png 601w, https:\/\/saludnl.gob.mx\/regulacion-sanitaria\/wp-content\/uploads\/2025\/05\/3_Objetivo-300x145.png 300w\" sizes=\"auto, (max-width: 601px) 100vw, 601px\" \/><\/figure>\n<\/div>\n<\/div>\n\n\n\n<div class=\"wp-block-columns is-layout-flex wp-container-core-columns-is-layout-9d6595d7 wp-block-columns-is-layout-flex\">\n<div class=\"wp-block-column is-layout-flow wp-block-column-is-layout-flow\">\n<p>La calidad fisicoqu\u00edmica del agua de las fuentes de abastecimiento de agua potable, como son r\u00edos, arroyos, manantiales, lagos, presas y pozos, no es apta para el consumo humano, por lo que es necesario aplicar los tratamientos de potabilizaci\u00f3n necesarios o detectar el origen de la contaminaci\u00f3n a fin de minimizarla o eliminarla para abatir la concentraci\u00f3n presente en las fuentes de abastecimiento.<\/p>\n\n\n\n<p>Los contaminantes f\u00edsicos y qu\u00edmicos del agua tienen una repercusi\u00f3n negativa en la salud del ser humano, as\u00ed pues, existen infinidad de riesgos asociados con el consumo de agua proveniente de fuentes de abastecimiento no confiables, entre los cuales destacan los da\u00f1os degenerativos y alteraciones en el organismo.<\/p>\n\n\n\n<p>Los efectos a la salud humana ocasionados por los contaminantes fisicoqu\u00edmicos pueden ser retrasos en el desarrollo, varios tipos de c\u00e1ncer, da\u00f1os en el ri\u00f1\u00f3n y huesos e incluso con casos de muerte.<\/p>\n<\/div>\n\n\n\n<div class=\"wp-block-column is-layout-flow wp-block-column-is-layout-flow\">\n<p>Prevenir riesgos a la salud poblaci\u00f3n, asociados al consumo de agua expuesta a contaminantes qu\u00edmicos y f\u00edsicos, a trav\u00e9s de acciones orientadas a la vigilancia sanitaria de las fuentes de abastecimiento en el Estado de Nuevo Le\u00f3n.<\/p>\n\n\n\n<figure class=\"wp-block-image size-full\"><img loading=\"lazy\" decoding=\"async\" width=\"601\" height=\"290\" src=\"https:\/\/saludnl.gob.mx\/regulacion-sanitaria\/wp-content\/uploads\/2025\/05\/5_Beneficios.png\" alt=\"\" class=\"wp-image-28457\" srcset=\"https:\/\/saludnl.gob.mx\/regulacion-sanitaria\/wp-content\/uploads\/2025\/05\/5_Beneficios.png 601w, https:\/\/saludnl.gob.mx\/regulacion-sanitaria\/wp-content\/uploads\/2025\/05\/5_Beneficios-300x145.png 300w\" sizes=\"auto, (max-width: 601px) 100vw, 601px\" \/><\/figure>\n\n\n\n<p>Poblaci\u00f3n protegida contra riesgos sanitarios al consumo de agua de fuentes de abastecimiento<\/p>\n<\/div>\n<\/div>\n\n\n\n<div class=\"wp-block-columns is-layout-flex wp-container-core-columns-is-layout-9d6595d7 wp-block-columns-is-layout-flex\">\n<div class=\"wp-block-column is-layout-flow wp-block-column-is-layout-flow\">\n<figure class=\"wp-block-image size-full\"><img loading=\"lazy\" decoding=\"async\" width=\"601\" height=\"290\" src=\"https:\/\/saludnl.gob.mx\/regulacion-sanitaria\/wp-content\/uploads\/2025\/05\/4_\u00bfQue-estamos-haciendo-.png\" alt=\"\" class=\"wp-image-28460\" srcset=\"https:\/\/saludnl.gob.mx\/regulacion-sanitaria\/wp-content\/uploads\/2025\/05\/4_\u00bfQue-estamos-haciendo-.png 601w, https:\/\/saludnl.gob.mx\/regulacion-sanitaria\/wp-content\/uploads\/2025\/05\/4_\u00bfQue-estamos-haciendo--300x145.png 300w\" sizes=\"auto, (max-width: 601px) 100vw, 601px\" \/><\/figure>\n<\/div>\n\n\n\n<div class=\"wp-block-column is-layout-flow wp-block-column-is-layout-flow\">\n<figure class=\"wp-block-image size-full\"><img loading=\"lazy\" decoding=\"async\" width=\"601\" height=\"290\" src=\"https:\/\/saludnl.gob.mx\/regulacion-sanitaria\/wp-content\/uploads\/2025\/05\/6_Mas-info.png\" alt=\"\" class=\"wp-image-28461\" srcset=\"https:\/\/saludnl.gob.mx\/regulacion-sanitaria\/wp-content\/uploads\/2025\/05\/6_Mas-info.png 601w, https:\/\/saludnl.gob.mx\/regulacion-sanitaria\/wp-content\/uploads\/2025\/05\/6_Mas-info-300x145.png 300w\" sizes=\"auto, (max-width: 601px) 100vw, 601px\" \/><\/figure>\n<\/div>\n<\/div>\n\n\n\n<div class=\"wp-block-columns is-layout-flex wp-container-core-columns-is-layout-9d6595d7 wp-block-columns-is-layout-flex\">\n<div class=\"wp-block-column is-layout-flow wp-block-column-is-layout-flow\">\n<ul class=\"wp-block-list\">\n<li>Realizar muestreos del agua proveniente de fuentes de abastecimiento.<\/li>\n\n\n\n<li>Enviar las muestras al Laboratorio Estatal de Salud P\u00fablica para su an\u00e1lisis correspondiente.<\/li>\n\n\n\n<li>Notificar a responsables y organismos operadores en caso de un resultado fuera del marco regulatorio.<\/li>\n\n\n\n<li>Reportar los resultados y mantener comunicaci\u00f3n directa con la Comisi\u00f3n Federal para Protecci\u00f3n contra Riesgos Sanitarios<\/li>\n\n\n\n<li>Acciones de coadyuvancia con el Organismo Operador, as\u00ed como con la Comisi\u00f3n Nacional del Agua.<\/li>\n\n\n\n<li>Informar a la poblaci\u00f3n sobre los riesgos asociados al consumo de agua contaminada y las formas de prevenci\u00f3n.<\/li>\n\n\n\n<li>Aplicar las medidas de seguridad correspondientes en caso de encontrar anomal\u00edas.<\/li>\n<\/ul>\n<\/div>\n\n\n\n<div class=\"wp-block-column is-layout-flow wp-block-column-is-layout-flow\">\n<ul class=\"wp-block-list\">\n<li><a href=\"https:\/\/dof.gob.mx\/nota_detalle.php?codigo=5603318&amp;fecha=22\/10\/2020#gsc.tab=0\"><mark style=\"background-color:rgba(0, 0, 0, 0)\" class=\"has-inline-color has-vivid-cyan-blue-color\">NORMA Oficial Mexicana NOM-179-SSA1-2020, Agua para uso y consumo humano. Control de la calidad del agua distribuida por los sistemas de abastecimiento de agua.<\/mark><\/a><\/li>\n\n\n\n<li><a href=\"https:\/\/www.dof.gob.mx\/nota_detalle.php?codigo=5650705&amp;fecha=02\/05\/2022#gsc.tab=0\"><mark style=\"background-color:rgba(0, 0, 0, 0)\" class=\"has-inline-color has-vivid-cyan-blue-color\">NORMA Oficial Mexicana NOM-127-SSA1-2021, Agua para uso y consumo humano. L\u00edmites permisibles de la calidad del agua.<\/mark><\/a><\/li>\n\n\n\n<li><a href=\"https:\/\/www.sinec.gob.mx\/SINEC\/Vista\/Normalizacion\/DetalleNorma.xhtml?pidn=aTRWNGZVUlY2RUxVenhUYmYwa0ZZZz09\"><mark style=\"background-color:rgba(0, 0, 0, 0)\" class=\"has-inline-color has-vivid-cyan-blue-color\">NORMA Oficial Mexicana NOM-230-SSA1-2002, Salud ambiental. Agua para uso y consumo humano, requisitos sanitarios que se deben cumplir en los sistemas de abastecimiento p\u00fablicos y privados durante el manejo del agua. Procedimientos sanitarios para el muestreo.<\/mark><\/a><\/li>\n<\/ul>\n<\/div>\n<\/div>\n","protected":false},"excerpt":{"rendered":"<p>La calidad fisicoqu\u00edmica del agua de las fuentes de abastecimiento de agua potable, como son r\u00edos, arroyos, manantiales, lagos, presas y pozos, no es apta para el consumo humano, por lo que es necesario aplicar los tratamientos de potabilizaci\u00f3n necesarios o detectar el origen de la contaminaci\u00f3n a fin de minimizarla o eliminarla para abatir [&hellip;]<\/p>\n","protected":false},"author":5,"featured_media":14552,"parent":0,"menu_order":0,"comment_status":"closed","ping_status":"closed","template":"","meta":{"footnotes":""},"class_list":["post-166","page","type-page","status-publish","has-post-thumbnail","hentry"],"_links":{"self":[{"href":"https:\/\/saludnl.gob.mx\/regulacion-sanitaria\/index.php\/wp-json\/wp\/v2\/pages\/166","targetHints":{"allow":["GET"]}}],"collection":[{"href":"https:\/\/saludnl.gob.mx\/regulacion-sanitaria\/index.php\/wp-json\/wp\/v2\/pages"}],"about":[{"href":"https:\/\/saludnl.gob.mx\/regulacion-sanitaria\/index.php\/wp-json\/wp\/v2\/types\/page"}],"author":[{"embeddable":true,"href":"https:\/\/saludnl.gob.mx\/regulacion-sanitaria\/index.php\/wp-json\/wp\/v2\/users\/5"}],"replies":[{"embeddable":true,"href":"https:\/\/saludnl.gob.mx\/regulacion-sanitaria\/index.php\/wp-json\/wp\/v2\/comments?post=166"}],"version-history":[{"count":19,"href":"https:\/\/saludnl.gob.mx\/regulacion-sanitaria\/index.php\/wp-json\/wp\/v2\/pages\/166\/revisions"}],"predecessor-version":[{"id":28567,"href":"https:\/\/saludnl.gob.mx\/regulacion-sanitaria\/index.php\/wp-json\/wp\/v2\/pages\/166\/revisions\/28567"}],"wp:featuredmedia":[{"embeddable":true,"href":"https:\/\/saludnl.gob.mx\/regulacion-sanitaria\/index.php\/wp-json\/wp\/v2\/media\/14552"}],"wp:attachment":[{"href":"https:\/\/saludnl.gob.mx\/regulacion-sanitaria\/index.php\/wp-json\/wp\/v2\/media?parent=166"}],"curies":[{"name":"wp","href":"https:\/\/api.w.org\/{rel}","templated":true}]}}