{"id":15489,"date":"2023-08-24T16:53:34","date_gmt":"2023-08-24T21:53:34","guid":{"rendered":"https:\/\/saludnl.gob.mx\/regulacion-sanitaria\/?page_id=15489"},"modified":"2024-06-25T17:26:32","modified_gmt":"2024-06-25T22:26:32","slug":"guias-de-autoevaluacion-srfs","status":"publish","type":"page","link":"https:\/\/saludnl.gob.mx\/regulacion-sanitaria\/index.php\/guias-de-autoevaluacion-srfs\/","title":{"rendered":"Gu\u00edas de autoevaluaci\u00f3n SRFS"},"content":{"rendered":"\n<p><\/p>\n\n\n<h2>Conoce nuestras gu\u00edas de autoevaluaci\u00f3n para constatar el cumplimiento de la normativa sanitaria en tu establecimiento<\/h2>\n<h4><a href=\"https:\/\/saludnl.gob.mx\/regulacion-sanitaria\/index.php\/guia-de-auto-evaluacion-farmacovigilancia\/\">Gu\u00eda de Auto Evaluaci\u00f3n Farmacovigilancia<\/a><\/h4>\n<h4><a href=\"https:\/\/saludnl.gob.mx\/regulacion-sanitaria\/index.php\/guia-de-autoevaluacion-para-lactarios\/\" data-type=\"link\" data-id=\"https:\/\/saludnl.gob.mx\/regulacion-sanitaria\/index.php\/guia-de-autoevaluacion-para-lactarios\/\">Gu\u00eda de Auto-Evaluaci\u00f3n para Lactarios y Salas de Lactancia<\/a><\/h4>\n<h4><a href=\"https:\/\/saludnl.gob.mx\/regulacion-sanitaria\/index.php\/guia-de-auto-evaluacion-sanitaria-covid\/\">Gu\u00eda de Auto Evaluaci\u00f3n Sanitaria COVID<\/a><\/h4>\n<h4><a href=\"https:\/\/saludnl.gob.mx\/regulacion-sanitaria\/index.php\/guia-de-autoevaluacion-sanitaria-para-vigilancia-ante-la-emergencia-por-coronavirus-sars-cov-2-covid-19\/\">Gu\u00eda de AutoEvaluaci\u00f3n Sanitaria Para vigilancia ante la emergencia por CORONAVIRUS SARS-COV-2 (COVID-19)<\/a><\/h4>\n<h4><a href=\"https:\/\/saludnl.gob.mx\/regulacion-sanitaria\/index.php\/guia-de-auto-evaluacion-sanitaria-general\/\">Gu\u00eda de Auto Evaluaci\u00f3n Sanitaria General<\/a><\/h4>\n<h4><a href=\"https:\/\/saludnl.gob.mx\/regulacion-sanitaria\/index.php\/sdm_downloads\/guia-de-auto-evaluacion-para-centros-educativos-escuelas\/\">Gu\u00eda de Auto-Evaluaci\u00f3n para centros educativos\/ escuelas<\/a><\/h4>\n\n\n<figure class=\"wp-block-image size-large\"><img loading=\"lazy\" decoding=\"async\" width=\"1024\" height=\"171\" src=\"https:\/\/saludnl.gob.mx\/regulacion-sanitaria\/wp-content\/uploads\/2023\/10\/BS-copia-1024x171.png\" alt=\"\" class=\"wp-image-17182\" srcset=\"https:\/\/saludnl.gob.mx\/regulacion-sanitaria\/wp-content\/uploads\/2023\/10\/BS-copia-1024x171.png 1024w, https:\/\/saludnl.gob.mx\/regulacion-sanitaria\/wp-content\/uploads\/2023\/10\/BS-copia-300x50.png 300w, https:\/\/saludnl.gob.mx\/regulacion-sanitaria\/wp-content\/uploads\/2023\/10\/BS-copia-768x128.png 768w, https:\/\/saludnl.gob.mx\/regulacion-sanitaria\/wp-content\/uploads\/2023\/10\/BS-copia.png 1200w\" sizes=\"auto, (max-width: 1024px) 100vw, 1024px\" \/><\/figure>\n\n\n<h4><a href=\"https:\/\/saludnl.gob.mx\/regulacion-sanitaria\/index.php\/guia-de-autoevaluacion-de-expendio-de-alimentos\/\">Gu\u00eda de Auto-Evaluaci\u00f3n de Expendio de Alimentos<\/a><\/h4>\n<h4><a href=\"https:\/\/saludnl.gob.mx\/regulacion-sanitaria\/index.php\/sdm_downloads\/guia-de-autoevaluacion-de-servicios-de-alimentos-o-bebidas\/\">Gu\u00eda de Auto-Evaluaci\u00f3n de Servicios de Alimentos o Bebidas<\/a><\/h4>\n<h4><a href=\"https:\/\/saludnl.gob.mx\/regulacion-sanitaria\/index.php\/guia-de-auto-evaluacion-sanitaria-para-la-distribucion-venta-y-o-consumo-de-bebidas-alcoholicas-en-establecimientos-y-o-eventos\/\">Gu\u00eda de Auto-Evaluaci\u00f3n Sanitaria Para la distribuci\u00f3n, venta y o consumo de Bebidas Alcoh\u00f3licas en Establecimientos y\/o Eventos<\/a><\/h4>\n<h4><a href=\"https:\/\/saludnl.gob.mx\/regulacion-sanitaria\/index.php\/guia-de-auto-evaluacion-sanitaria-para-hoteles-y-moteles\/\">Gu\u00eda de Auto-Evaluaci\u00f3n Sanitaria Para Hoteles y Moteles<\/a><\/h4>\n<h4><a href=\"https:\/\/saludnl.gob.mx\/regulacion-sanitaria\/index.php\/guia-de-auto-evaluacion-sanitaria-para-albercas\/\">Gu\u00eda de Auto-Evaluaci\u00f3n Sanitaria Para Albercas.<\/a><\/h4>\n<h4><a href=\"https:\/\/saludnl.gob.mx\/regulacion-sanitaria\/index.php\/guia-de-auto-evaluacion-sanitaria-para-panteones\/\">Gu\u00eda de Auto Evaluaci\u00f3n Sanitaria Para Panteones<\/a><\/h4>\n<h4><a href=\"https:\/\/saludnl.gob.mx\/regulacion-sanitaria\/index.php\/guia-de-auto-evaluacion-sanitaria-para-establecimientos-que-procesan-productos-de-aseo\/\">Gu\u00eda de Auto Evaluaci\u00f3n Sanitaria para Establecimientos que procesan productos de aseo<\/a><\/h4>\n<h4><a href=\"https:\/\/saludnl.gob.mx\/regulacion-sanitaria\/index.php\/guia-de-auto-evaluacion-para-el-proceso-de-agua-y-hielo\/\">Gu\u00eda de Auto Evaluaci\u00f3n para el Proceso de agua y hielo<\/a><\/h4>\n<h4><a href=\"https:\/\/saludnl.gob.mx\/regulacion-sanitaria\/index.php\/guia-de-auto-evaluacion-para-el-proceso-de-productos-de-la-pesca\/\">Gu\u00eda de Auto Evaluaci\u00f3n para el Proceso de productos de la pesca<\/a><\/h4>\n<h4><a href=\"https:\/\/saludnl.gob.mx\/regulacion-sanitaria\/index.php\/guia-de-auto-evaluacion-para-tortillerias-y-panaderias\/\">Gu\u00eda de Auto Evaluaci\u00f3n para Tortiller\u00edas y Panader\u00edas<\/a><\/h4>\n<h4><a href=\"https:\/\/saludnl.gob.mx\/regulacion-sanitaria\/index.php\/guia-de-auto-evaluacion-para-rastros-y-unidades-de-sacrificio-o-mataderos\/\">Gu\u00eda de Auto Evaluaci\u00f3n para Rastros y unidades de sacrificio o mataderos<\/a><\/h4>\n<h4><a href=\"https:\/\/saludnl.gob.mx\/regulacion-sanitaria\/index.php\/guia-de-auto-evaluacion-no-venta-de-bebidas-alcoholicas-a-menores-de-edad\/\">Gu\u00eda de Auto Evaluaci\u00f3n &#8220;No venta de bebidas alcoh\u00f3licas a menores de edad&#8221;<\/a><\/h4>\n<h4><a href=\"https:\/\/saludnl.gob.mx\/regulacion-sanitaria\/index.php\/guia-de-auto-evaluacion-para-fabricas-de-bebidas-alcoholicas\/\">Gu\u00eda de Auto Evaluaci\u00f3n para F\u00e1bricas de bebidas alcoh\u00f3licas<\/a><\/h4>\n<h4><a href=\"https:\/\/saludnl.gob.mx\/regulacion-sanitaria\/index.php\/guia-de-auto-evaluacion-para-productos-cosmeticos\/\">Gu\u00eda de Auto Evaluaci\u00f3n para Productos Cosm\u00e9ticos<\/a><\/h4>\n<h4><a href=\"https:\/\/saludnl.gob.mx\/regulacion-sanitaria\/index.php\/guia-de-auto-evaluacion-para-fabricas-de-alimentos-bebidas-o-suplementos-alimenticios\/\">Gu\u00eda de Auto Evaluaci\u00f3n para F\u00e1bricas de alimentos, bebidas o suplementos alimenticios<\/a><\/h4>\n\n\n<figure class=\"wp-block-image size-large\"><img loading=\"lazy\" decoding=\"async\" width=\"1024\" height=\"171\" src=\"https:\/\/saludnl.gob.mx\/regulacion-sanitaria\/wp-content\/uploads\/2023\/10\/Salud-Ambiental-copia-1024x171.png\" alt=\"\" class=\"wp-image-17186\" srcset=\"https:\/\/saludnl.gob.mx\/regulacion-sanitaria\/wp-content\/uploads\/2023\/10\/Salud-Ambiental-copia-1024x171.png 1024w, https:\/\/saludnl.gob.mx\/regulacion-sanitaria\/wp-content\/uploads\/2023\/10\/Salud-Ambiental-copia-300x50.png 300w, https:\/\/saludnl.gob.mx\/regulacion-sanitaria\/wp-content\/uploads\/2023\/10\/Salud-Ambiental-copia-768x128.png 768w, https:\/\/saludnl.gob.mx\/regulacion-sanitaria\/wp-content\/uploads\/2023\/10\/Salud-Ambiental-copia.png 1200w\" sizes=\"auto, (max-width: 1024px) 100vw, 1024px\" \/><\/figure>\n\n\n\n<p class=\"has-vivid-cyan-blue-color has-text-color has-medium-font-size\"><\/p>\n\n\n<h4><a href=\"https:\/\/saludnl.gob.mx\/regulacion-sanitaria\/index.php\/guia-de-autoverificacion-sanitaria-de-la-ley-general-para-el-control-del-tabaco-y-del-rlgcct\/\">Gu\u00eda de Auto-Evaluaci\u00f3n Sanitaria de la Ley General para el Control del Tabaco y del RLGCCT<\/a><\/h4>\n<h4><a href=\"https:\/\/saludnl.gob.mx\/regulacion-sanitaria\/index.php\/guia-de-autoevaluacion-sanitaria-para-venta-de-productos-del-tabaco\/\">Gu\u00eda de Auto-Evaluaci\u00f3n Sanitaria Para Venta de productos del tabaco<\/a><\/h4>\n<h4><a href=\"https:\/\/saludnl.gob.mx\/regulacion-sanitaria\/index.php\/guia-de-autoverificacion-sanitaria-para-veterinarias\/\">Gu\u00eda de Auto-Evaluaci\u00f3n sanitaria para veterinarias<\/a><\/h4>\n<h4><a href=\"https:\/\/saludnl.gob.mx\/regulacion-sanitaria\/index.php\/guia-de-autoevaluacion-para-establecimientos-con-actividad-de-ferreteria\/\">Gu\u00eda de Auto-Evaluaci\u00f3n Para establecimientos con actividad de Ferreter\u00eda.<\/a><\/h4>\n<h4><a href=\"https:\/\/saludnl.gob.mx\/regulacion-sanitaria\/index.php\/guia-de-autoevaluacion-de-funerarias-y-crematorios\/\">Gu\u00eda de Autoevaluaci\u00f3n de Funerarias y Crematorios.<\/a><\/h4>\n<h4><a href=\"https:\/\/saludnl.gob.mx\/regulacion-sanitaria\/index.php\/guia-de-autoevaluacion-para-establecimientos-de-aplicacion-de-plaguicidas\/\">Gu\u00eda de autoevaluaci\u00f3n Para establecimientos de aplicaci\u00f3n de plaguicidas.<\/a><\/h4>\n<h4><a href=\"https:\/\/saludnl.gob.mx\/regulacion-sanitaria\/index.php\/guia-de-autoevaluacion-para-para-sistema-de-abastecimiento-de-agua-de-pozo\/\">Gu\u00eda de autoevaluaci\u00f3n para Sistema de abastecimiento de agua de pozo<\/a><\/h4>\n<h4><a href=\"https:\/\/saludnl.gob.mx\/regulacion-sanitaria\/index.php\/guia-de-autoevaluacion-sanitaria-para-sistema-publico-o-privado-de-abastecimiento-de-agua\/\">Gu\u00eda de Auto-Evaluaci\u00f3n Sanitaria Para Sistema p\u00fablico o privado de abastecimiento de agua.<\/a><\/h4>\n<h4><a href=\"https:\/\/saludnl.gob.mx\/regulacion-sanitaria\/index.php\/guia-de-auto-evaluacion-sanitaria-para-empresas-desinfectantes\/\">Gu\u00eda de Auto-Evaluaci\u00f3n Sanitaria Para Empresas Desinfectantes.<\/a><\/h4>\n<h4><a href=\"https:\/\/saludnl.gob.mx\/regulacion-sanitaria\/index.php\/guia-de-autoevaluacion-sanitaria-para-salud-ambiental-y-ocupacional-en-la-industria\/\">Gu\u00eda de Auto-Evaluaci\u00f3n Sanitaria Para Salud Ambiental y Ocupacional en la Industria.<\/a><\/h4>\n<h4><a href=\"https:\/\/saludnl.gob.mx\/regulacion-sanitaria\/index.php\/guia-de-autoevaluacion-sanitaria-para-establecimientos-que-aplican-plaguicidas\/\">Gu\u00eda de Auto-Evaluaci\u00f3n Sanitaria Para establecimientos que aplican plaguicidas.<\/a><\/h4>\n<h4><a href=\"https:\/\/saludnl.gob.mx\/regulacion-sanitaria\/index.php\/guia-de-autoevaluacion-sanitaria-para-establecimientos-que-aplican-plaguicidas\/\">Gu\u00eda de Auto-Evaluaci\u00f3n Sanitaria Para establecimientos que almacenan y comercializan plaguicidas, nutrientes vegetales y sustancias t\u00f3xicas.<\/a><\/h4>\n\n\n<figure class=\"wp-block-image size-large\"><img loading=\"lazy\" decoding=\"async\" width=\"1024\" height=\"171\" src=\"https:\/\/saludnl.gob.mx\/regulacion-sanitaria\/wp-content\/uploads\/2023\/10\/SS-copia-1024x171.png\" alt=\"\" class=\"wp-image-17187\" srcset=\"https:\/\/saludnl.gob.mx\/regulacion-sanitaria\/wp-content\/uploads\/2023\/10\/SS-copia-1024x171.png 1024w, https:\/\/saludnl.gob.mx\/regulacion-sanitaria\/wp-content\/uploads\/2023\/10\/SS-copia-300x50.png 300w, https:\/\/saludnl.gob.mx\/regulacion-sanitaria\/wp-content\/uploads\/2023\/10\/SS-copia-768x128.png 768w, https:\/\/saludnl.gob.mx\/regulacion-sanitaria\/wp-content\/uploads\/2023\/10\/SS-copia.png 1200w\" sizes=\"auto, (max-width: 1024px) 100vw, 1024px\" \/><\/figure>\n\n\n<h4><a href=\"https:\/\/saludnl.gob.mx\/regulacion-sanitaria\/index.php\/guia-de-autoevaluacion-para-establecimientos-especializados-en-la-atencion-de-las-adicciones-derivado-de-atencion-medica\/\">Gu\u00eda de Auto-Evaluaci\u00f3n Para establecimientos especializados en la Atenci\u00f3n de las Adicciones derivado de atenci\u00f3n m\u00e9dica<\/a><\/h4>\n<h4><a href=\"https:\/\/saludnl.gob.mx\/regulacion-sanitaria\/index.php\/guia-de-auto-evaluacion-sanitaria-para-establecimientos-con-atencion-a-las-adicciones-por-saneamiento\/\">Gu\u00eda de Auto-Evaluaci\u00f3n Sanitaria Para Establecimientos con Atenci\u00f3n a las Adicciones por Saneamiento<\/a><\/h4>\n<h4><a href=\"https:\/\/saludnl.gob.mx\/regulacion-sanitaria\/index.php\/guia-de-autoevaluacion-de-consultorios-medicos-generales-y-de-especialidad\/\" data-type=\"link\" data-id=\"https:\/\/saludnl.gob.mx\/regulacion-sanitaria\/index.php\/guia-de-autoevaluacion-de-consultorios-medicos-generales-y-de-especialidad\/\">Gu\u00eda de Auto-Evaluaci\u00f3n de Consultorios M\u00e9dicos Generales y de Especialidad<\/a><\/h4>\n<h4><a href=\"https:\/\/saludnl.gob.mx\/regulacion-sanitaria\/index.php\/guia-de-autoevaluacion-de-establecimientos-con-mastografias\/\" data-type=\"link\" data-id=\"https:\/\/saludnl.gob.mx\/regulacion-sanitaria\/index.php\/guia-de-autoevaluacion-de-establecimientos-con-mastografias\/\">Gu\u00eda de Auto-Evaluaci\u00f3n de Establecimientos con Mastograf\u00edas.<\/a><\/h4>\n<h4><a href=\"https:\/\/saludnl.gob.mx\/regulacion-sanitaria\/index.php\/guia-de-autoevaluacion-para-el-servicio-de-atencion-medica-con-hemodialisis\" data-type=\"link\" data-id=\"https:\/\/saludnl.gob.mx\/regulacion-sanitaria\/index.php\/guia-de-autoevaluacion-para-el-servicio-de-atencion-medica-con-hemodialisis\">Gu\u00eda de Auto-Evaluaci\u00f3n para El servicio de Atenci\u00f3n M\u00e9dica con Hemodi\u00e1lisis.<\/a><\/h4>\n<h4><a href=\"https:\/\/saludnl.gob.mx\/regulacion-sanitaria\/index.php\/autoevaluacion-asistencia-social\/\">Gu\u00eda de Auto-Evaluaci\u00f3n Sanitaria Para Establecimientos con Asistencia Social<\/a><\/h4>\n<h4><a href=\"https:\/\/saludnl.gob.mx\/regulacion-sanitaria\/index.php\/guia-de-auto-evaluacion-sanitaria-atencion-medica-gabinetes-toma-de-muestras\/\">Gu\u00eda de Auto-Evaluaci\u00f3n Sanitaria Atenci\u00f3n M\u00e9dica Gabinetes Toma de Muestras.<\/a><\/h4>\n<h4><a href=\"https:\/\/saludnl.gob.mx\/regulacion-sanitaria\/index.php\/guia-de-auto-evaluacion-sanitaria-para-atencion-medica-hospitalaria\/\">Gu\u00eda de Auto-Evaluaci\u00f3n Sanitaria Para Atenci\u00f3n M\u00e9dica Hospitalaria<\/a><\/h4>\n<h4><a href=\"https:\/\/saludnl.gob.mx\/regulacion-sanitaria\/index.php\/guia-de-auto-evaluacion-sanitaria-para-banco-de-sangre-serologia-e-inmunohematologia\/\">Gu\u00eda de Auto-Evaluaci\u00f3n Sanitaria Para Banco de Sangre, Serolog\u00eda e Inmunohematolog\u00eda<\/a><\/h4>\n<h4><a href=\"https:\/\/saludnl.gob.mx\/regulacion-sanitaria\/index.php\/guia-de-auto-evaluacion-sanitaria-para-laboratorios-clinicos\/\">Gu\u00eda de Auto-Evaluaci\u00f3n Sanitaria Para Laboratorios Cl\u00ednicos<\/a><\/h4>\n<h4><a href=\"https:\/\/saludnl.gob.mx\/regulacion-sanitaria\/index.php\/guia-de-auto-evaluacion-sanitaria-para-banco-de-sangre\/\">Gu\u00eda de Auto-Evaluaci\u00f3n Sanitaria Para Banco de Sangre<\/a><\/h4>\n<h4><a href=\"https:\/\/saludnl.gob.mx\/regulacion-sanitaria\/index.php\/guia-de-auto-evaluacion-sanitaria-para-servicio-de-transfusion-hospitalario\/\">Gu\u00eda-de-Auto-Evaluaci\u00f3n-Sanitaria Para Servicio de Transfusi\u00f3n Hospitalario.<\/a><\/h4>\n<h4><a href=\"https:\/\/saludnl.gob.mx\/regulacion-sanitaria\/index.php\/guia-de-auto-evaluacion-sanitaria-para-establecimientos-de-vigilancia-y-prevencion-de-infecciones-nosocomiales\/\">Gu\u00eda de Auto-Evaluaci\u00f3n Sanitaria Para establecimientos de vigilancia y prevenci\u00f3n de infecciones nosocomiales<\/a><\/h4>\n<h4><a href=\"https:\/\/saludnl.gob.mx\/regulacion-sanitaria\/index.php\/guia-de-auto-evaluacion-sanitaria-para-establecimientos-que-realizan-o-atienden-cirugia-mayor-ambulatoria\/\">Gu\u00eda de Auto-Evaluaci\u00f3n Sanitaria Para establecimientos que realizan o atienden cirugia mayor ambulatoria<\/a><\/h4>\n<h4><a href=\"https:\/\/saludnl.gob.mx\/regulacion-sanitaria\/index.php\/guia-de-auto-evaluacion-sanitaria-para-prevenir-la-muerte-materna\/\">Gu\u00eda de Auto-Evaluaci\u00f3n Sanitaria Para Prevenir la Muerte Materna<\/a><\/h4>\n<h4><a href=\"https:\/\/saludnl.gob.mx\/regulacion-sanitaria\/index.php\/guia-de-autoevaluacion-diagnostico-medico-mediante-rayos-x\/\">Gu\u00eda de Auto-Evaluaci\u00f3n Diagn\u00f3stico M\u00e9dico mediante Rayos X<\/a><\/h4>\n<h4><a href=\"https:\/\/saludnl.gob.mx\/regulacion-sanitaria\/index.php\/guia-de-autoevaluacion-de-establecimientos-con-atencion-estomatologica\/\">Gu\u00eda de Auto-Evaluaci\u00f3n de Establecimientos con Atenci\u00f3n Estomatol\u00f3gica<\/a><\/h4>\n<h4><a href=\"https:\/\/saludnl.gob.mx\/regulacion-sanitaria\/index.php\/guia-de-auto-evaluacion-sanitaria-para-modulos-covid\/\">Gu\u00eda de Auto-Evaluaci\u00f3n Sanitaria Para M\u00f3dulos Covid.<\/a><\/h4>\n<h4><a href=\"https:\/\/saludnl.gob.mx\/regulacion-sanitaria\/index.php\/guia-de-autoevaluacion-atencion-materna-y-lactancia\/\">Gu\u00eda de Auto-Evaluaci\u00f3n Atenci\u00f3n Materna y Lactancia.<\/a><\/h4>\n<h4><a href=\"https:\/\/saludnl.gob.mx\/regulacion-sanitaria\/index.php\/guia-de-auto-evaluacion-sanitaria-para-establecimientos-que-realizan-tatuajes-micropigmentacion-y-perforaciones\/\">Gu\u00eda de Auto-Evaluaci\u00f3n Sanitaria Para Establecimientos que realizan tatuajes, micropigmentaci\u00f3n y perforaciones.<\/a><\/h4>\n<h4><a href=\"https:\/\/saludnl.gob.mx\/regulacion-sanitaria\/index.php\/guia-de-autoverificacion-para-ambulancias\/\">Gu\u00eda de Auto-Evaluaci\u00f3n para Ambulancias<\/a><\/h4>\n<h4><a href=\"https:\/\/saludnl.gob.mx\/regulacion-sanitaria\/index.php\/guia-de-auto-evaluacion-para-albergues\/\">Gu\u00eda de Auto Evaluaci\u00f3n Para Albergues<\/a><\/h4>\n<h4><a href=\"https:\/\/saludnl.gob.mx\/regulacion-sanitaria\/index.php\/sdm_downloads\/guia-de-auto-evaluacion-para-centros-educativos-escuelas\/\">Gu\u00eda de Auto-Evaluaci\u00f3n para centros educativos\/ escuelas<\/a><\/h4>\n<h4><a href=\"https:\/\/saludnl.gob.mx\/regulacion-sanitaria\/?post_type=sdm_downloads&amp;p=20081&amp;preview=true\">Gu\u00eda de Auto-Evaluaci\u00f3n para Orfanatos<\/a><\/h4>\n<h4><a href=\"https:\/\/saludnl.gob.mx\/regulacion-sanitaria\/?sdm_process_download=1&amp;download_id=20375\">Gu\u00eda de Auto- Evaluaci\u00f3n para establecimientos con actividades de SPA<\/a><\/h4>\n\n\n<p><\/p>\n\n\n<p><img loading=\"lazy\" decoding=\"async\" class=\"aligncenter wp-image-17184 size-full\" src=\"https:\/\/saludnl.gob.mx\/regulacion-sanitaria\/wp-content\/uploads\/2023\/10\/Insumos-copia.png\" alt=\"\" width=\"1200\" height=\"200\" srcset=\"https:\/\/saludnl.gob.mx\/regulacion-sanitaria\/wp-content\/uploads\/2023\/10\/Insumos-copia.png 1200w, https:\/\/saludnl.gob.mx\/regulacion-sanitaria\/wp-content\/uploads\/2023\/10\/Insumos-copia-300x50.png 300w, https:\/\/saludnl.gob.mx\/regulacion-sanitaria\/wp-content\/uploads\/2023\/10\/Insumos-copia-1024x171.png 1024w, https:\/\/saludnl.gob.mx\/regulacion-sanitaria\/wp-content\/uploads\/2023\/10\/Insumos-copia-768x128.png 768w\" sizes=\"auto, (max-width: 1200px) 100vw, 1200px\" \/><\/p>\n<h4><a href=\"https:\/\/saludnl.gob.mx\/regulacion-sanitaria\/index.php\/guia-de-auto-evaluacion-sanitaria-para-farmacias-boticas-y-droguerias\/\">Gu\u00eda de Auto-Evaluaci\u00f3n Sanitaria para Farmacias, Boticas y Droguer\u00edas.<\/a><\/h4>\n<h4><a href=\"https:\/\/saludnl.gob.mx\/regulacion-sanitaria\/index.php\/guia-de-autoevaluacion-para-almacenes-de-deposito-y-distribucion-de-medicamentos-y-demas-insumos-para-la-salud\/\">Gu\u00eda de Auto-Evaluaci\u00f3n Para almacenes de dep\u00f3sito y distribuci\u00f3n de medicamentos y dem\u00e1s insumos para la salud.<\/a><\/h4>\n<h4><a href=\"https:\/\/saludnl.gob.mx\/regulacion-sanitaria\/index.php\/guia-de-autoevaluacion-para-almacenes-de-dispositivos-medicos\/\">Gu\u00eda de Auto-Evaluaci\u00f3n Para Almacenes de dispositivos m\u00e9dicos.<\/a><\/h4>\n<h4><a href=\"https:\/\/saludnl.gob.mx\/regulacion-sanitaria\/index.php\/guia-de-autoevaluacion-para-fabricas-de-dispositivos-medicos\/\">Gu\u00eda de Auto-Evaluaci\u00f3n para F\u00e1bricas de dispositivos m\u00e9dicos<\/a><\/h4>\n<h4>\u00a0<\/h4>","protected":false},"excerpt":{"rendered":"<p>Conoce nuestras gu\u00edas de autoevaluaci\u00f3n para constatar el cumplimiento de la normativa sanitaria en tu establecimiento Gu\u00eda de Auto Evaluaci\u00f3n Farmacovigilancia Gu\u00eda de Auto-Evaluaci\u00f3n para Lactarios y Salas de Lactancia Gu\u00eda de Auto Evaluaci\u00f3n Sanitaria COVID Gu\u00eda de AutoEvaluaci\u00f3n Sanitaria Para vigilancia ante la emergencia por CORONAVIRUS SARS-COV-2 (COVID-19) Gu\u00eda de Auto Evaluaci\u00f3n Sanitaria General [&hellip;]<\/p>\n","protected":false},"author":5,"featured_media":0,"parent":0,"menu_order":0,"comment_status":"closed","ping_status":"closed","template":"","meta":{"footnotes":""},"class_list":["post-15489","page","type-page","status-publish","hentry"],"_links":{"self":[{"href":"https:\/\/saludnl.gob.mx\/regulacion-sanitaria\/index.php\/wp-json\/wp\/v2\/pages\/15489","targetHints":{"allow":["GET"]}}],"collection":[{"href":"https:\/\/saludnl.gob.mx\/regulacion-sanitaria\/index.php\/wp-json\/wp\/v2\/pages"}],"about":[{"href":"https:\/\/saludnl.gob.mx\/regulacion-sanitaria\/index.php\/wp-json\/wp\/v2\/types\/page"}],"author":[{"embeddable":true,"href":"https:\/\/saludnl.gob.mx\/regulacion-sanitaria\/index.php\/wp-json\/wp\/v2\/users\/5"}],"replies":[{"embeddable":true,"href":"https:\/\/saludnl.gob.mx\/regulacion-sanitaria\/index.php\/wp-json\/wp\/v2\/comments?post=15489"}],"version-history":[{"count":61,"href":"https:\/\/saludnl.gob.mx\/regulacion-sanitaria\/index.php\/wp-json\/wp\/v2\/pages\/15489\/revisions"}],"predecessor-version":[{"id":20380,"href":"https:\/\/saludnl.gob.mx\/regulacion-sanitaria\/index.php\/wp-json\/wp\/v2\/pages\/15489\/revisions\/20380"}],"wp:attachment":[{"href":"https:\/\/saludnl.gob.mx\/regulacion-sanitaria\/index.php\/wp-json\/wp\/v2\/media?parent=15489"}],"curies":[{"name":"wp","href":"https:\/\/api.w.org\/{rel}","templated":true}]}}