{"id":14767,"date":"2023-07-11T13:39:33","date_gmt":"2023-07-11T18:39:33","guid":{"rendered":"https:\/\/saludnl.gob.mx\/regulacion-sanitaria\/?page_id=14767"},"modified":"2023-07-11T15:38:47","modified_gmt":"2023-07-11T20:38:47","slug":"normas-oficiales-mexicanas","status":"publish","type":"page","link":"https:\/\/saludnl.gob.mx\/regulacion-sanitaria\/index.php\/normas-oficiales-mexicanas\/","title":{"rendered":"Normas Oficiales Mexicanas"},"content":{"rendered":"\n<p>Consulta por temas las Normas Oficiales Mexicanas, que la Comisi\u00f3n Federal expide en el seno del Comit\u00e9 Consultivo Nacional de Normalizaci\u00f3n de Regulaci\u00f3n y Fomento Sanitario, las cuales establecen las reglas, especificaciones, atributos, directrices, caracter\u00edsticas o prescripciones aplicables a un producto, proceso, instalaci\u00f3n, sistema, actividad, servicio o m\u00e9todo de producci\u00f3n u operaci\u00f3n, as\u00ed como aquellas relativas a terminolog\u00eda, simbolog\u00eda, embalaje, marcado o etiquetado, as\u00ed como las que se refieran a su cumplimiento o aplicaci\u00f3n en materia de control y fomento sanitario.<\/p>\n\n\n\n<p><\/p>\n\n\n\n<div class=\"wp-block-columns is-layout-flex wp-container-core-columns-is-layout-9d6595d7 wp-block-columns-is-layout-flex\">\n<div class=\"wp-block-column is-layout-flow wp-block-column-is-layout-flow\">\n<ul class=\"nav menu\">\n<li class=\"item-147\"><a href=\"http:\/\/transparencia.cofepris.gob.mx\/index.php\/es\/marco-juridico\/normas-oficiales-mexicanas\/agua\">Agua<\/a><\/li>\n<li class=\"item-148\"><a href=\"http:\/\/transparencia.cofepris.gob.mx\/index.php\/es\/marco-juridico\/normas-oficiales-mexicanas\/alcohol\">Alcohol<\/a><\/li>\n<li class=\"item-149\"><a href=\"http:\/\/transparencia.cofepris.gob.mx\/index.php\/es\/marco-juridico\/normas-oficiales-mexicanas\/alimentos\">Alimentos<\/a><\/li>\n<li class=\"item-150\"><a href=\"http:\/\/transparencia.cofepris.gob.mx\/index.php\/es\/marco-juridico\/normas-oficiales-mexicanas\/bebidas-alcoholicas\">Bebidas alcoh\u00f3licas<\/a><\/li>\n<li class=\"item-151\"><a href=\"http:\/\/transparencia.cofepris.gob.mx\/index.php\/es\/marco-juridico\/normas-oficiales-mexicanas\/bebidas-no-alcoholicas\">Bebidas no alcoh\u00f3licas<\/a><\/li>\n<li class=\"item-152\"><a href=\"http:\/\/transparencia.cofepris.gob.mx\/index.php\/es\/marco-juridico\/normas-oficiales-mexicanas\/buenas-practicas\">Buenas pr\u00e1cticas<\/a><\/li>\n<li class=\"item-153\"><a href=\"http:\/\/transparencia.cofepris.gob.mx\/index.php\/es\/marco-juridico\/normas-oficiales-mexicanas\/calidad-del-aire\">Calidad del aire<\/a><\/li>\n<li class=\"item-154\"><a href=\"http:\/\/transparencia.cofepris.gob.mx\/index.php\/es\/marco-juridico\/normas-oficiales-mexicanas\/ceramica-y-alfareria\">Cer\u00e1mica y alfarer\u00eda<\/a><\/li>\n<li class=\"item-155\"><a href=\"http:\/\/transparencia.cofepris.gob.mx\/index.php\/es\/marco-juridico\/normas-oficiales-mexicanas\/cereales\">Cereales<\/a><\/li>\n<li class=\"item-156\"><a href=\"http:\/\/transparencia.cofepris.gob.mx\/index.php\/es\/marco-juridico\/normas-oficiales-mexicanas\/dispositivos-medicos\">Dispositivos m\u00e9dicos<\/a><\/li>\n<li class=\"item-157\"><a href=\"http:\/\/transparencia.cofepris.gob.mx\/index.php\/es\/marco-juridico\/normas-oficiales-mexicanas\/envases\">Envases<\/a><\/li>\n<li class=\"item-158\"><a href=\"http:\/\/transparencia.cofepris.gob.mx\/index.php\/es\/marco-juridico\/normas-oficiales-mexicanas\/rayos-x\">Equipo de rayos X<\/a><\/li>\n<li class=\"item-159\"><a href=\"http:\/\/transparencia.cofepris.gob.mx\/index.php\/es\/marco-juridico\/normas-oficiales-mexicanas\/instrumentos-medicos-y-quirurgicos\">Equipos e Instrumentos M\u00e9dicos y Quir\u00fargicos<\/a><\/li>\n<\/ul>\n<p>\u00a0<\/p>\n<p>\u00a0<\/p>\n<p>\u00a0<\/p>\n<p>\u00a0<\/p>\n<p>\u00a0<\/p>\n<p>\u00a0<\/p>\n<p>\u00a0<\/p>\n<p>\u00a0<\/p>\n<\/div>\n\n\n\n<div class=\"wp-block-column is-layout-flow wp-block-column-is-layout-flow\">\n<ul class=\"nav menu\">\n<li class=\"item-160\"><a href=\"http:\/\/transparencia.cofepris.gob.mx\/index.php\/es\/marco-juridico\/normas-oficiales-mexicanas\/etiquetado\">Etiquetado<\/a><\/li>\n<li class=\"item-161\"><a href=\"http:\/\/transparencia.cofepris.gob.mx\/index.php\/es\/marco-juridico\/normas-oficiales-mexicanas\/evaluacion-y-analisis-de-riesgo\">Evaluaci\u00f3n y An\u00e1lisis de Riesgo<\/a><\/li>\n<li class=\"item-162\"><a href=\"http:\/\/transparencia.cofepris.gob.mx\/index.php\/es\/marco-juridico\/normas-oficiales-mexicanas\/farmacos\">F\u00e1rmacos<\/a><\/li>\n<li class=\"item-163\"><a href=\"http:\/\/transparencia.cofepris.gob.mx\/index.php\/es\/marco-juridico\/normas-oficiales-mexicanas\/farmacopea\">Farmacopea<\/a><\/li>\n<li class=\"item-164\"><a href=\"http:\/\/transparencia.cofepris.gob.mx\/index.php\/es\/marco-juridico\/normas-oficiales-mexicanas\/farmacovigilancia\">Farmacovigilancia<\/a><\/li>\n<li class=\"item-165\"><a href=\"http:\/\/transparencia.cofepris.gob.mx\/index.php\/es\/marco-juridico\/normas-oficiales-mexicanas\/formula-lactea\">F\u00f3rmula para Lactantes<\/a><\/li>\n<li class=\"item-166\"><a href=\"http:\/\/transparencia.cofepris.gob.mx\/index.php\/es\/marco-juridico\/normas-oficiales-mexicanas\/juguetes-y-articulos-escolares\">Juguetes y Art\u00edculos Escolares<\/a><\/li>\n<li class=\"item-167\"><a href=\"http:\/\/transparencia.cofepris.gob.mx\/index.php\/es\/marco-juridico\/normas-oficiales-mexicanas\/laboratorios\">Laboratorios<\/a><\/li>\n<li class=\"item-168\"><a href=\"http:\/\/transparencia.cofepris.gob.mx\/index.php\/es\/marco-juridico\/normas-oficiales-mexicanas\/medicamentos\">Medicamentos<\/a><\/li>\n<li class=\"item-169\"><a href=\"http:\/\/transparencia.cofepris.gob.mx\/index.php\/es\/marco-juridico\/normas-oficiales-mexicanas\/metodos-de-prueba\">M\u00e9todos de Prueba<\/a><\/li>\n<li class=\"item-170\"><a href=\"http:\/\/transparencia.cofepris.gob.mx\/index.php\/es\/marco-juridico\/normas-oficiales-mexicanas\/nutrientes-vegetales\">Nutrientes Vegetales<\/a><\/li>\n<li class=\"item-171\"><a href=\"http:\/\/transparencia.cofepris.gob.mx\/index.php\/es\/marco-juridico\/normas-oficiales-mexicanas\/plaguicidas\">Plaguicidas<\/a><\/li>\n<\/ul>\n<\/div>\n\n\n\n<div class=\"wp-block-column is-layout-flow wp-block-column-is-layout-flow\">\n<ul class=\"nav menu\">\n<li class=\"item-172\"><a href=\"http:\/\/transparencia.cofepris.gob.mx\/index.php\/es\/marco-juridico\/normas-oficiales-mexicanas\/plomo\">Plomo<\/a><\/li>\n<li class=\"item-173\"><a href=\"http:\/\/transparencia.cofepris.gob.mx\/index.php\/es\/marco-juridico\/normas-oficiales-mexicanas\/productos-carnicos\">Productos C\u00e1rnicos<\/a><\/li>\n<li class=\"item-174\"><a href=\"http:\/\/transparencia.cofepris.gob.mx\/index.php\/es\/marco-juridico\/normas-oficiales-mexicanas\/aseo-y-limpieza\">Productos de Aseo y Limpieza<\/a><\/li>\n<li class=\"item-175\"><a href=\"http:\/\/transparencia.cofepris.gob.mx\/index.php\/es\/marco-juridico\/normas-oficiales-mexicanas\/pesca\">Productos de la Pesca<\/a><\/li>\n<li class=\"item-176\"><a href=\"http:\/\/transparencia.cofepris.gob.mx\/index.php\/es\/marco-juridico\/normas-oficiales-mexicanas\/cosmeticos\">Productos Cosm\u00e9ticos<\/a><\/li>\n<li class=\"item-177\"><a href=\"http:\/\/transparencia.cofepris.gob.mx\/index.php\/es\/marco-juridico\/normas-oficiales-mexicanas\/reactivos-y-cultivos\">Reactivos y Medios de Cultivo<\/a><\/li>\n<li class=\"item-178\"><a href=\"http:\/\/transparencia.cofepris.gob.mx\/index.php\/es\/marco-juridico\/normas-oficiales-mexicanas\/herbolarios\">Remedios Herbolarios<\/a><\/li>\n<li class=\"item-179\"><a href=\"http:\/\/transparencia.cofepris.gob.mx\/index.php\/es\/marco-juridico\/normas-oficiales-mexicanas\/rpbis\">Residuos Peligrosos Biol\u00f3gico-Infecciosos<\/a><\/li>\n<li class=\"item-180\"><a href=\"http:\/\/transparencia.cofepris.gob.mx\/index.php\/es\/marco-juridico\/normas-oficiales-mexicanas\/salud-ocupacional\">Salud Ocupacional<\/a><\/li>\n<li class=\"item-181\"><a href=\"http:\/\/transparencia.cofepris.gob.mx\/index.php\/es\/marco-juridico\/normas-oficiales-mexicanas\/sangre-humana\">Sangre Humana<\/a><\/li>\n<li class=\"item-182\"><a href=\"http:\/\/transparencia.cofepris.gob.mx\/index.php\/es\/marco-juridico\/normas-oficiales-mexicanas\/suplementos\">Suplementos Alimenticios<\/a><\/li>\n<li class=\"item-183\"><a href=\"http:\/\/transparencia.cofepris.gob.mx\/index.php\/es\/marco-juridico\/normas-oficiales-mexicanas\/sustancias-toxicas\">Sustancias T\u00f3xicas<\/a><\/li>\n<\/ul>\n<\/div>\n<\/div>\n","protected":false},"excerpt":{"rendered":"<p>Consulta por temas las Normas Oficiales Mexicanas, que la Comisi\u00f3n Federal expide en el seno del Comit\u00e9 Consultivo Nacional de Normalizaci\u00f3n de Regulaci\u00f3n y Fomento Sanitario, las cuales establecen las reglas, especificaciones, atributos, directrices, caracter\u00edsticas o prescripciones aplicables a un producto, proceso, instalaci\u00f3n, sistema, actividad, servicio o m\u00e9todo de producci\u00f3n u operaci\u00f3n, as\u00ed como aquellas [&hellip;]<\/p>\n","protected":false},"author":5,"featured_media":0,"parent":0,"menu_order":0,"comment_status":"closed","ping_status":"closed","template":"","meta":{"footnotes":""},"class_list":["post-14767","page","type-page","status-publish","hentry"],"_links":{"self":[{"href":"https:\/\/saludnl.gob.mx\/regulacion-sanitaria\/index.php\/wp-json\/wp\/v2\/pages\/14767","targetHints":{"allow":["GET"]}}],"collection":[{"href":"https:\/\/saludnl.gob.mx\/regulacion-sanitaria\/index.php\/wp-json\/wp\/v2\/pages"}],"about":[{"href":"https:\/\/saludnl.gob.mx\/regulacion-sanitaria\/index.php\/wp-json\/wp\/v2\/types\/page"}],"author":[{"embeddable":true,"href":"https:\/\/saludnl.gob.mx\/regulacion-sanitaria\/index.php\/wp-json\/wp\/v2\/users\/5"}],"replies":[{"embeddable":true,"href":"https:\/\/saludnl.gob.mx\/regulacion-sanitaria\/index.php\/wp-json\/wp\/v2\/comments?post=14767"}],"version-history":[{"count":2,"href":"https:\/\/saludnl.gob.mx\/regulacion-sanitaria\/index.php\/wp-json\/wp\/v2\/pages\/14767\/revisions"}],"predecessor-version":[{"id":14773,"href":"https:\/\/saludnl.gob.mx\/regulacion-sanitaria\/index.php\/wp-json\/wp\/v2\/pages\/14767\/revisions\/14773"}],"wp:attachment":[{"href":"https:\/\/saludnl.gob.mx\/regulacion-sanitaria\/index.php\/wp-json\/wp\/v2\/media?parent=14767"}],"curies":[{"name":"wp","href":"https:\/\/api.w.org\/{rel}","templated":true}]}}