{"id":14070,"date":"2023-04-27T11:56:58","date_gmt":"2023-04-27T16:56:58","guid":{"rendered":"https:\/\/saludnl.gob.mx\/regulacion-sanitaria\/?page_id=14070"},"modified":"2023-04-27T12:21:42","modified_gmt":"2023-04-27T17:21:42","slug":"declaracion-de-acapulco","status":"publish","type":"page","link":"https:\/\/saludnl.gob.mx\/regulacion-sanitaria\/index.php\/declaracion-de-acapulco\/","title":{"rendered":"Declaraci\u00f3n de Acapulco"},"content":{"rendered":"<h3><img loading=\"lazy\" decoding=\"async\" class=\" wp-image-14071 aligncenter\" src=\"https:\/\/saludnl.gob.mx\/regulacion-sanitaria\/wp-content\/uploads\/2023\/04\/Declaracion-de-acapulco.jpg\" alt=\"\" width=\"900\" height=\"600\" srcset=\"https:\/\/saludnl.gob.mx\/regulacion-sanitaria\/wp-content\/uploads\/2023\/04\/Declaracion-de-acapulco.jpg 1024w, https:\/\/saludnl.gob.mx\/regulacion-sanitaria\/wp-content\/uploads\/2023\/04\/Declaracion-de-acapulco-300x200.jpg 300w, https:\/\/saludnl.gob.mx\/regulacion-sanitaria\/wp-content\/uploads\/2023\/04\/Declaracion-de-acapulco-768x512.jpg 768w, https:\/\/saludnl.gob.mx\/regulacion-sanitaria\/wp-content\/uploads\/2023\/04\/Declaracion-de-acapulco-272x182.jpg 272w\" sizes=\"auto, (max-width: 900px) 100vw, 900px\" \/><\/h3>\n<h4><strong>Acapulco, Guerrero, M\u00e9xico, 26 de abril de 2023.<\/strong><\/h4>\n<h4 class=\"imagen-principal\" style=\"text-align: left;\"><span class=\"small\">M\u00e9xico, Colombia y Cuba firman Declaraci\u00f3n de Acapulco para la creaci\u00f3n de la Agencia Reguladora de Medicamentos y Dispositivos M\u00e9dicos de Latinoam\u00e9rica y el Caribe (Amlac).<\/span><\/h4>\n<div class=\"article-body\">\n<ul>\n<li>\n<h4>Este nuevo organismo permitir\u00e1 alcanzar la autosuficiencia sanitaria en la regi\u00f3n y garantizar el acceso a medicamentos seguros, eficaces y de calidad<\/h4>\n<\/li>\n<li>\n<h4>Se invitar\u00e1 a otras agencias sanitarias como las de Argentina, Brasil y Chile a formar parte de esta iniciativa<\/h4>\n<\/li>\n<\/ul>\n<p>La Comisi\u00f3n Federal para la Protecci\u00f3n contra Riesgos Sanitarios (Cofepris) de M\u00e9xico, el Instituto Nacional de Vigilancia de Medicamentos y Alimentos (Invima) de Colombia; y el Centro para el Control Estatal de Medicamentos, Equipos y Dispositivos M\u00e9dicos (Cecmed) de Cuba, autoridades reguladoras nacionales de referencia regional, firmaron la Declaraci\u00f3n de Acapulco para la creaci\u00f3n de la Agencia Reguladora de Medicamentos y Dispositivos M\u00e9dicos de Latinoam\u00e9rica y el Caribe (Amlac). En esta reuni\u00f3n, los representantes de los tres pa\u00edses se comprometieron a trabajar conjuntamente para promover la autosuficiencia sanitaria en la regi\u00f3n.<\/p>\n<p>La Declaraci\u00f3n de Acapulco reconoce los desaf\u00edos que enfrentan Am\u00e9rica Latina y el Caribe en los \u00e1mbitos sanitario, productivo, econ\u00f3mico y social, especialmente en momentos de emergencia como la pandemia del SARS-CoV-2. Por esta raz\u00f3n, se ha propuesto la creaci\u00f3n de Amlac como mecanismo para contribuir a la integraci\u00f3n regional a trav\u00e9s de la armonizaci\u00f3n y la convergencia en la regulaci\u00f3n sanitaria, en favor del acceso a medicamentos y dispositivos m\u00e9dicos seguros, eficaces y de calidad.<\/p>\n<p>Adem\u00e1s, la Declaraci\u00f3n de Acapulco invit\u00f3 a las autoridades reguladoras nacionales de referencia regional de Argentina, Brasil y Chile a sumarse a esta iniciativa, y convoc\u00f3 al South Centre, organismo intergubernamental de pa\u00edses en desarrollo al que pertenecen Colombia y Cuba, para que sume su apoyo t\u00e9cnico y pol\u00edtico en el escenario internacional. De igual manera, se acord\u00f3 mantener debidamente informada a la presidencia pro-tempore de la Comunidad de Estados Latinoamericanos y Caribe\u00f1os (PPT-Celac) sobre el proceso de constituci\u00f3n de Amlac, con el fin de propiciar un amplio intercambio de saberes y recibir los aportes de los pa\u00edses miembros interesados.<\/p>\n<p>Una de las principales estrategias de Amlac es implementar el plan de autosuficiencia sanitaria dise\u00f1ado por la Comisi\u00f3n Econ\u00f3mica para Am\u00e9rica Latina y el Caribe (Cepal), el cual se dio a conocer durante la cumbre de Celac 2021, mediante una alianza solidaria entre Invima, Cecmed y Cofepris.<\/p>\n<p>El secretario de Salud federal de M\u00e9xico, Jorge Alcocer Varela, destac\u00f3 la trascendencia de la firma de la Declaraci\u00f3n de Acapulco, como un hito que contribuir\u00e1 a lograr las metas de autosuficiencia sanitaria entre las naciones de Am\u00e9rica Latina y el Caribe: <em>\u201cLos recursos de esta regi\u00f3n deben ser administrados y utilizados para atender las necesidades de sus pueblos; esta ambici\u00f3n de la autosuficiencia sanitaria regional es de particular importancia en nuestras sociedades plagadas de profunda inequidad.\u201d<\/em><\/p>\n<\/div>\n<div class=\"article-body\">\n<p>El titular de Cofepris, Alejandro Svarch P\u00e9rez, apunt\u00f3 que cuando se habla de regulaci\u00f3n sanitaria, por lo general predomina una visi\u00f3n que la concibe como un instrumento para solucionar fallas del mercado y un mecanismo de intervenci\u00f3n para fomentar la competitividad econ\u00f3mica. <em>\u201cSin embargo, lo que proponemos es una luz m\u00e1s amplia y multidisciplinar, donde la regulaci\u00f3n sanitaria no es una herramienta mercantil a blandir en defensa del capital, sino un instrumento que tenga un impacto decisivo en la cadena de suministro de medicamentos de nuestra regi\u00f3n. Independientemente de la urgencia generada por una realidad pand\u00e9mica; es una de las responsabilidades m\u00e1s maduras del Estado\u201d<\/em>.<\/p>\n<p>Por su parte, la directora de Cecmed, Olga Lidia Jacobo, se\u00f1al\u00f3 que la integraci\u00f3n de los pa\u00edses latinoamericanos y del Caribe como bloque multilateral en la materia a\u00fan es una meta por alcanzar; sin embargo, existen avances importantes en el trabajo colaborativo: \u201c<em>La regi\u00f3n cuenta con la fortaleza de poseer ocho autoridades reguladoras de referencia regional certificadas por la Organizaci\u00f3n Panamericana de la Salud (OPS), que trabajan de manera coordinada como una red permanente en el intercambio t\u00e9cnico regulatorio, asumiendo una posici\u00f3n regional en los diferentes foros internacionales.\u201d<\/em><\/p>\n<p><em><img loading=\"lazy\" decoding=\"async\" class=\"alignright wp-image-14072\" src=\"https:\/\/saludnl.gob.mx\/regulacion-sanitaria\/wp-content\/uploads\/2023\/04\/declaracion-de-acapulco-2.jpg\" alt=\"\" width=\"589\" height=\"392\" \/><\/em><\/p>\n<p>La directora general del Invima, Mariela Pardo Corredor, manifest\u00f3 que \u201cla creaci\u00f3n de Amlac es muestra del compromiso de los gobiernos de la regi\u00f3n por la protecci\u00f3n de la salud de todos. La pandemia de COVID-19 nos ha demostrado la importancia de contar con una respuesta r\u00e1pida y eficiente en el \u00e1mbito de la salud, y esta agencia ser\u00e1 una herramienta fundamental para ello\u201d.<\/p>\n<p>En ese sentido, el coordinador nacional de la Presidencia Pro Tempore de Celac, Douglas Slater, asegur\u00f3 que existe la suficiente voluntad pol\u00edtica entre las naciones que conforman este organismo para generar recursos tecnol\u00f3gicos que permitan hacer frente a los retos que suponen las enfermedades emergentes y los riesgos de otras posibles pandemias, por lo que Amlac representa un avance importante en beneficio de todos: \u201c<em>M\u00e1s de 650 millones de ciudadanos en nuestro mercado se beneficiar\u00e1n de esta iniciativa para proporcionar productos de salud asequibles, seguros y de alta calidad para salvaguardar el bienestar de nuestra gente.\u201d<\/em><\/p>\n<p>Entre tanto, se estableci\u00f3 que las pr\u00f3ximas reuniones presenciales ser\u00e1n en mayo de 2023 en Bogot\u00e1, Colombia y en junio de 2023 en La Habana, Cuba. Los resultados del trabajo para la constituci\u00f3n de la agencia ser\u00e1n presentados al resto de los miembros de Celac, bajo la coordinaci\u00f3n de la PPT.<\/p>\n<p><span style=\"color: #00aaff;\"><span style=\"color: #000000;\"><div class=\"sdm_download_button_box_default\"><div class=\"sdm_download_link\"><a href=\"https:\/\/saludnl.gob.mx\/regulacion-sanitaria\/?sdm_process_download=1&download_id=14084\" class=\"sdm_download blue\" title=\"Comunicado AMLAC\/ Declaraci\u00f3n de Acapulco\" target=&quot;_blank&quot;>Descargar Comunicado AMLAC\/ Declaraci\u00f3n de Acapulco<\/a><\/div><\/div><div class=\"sdm_download_count\"><span class=\"sdm_count_number\">295<\/span><span class=\"sdm_count_string\"> Downloads<\/span><\/div><\/span><\/span><\/p>\n<\/div>\n","protected":false},"excerpt":{"rendered":"<p>Acapulco, Guerrero, M\u00e9xico, 26 de abril de 2023. M\u00e9xico, Colombia y Cuba firman Declaraci\u00f3n de Acapulco para la creaci\u00f3n de la Agencia Reguladora de Medicamentos y Dispositivos M\u00e9dicos de Latinoam\u00e9rica y el Caribe (Amlac). Este nuevo organismo permitir\u00e1 alcanzar la autosuficiencia sanitaria en la regi\u00f3n y garantizar el acceso a medicamentos seguros, eficaces y de [&hellip;]<\/p>\n","protected":false},"author":5,"featured_media":14067,"parent":0,"menu_order":0,"comment_status":"closed","ping_status":"closed","template":"","meta":{"footnotes":""},"class_list":["post-14070","page","type-page","status-publish","has-post-thumbnail","hentry"],"_links":{"self":[{"href":"https:\/\/saludnl.gob.mx\/regulacion-sanitaria\/index.php\/wp-json\/wp\/v2\/pages\/14070","targetHints":{"allow":["GET"]}}],"collection":[{"href":"https:\/\/saludnl.gob.mx\/regulacion-sanitaria\/index.php\/wp-json\/wp\/v2\/pages"}],"about":[{"href":"https:\/\/saludnl.gob.mx\/regulacion-sanitaria\/index.php\/wp-json\/wp\/v2\/types\/page"}],"author":[{"embeddable":true,"href":"https:\/\/saludnl.gob.mx\/regulacion-sanitaria\/index.php\/wp-json\/wp\/v2\/users\/5"}],"replies":[{"embeddable":true,"href":"https:\/\/saludnl.gob.mx\/regulacion-sanitaria\/index.php\/wp-json\/wp\/v2\/comments?post=14070"}],"version-history":[{"count":7,"href":"https:\/\/saludnl.gob.mx\/regulacion-sanitaria\/index.php\/wp-json\/wp\/v2\/pages\/14070\/revisions"}],"predecessor-version":[{"id":14095,"href":"https:\/\/saludnl.gob.mx\/regulacion-sanitaria\/index.php\/wp-json\/wp\/v2\/pages\/14070\/revisions\/14095"}],"wp:featuredmedia":[{"embeddable":true,"href":"https:\/\/saludnl.gob.mx\/regulacion-sanitaria\/index.php\/wp-json\/wp\/v2\/media\/14067"}],"wp:attachment":[{"href":"https:\/\/saludnl.gob.mx\/regulacion-sanitaria\/index.php\/wp-json\/wp\/v2\/media?parent=14070"}],"curies":[{"name":"wp","href":"https:\/\/api.w.org\/{rel}","templated":true}]}}

Declaración de Acapulco

<h3><img loading="lazy" decoding="async" class=" wp-image-14071 aligncenter" src="https://saludnl.gob.mx/regulacion-sanitaria/wp-content/uploads/2023/04/Declaracion-de-acapulco.jpg" alt="" width="900" height="600" srcset="https://saludnl.gob.mx/regulacion-sanitaria/wp-content/uploads/2023/04/Declaracion-de-acapulco.jpg 1024w, https://saludnl.gob.mx/regulacion-sanitaria/wp-content/uploads/2023/04/Declaracion-de-acapulco-300x200.jpg 300w, https://saludnl.gob.mx/regulacion-sanitaria/wp-content/uploads/2023/04/Declaracion-de-acapulco-768x512.jpg 768w, https://saludnl.gob.mx/regulacion-sanitaria/wp-content/uploads/2023/04/Declaracion-de-acapulco-272x182.jpg 272w" sizes="auto, (max-width: 900px) 100vw, 900px" /></h3>
<h4><strong>Acapulco, Guerrero, México, 26 de abril de 2023.</strong></h4>
<h4 class="imagen-principal" style="text-align: left;"><span class="small">México, Colombia y Cuba firman Declaración de Acapulco para la creación de la Agencia Reguladora de Medicamentos y Dispositivos Médicos de Latinoamérica y el Caribe (Amlac).</span></h4>
<div class="article-body">
<ul>
<li>
<h4>Este nuevo organismo permitirá alcanzar la autosuficiencia sanitaria en la región y garantizar el acceso a medicamentos seguros, eficaces y de calidad</h4>
</li>
<li>
<h4>Se invitará a otras agencias sanitarias como las de Argentina, Brasil y Chile a formar parte de esta iniciativa</h4>
</li>
</ul>
<p>La Comisión Federal para la Protección contra Riesgos Sanitarios (Cofepris) de México, el Instituto Nacional de Vigilancia de Medicamentos y Alimentos (Invima) de Colombia; y el Centro para el Control Estatal de Medicamentos, Equipos y Dispositivos Médicos (Cecmed) de Cuba, autoridades reguladoras nacionales de referencia regional, firmaron la Declaración de Acapulco para la creación de la Agencia Reguladora de Medicamentos y Dispositivos Médicos de Latinoamérica y el Caribe (Amlac). En esta reunión, los representantes de los tres países se comprometieron a trabajar conjuntamente para promover la autosuficiencia sanitaria en la región.</p>
<p>La Declaración de Acapulco reconoce los desafíos que enfrentan América Latina y el Caribe en los ámbitos sanitario, productivo, económico y social, especialmente en momentos de emergencia como la pandemia del SARS-CoV-2. Por esta razón, se ha propuesto la creación de Amlac como mecanismo para contribuir a la integración regional a través de la armonización y la convergencia en la regulación sanitaria, en favor del acceso a medicamentos y dispositivos médicos seguros, eficaces y de calidad.</p>
<p>Además, la Declaración de Acapulco invitó a las autoridades reguladoras nacionales de referencia regional de Argentina, Brasil y Chile a sumarse a esta iniciativa, y convocó al South Centre, organismo intergubernamental de países en desarrollo al que pertenecen Colombia y Cuba, para que sume su apoyo técnico y político en el escenario internacional. De igual manera, se acordó mantener debidamente informada a la presidencia pro-tempore de la Comunidad de Estados Latinoamericanos y Caribeños (PPT-Celac) sobre el proceso de constitución de Amlac, con el fin de propiciar un amplio intercambio de saberes y recibir los aportes de los países miembros interesados.</p>
<p>Una de las principales estrategias de Amlac es implementar el plan de autosuficiencia sanitaria diseñado por la Comisión Económica para América Latina y el Caribe (Cepal), el cual se dio a conocer durante la cumbre de Celac 2021, mediante una alianza solidaria entre Invima, Cecmed y Cofepris.</p>
<p>El secretario de Salud federal de México, Jorge Alcocer Varela, destacó la trascendencia de la firma de la Declaración de Acapulco, como un hito que contribuirá a lograr las metas de autosuficiencia sanitaria entre las naciones de América Latina y el Caribe: <em>“Los recursos de esta región deben ser administrados y utilizados para atender las necesidades de sus pueblos; esta ambición de la autosuficiencia sanitaria regional es de particular importancia en nuestras sociedades plagadas de profunda inequidad.”</em></p>
</div>
<div class="article-body">
<p>El titular de Cofepris, Alejandro Svarch Pérez, apuntó que cuando se habla de regulación sanitaria, por lo general predomina una visión que la concibe como un instrumento para solucionar fallas del mercado y un mecanismo de intervención para fomentar la competitividad económica. <em>“Sin embargo, lo que proponemos es una luz más amplia y multidisciplinar, donde la regulación sanitaria no es una herramienta mercantil a blandir en defensa del capital, sino un instrumento que tenga un impacto decisivo en la cadena de suministro de medicamentos de nuestra región. Independientemente de la urgencia generada por una realidad pandémica; es una de las responsabilidades más maduras del Estado”</em>.</p>
<p>Por su parte, la directora de Cecmed, Olga Lidia Jacobo, señaló que la integración de los países latinoamericanos y del Caribe como bloque multilateral en la materia aún es una meta por alcanzar; sin embargo, existen avances importantes en el trabajo colaborativo: “<em>La región cuenta con la fortaleza de poseer ocho autoridades reguladoras de referencia regional certificadas por la Organización Panamericana de la Salud (OPS), que trabajan de manera coordinada como una red permanente en el intercambio técnico regulatorio, asumiendo una posición regional en los diferentes foros internacionales.”</em></p>
<p><em><img loading="lazy" decoding="async" class="alignright wp-image-14072" src="https://saludnl.gob.mx/regulacion-sanitaria/wp-content/uploads/2023/04/declaracion-de-acapulco-2.jpg" alt="" width="589" height="392" /></em></p>
<p>La directora general del Invima, Mariela Pardo Corredor, manifestó que “la creación de Amlac es muestra del compromiso de los gobiernos de la región por la protección de la salud de todos. La pandemia de COVID-19 nos ha demostrado la importancia de contar con una respuesta rápida y eficiente en el ámbito de la salud, y esta agencia será una herramienta fundamental para ello”.</p>
<p>En ese sentido, el coordinador nacional de la Presidencia Pro Tempore de Celac, Douglas Slater, aseguró que existe la suficiente voluntad política entre las naciones que conforman este organismo para generar recursos tecnológicos que permitan hacer frente a los retos que suponen las enfermedades emergentes y los riesgos de otras posibles pandemias, por lo que Amlac representa un avance importante en beneficio de todos: “<em>Más de 650 millones de ciudadanos en nuestro mercado se beneficiarán de esta iniciativa para proporcionar productos de salud asequibles, seguros y de alta calidad para salvaguardar el bienestar de nuestra gente.”</em></p>
<p>Entre tanto, se estableció que las próximas reuniones presenciales serán en mayo de 2023 en Bogotá, Colombia y en junio de 2023 en La Habana, Cuba. Los resultados del trabajo para la constitución de la agencia serán presentados al resto de los miembros de Celac, bajo la coordinación de la PPT.</p>
<p><span style="color: #00aaff;"><span style="color: #000000;"><div class="sdm_download_button_box_default"><div class="sdm_download_link"><a href="https://saludnl.gob.mx/regulacion-sanitaria/?sdm_process_download=1&download_id=14084" class="sdm_download blue" title="Comunicado AMLAC/ Declaración de Acapulco" target=&quot;_blank&quot;>Descargar Comunicado AMLAC/ Declaración de Acapulco</a></div></div><div class="sdm_download_count"><span class="sdm_count_number">295</span><span class="sdm_count_string"> Downloads</span></div></span></span></p>
</div>

<p>Acapulco, Guerrero, México, 26 de abril de 2023. México, Colombia y Cuba firman Declaración de Acapulco para la creación de la Agencia Reguladora de Medicamentos y Dispositivos Médicos de Latinoamérica y el Caribe (Amlac). Este nuevo organismo permitirá alcanzar la autosuficiencia sanitaria en la región y garantizar el acceso a medicamentos seguros, eficaces y de [&hellip;]</p>
