{"id":1353,"date":"2019-11-17T01:56:18","date_gmt":"2019-11-17T07:56:18","guid":{"rendered":"http:\/\/saludnl.gob.mx\/regulacion-sanitaria\/?page_id=1353"},"modified":"2023-06-19T16:15:04","modified_gmt":"2023-06-19T21:15:04","slug":"estrategia-nacional-de-accion-contra-la-resistencia-a-los-antimicrobianos-en-mexico","status":"publish","type":"page","link":"https:\/\/saludnl.gob.mx\/regulacion-sanitaria\/index.php\/estrategia-nacional-de-accion-contra-la-resistencia-a-los-antimicrobianos-en-mexico\/","title":{"rendered":"Estrategia Nacional de Acci\u00f3n contra la Resistencia a los Antimicrobianos en M\u00e9xico"},"content":{"rendered":"<div id=\"metaslider-id-31\" style=\"width: 100%;\" class=\"ml-slider-3-98-0 metaslider metaslider-flex metaslider-31 ml-slider ms-theme-default\" role=\"region\" aria-roledescription=\"Slideshow\" aria-label=\"New Slider\" data-width=\"300\">\n    <div id=\"metaslider_container_31\">\n        <div id=\"metaslider_31\" class=\"flexslider\">\n            <ul class='slides'>\n                <li style=\"display: none; width: 100%;\" class=\"slide-35 ms-image \" aria-roledescription=\"slide\" aria-label=\"slide-35\" data-date=\"2017-10-25 22:41:01\"><img loading=\"lazy\" decoding=\"async\" width=\"2875\" height=\"2875\" src=\"https:\/\/saludnl.gob.mx\/regulacion-sanitaria\/wp-content\/uploads\/2019\/11\/2017-waaw-mito4-1.png\" class=\"slider-31 slide-35\" alt=\"\" rel=\"\" title=\"\" srcset=\"https:\/\/saludnl.gob.mx\/regulacion-sanitaria\/wp-content\/uploads\/2019\/11\/2017-waaw-mito4-1.png 2875w, https:\/\/saludnl.gob.mx\/regulacion-sanitaria\/wp-content\/uploads\/2019\/11\/2017-waaw-mito4-1-150x150.png 150w, https:\/\/saludnl.gob.mx\/regulacion-sanitaria\/wp-content\/uploads\/2019\/11\/2017-waaw-mito4-1-300x300.png 300w, https:\/\/saludnl.gob.mx\/regulacion-sanitaria\/wp-content\/uploads\/2019\/11\/2017-waaw-mito4-1-768x768.png 768w, https:\/\/saludnl.gob.mx\/regulacion-sanitaria\/wp-content\/uploads\/2019\/11\/2017-waaw-mito4-1-1024x1024.png 1024w\" sizes=\"auto, (max-width: 2875px) 100vw, 2875px\" \/><\/li>\n                <li style=\"display: none; width: 100%;\" class=\"slide-346 ms-image \" aria-roledescription=\"slide\" aria-label=\"slide-346\" data-date=\"2018-01-05 12:50:11\"><img loading=\"lazy\" decoding=\"async\" width=\"2875\" height=\"2875\" src=\"https:\/\/saludnl.gob.mx\/regulacion-sanitaria\/wp-content\/uploads\/2019\/11\/antibioticos-uso-mito-2.png\" class=\"slider-31 slide-346\" alt=\"\" rel=\"\" title=\"\" srcset=\"https:\/\/saludnl.gob.mx\/regulacion-sanitaria\/wp-content\/uploads\/2019\/11\/antibioticos-uso-mito-2.png 2875w, https:\/\/saludnl.gob.mx\/regulacion-sanitaria\/wp-content\/uploads\/2019\/11\/antibioticos-uso-mito-2-150x150.png 150w, https:\/\/saludnl.gob.mx\/regulacion-sanitaria\/wp-content\/uploads\/2019\/11\/antibioticos-uso-mito-2-300x300.png 300w, https:\/\/saludnl.gob.mx\/regulacion-sanitaria\/wp-content\/uploads\/2019\/11\/antibioticos-uso-mito-2-768x768.png 768w, https:\/\/saludnl.gob.mx\/regulacion-sanitaria\/wp-content\/uploads\/2019\/11\/antibioticos-uso-mito-2-1024x1024.png 1024w\" sizes=\"auto, (max-width: 2875px) 100vw, 2875px\" \/><\/li>\n                <li style=\"display: none; width: 100%;\" class=\"slide-1368 ms-image \" aria-roledescription=\"slide\" aria-label=\"slide-1368\" data-date=\"2019-11-17 01:11:41\"><img loading=\"lazy\" decoding=\"async\" width=\"2875\" height=\"2875\" src=\"https:\/\/saludnl.gob.mx\/regulacion-sanitaria\/wp-content\/uploads\/2019\/11\/2017-waaw-mito7.png\" class=\"slider-31 slide-1368\" alt=\"\" rel=\"\" title=\"2017-waaw-mito7\" srcset=\"https:\/\/saludnl.gob.mx\/regulacion-sanitaria\/wp-content\/uploads\/2019\/11\/2017-waaw-mito7.png 2875w, https:\/\/saludnl.gob.mx\/regulacion-sanitaria\/wp-content\/uploads\/2019\/11\/2017-waaw-mito7-150x150.png 150w, https:\/\/saludnl.gob.mx\/regulacion-sanitaria\/wp-content\/uploads\/2019\/11\/2017-waaw-mito7-300x300.png 300w, https:\/\/saludnl.gob.mx\/regulacion-sanitaria\/wp-content\/uploads\/2019\/11\/2017-waaw-mito7-768x768.png 768w, https:\/\/saludnl.gob.mx\/regulacion-sanitaria\/wp-content\/uploads\/2019\/11\/2017-waaw-mito7-1024x1024.png 1024w\" sizes=\"auto, (max-width: 2875px) 100vw, 2875px\" \/><\/li>\n                <li style=\"display: none; width: 100%;\" class=\"slide-1369 ms-image \" aria-roledescription=\"slide\" aria-label=\"slide-1369\" data-date=\"2019-11-17 01:11:56\"><img loading=\"lazy\" decoding=\"async\" width=\"2875\" height=\"2875\" src=\"https:\/\/saludnl.gob.mx\/regulacion-sanitaria\/wp-content\/uploads\/2019\/11\/2017-waaw-mito5.png\" class=\"slider-31 slide-1369\" alt=\"\" rel=\"\" title=\"2017-waaw-mito5\" srcset=\"https:\/\/saludnl.gob.mx\/regulacion-sanitaria\/wp-content\/uploads\/2019\/11\/2017-waaw-mito5.png 2875w, https:\/\/saludnl.gob.mx\/regulacion-sanitaria\/wp-content\/uploads\/2019\/11\/2017-waaw-mito5-150x150.png 150w, https:\/\/saludnl.gob.mx\/regulacion-sanitaria\/wp-content\/uploads\/2019\/11\/2017-waaw-mito5-300x300.png 300w, https:\/\/saludnl.gob.mx\/regulacion-sanitaria\/wp-content\/uploads\/2019\/11\/2017-waaw-mito5-768x768.png 768w, https:\/\/saludnl.gob.mx\/regulacion-sanitaria\/wp-content\/uploads\/2019\/11\/2017-waaw-mito5-1024x1024.png 1024w\" sizes=\"auto, (max-width: 2875px) 100vw, 2875px\" \/><\/li>\n                <li style=\"display: none; width: 100%;\" class=\"slide-1370 ms-image \" aria-roledescription=\"slide\" aria-label=\"slide-1370\" data-date=\"2019-11-17 01:12:16\"><img loading=\"lazy\" decoding=\"async\" width=\"2875\" height=\"2875\" src=\"https:\/\/saludnl.gob.mx\/regulacion-sanitaria\/wp-content\/uploads\/2019\/11\/2017-waaw-mito6.png\" class=\"slider-31 slide-1370\" alt=\"\" rel=\"\" title=\"2017-waaw-mito6\" srcset=\"https:\/\/saludnl.gob.mx\/regulacion-sanitaria\/wp-content\/uploads\/2019\/11\/2017-waaw-mito6.png 2875w, https:\/\/saludnl.gob.mx\/regulacion-sanitaria\/wp-content\/uploads\/2019\/11\/2017-waaw-mito6-150x150.png 150w, https:\/\/saludnl.gob.mx\/regulacion-sanitaria\/wp-content\/uploads\/2019\/11\/2017-waaw-mito6-300x300.png 300w, https:\/\/saludnl.gob.mx\/regulacion-sanitaria\/wp-content\/uploads\/2019\/11\/2017-waaw-mito6-768x768.png 768w, https:\/\/saludnl.gob.mx\/regulacion-sanitaria\/wp-content\/uploads\/2019\/11\/2017-waaw-mito6-1024x1024.png 1024w\" sizes=\"auto, (max-width: 2875px) 100vw, 2875px\" \/><\/li>\n                <li style=\"display: none; width: 100%;\" class=\"slide-1371 ms-image \" aria-roledescription=\"slide\" aria-label=\"slide-1371\" data-date=\"2019-11-17 01:12:50\"><img loading=\"lazy\" decoding=\"async\" width=\"2875\" height=\"2875\" src=\"https:\/\/saludnl.gob.mx\/regulacion-sanitaria\/wp-content\/uploads\/2019\/11\/antibioticos-uso-mito-1.png\" class=\"slider-31 slide-1371\" alt=\"\" rel=\"\" title=\"antibioticos-uso-mito-1\" srcset=\"https:\/\/saludnl.gob.mx\/regulacion-sanitaria\/wp-content\/uploads\/2019\/11\/antibioticos-uso-mito-1.png 2875w, https:\/\/saludnl.gob.mx\/regulacion-sanitaria\/wp-content\/uploads\/2019\/11\/antibioticos-uso-mito-1-150x150.png 150w, https:\/\/saludnl.gob.mx\/regulacion-sanitaria\/wp-content\/uploads\/2019\/11\/antibioticos-uso-mito-1-300x300.png 300w, https:\/\/saludnl.gob.mx\/regulacion-sanitaria\/wp-content\/uploads\/2019\/11\/antibioticos-uso-mito-1-768x768.png 768w, https:\/\/saludnl.gob.mx\/regulacion-sanitaria\/wp-content\/uploads\/2019\/11\/antibioticos-uso-mito-1-1024x1024.png 1024w\" sizes=\"auto, (max-width: 2875px) 100vw, 2875px\" \/><\/li>\n                <li style=\"display: none; width: 100%;\" class=\"slide-1390 ms-image \" aria-roledescription=\"slide\" aria-label=\"slide-1390\" data-date=\"2019-11-17 02:12:29\"><img loading=\"lazy\" decoding=\"async\" width=\"2875\" height=\"2875\" src=\"https:\/\/saludnl.gob.mx\/regulacion-sanitaria\/wp-content\/uploads\/2019\/11\/2017-waaw-mito3.png\" class=\"slider-31 slide-1390\" alt=\"\" rel=\"\" title=\"2017-waaw-mito3\" srcset=\"https:\/\/saludnl.gob.mx\/regulacion-sanitaria\/wp-content\/uploads\/2019\/11\/2017-waaw-mito3.png 2875w, https:\/\/saludnl.gob.mx\/regulacion-sanitaria\/wp-content\/uploads\/2019\/11\/2017-waaw-mito3-150x150.png 150w, https:\/\/saludnl.gob.mx\/regulacion-sanitaria\/wp-content\/uploads\/2019\/11\/2017-waaw-mito3-300x300.png 300w, https:\/\/saludnl.gob.mx\/regulacion-sanitaria\/wp-content\/uploads\/2019\/11\/2017-waaw-mito3-768x768.png 768w, https:\/\/saludnl.gob.mx\/regulacion-sanitaria\/wp-content\/uploads\/2019\/11\/2017-waaw-mito3-1024x1024.png 1024w\" sizes=\"auto, (max-width: 2875px) 100vw, 2875px\" \/><\/li>\n            <\/ul>\n        <\/div>\n        \n    <\/div>\n<\/div>\n<hr>\n<p style=\"text-align: justify;\">La resistencia antimicrobiana (RAM) se produce cuando los microorganismos (bacterias, hongos, virus y par\u00e1sitos) sufren cambios evolutivos capaces presentar nuevos mecanismos que potencialmente confieren resistencia a los medicamentos antimicrobianos; dichos cambios pueden ocurrir de manera natural, sin embargo la utilizaci\u00f3n continua de antimicrobianos conlleva a la selecci\u00f3n de los microorganismos mejor adaptados, es decir, los m\u00e1s resistentes.<\/p>\n<p style=\"text-align: justify;\">La RAM es considerada una amenaza para la salud p\u00fablica en M\u00e9xico y en el mundo, ya que incrementa el riesgo de propagaci\u00f3n de enfermedades infecciosas, adem\u00e1s de la prolongaci\u00f3n de las mismas, poniendo en riesgo procedimientos quir\u00fargicos fundamentales como ces\u00e1reas, o los implantes \u00f3seos de pr\u00f3tesis, as\u00ed como tratamientos que deprimen el sistema inmunol\u00f3gico como la quimioterapia contra el c\u00e1ncer. Lo anterior conlleva a la utilizaci\u00f3n de m\u00e9todos de diagn\u00f3stico, atenci\u00f3n y suministro de&nbsp; f\u00e1rmacos m\u00e1s costosos, lo que se refleja en un incremento en el gasto de la atenci\u00f3n sanitaria a los pacientes con infecciones causadas por microorganismos resistentes en comparaci\u00f3n con el de los pacientes con infecciones de microorganismos no resistentes<strong>.<\/strong><\/p>\n<p style=\"text-align: justify;\">En el contexto de la RAM, la OMS, FAO y OIE hacen un llamado para implementar acciones locales, nacionales y globales, basadas en un planteamiento multidisciplinario, bajo la premisa de &#8220;Una Salud\u201d (\u201c<em>one health<\/em>\u201d en ingles), que contribuyan a minimizar la aparici\u00f3n y propagaci\u00f3n del problema dela RAM, asegurar que los agentes antimicrobianos sigan siendo efectivos y \u00fatiles para curar enfermedades, promover el uso prudente y responsable de los mismos, as\u00ed como garantizar el acceso global a medicamentos de buena calidad.<\/p>\n<p style=\"text-align: justify;\">Con el fin de dar cumplimiento a los compromisos hechos por M\u00e9xico ante la OMS, en nuestro pa\u00eds ya se cuenta con la \u201cEstrategia Nacional de Acci\u00f3n contra la Resistencia a los Antimicrobianos, M\u00e9xico se ha comprometido a establecer los mecanismos necesarios para poder reducir al m\u00e1ximo la RAM\u201d, de manera congruente con lo establecido a nivel tanto nacional como internacional, nuestro &nbsp;gobierno ha trabajado dicha estrategia con la visi\u00f3n Intersectorial, bajo el enfoque de &#8220;Una Salud&#8221;.<\/p>\n<hr>\n<p><strong>Enlaces de int\u00e9res:&nbsp;<\/strong><\/p>\n<ul>\n<li><a href=\"https:\/\/www.gob.mx\/cofepris\/acciones-y-programas\/estrategia-nacional-de-accion-contra-la-resistencia-a-los-antimicrobianos-en-mexico\">Microsito de la COFEPRIS en el tema RAM<\/a><\/li>\n<li style=\"text-align: justify;\"><a href=\"http:\/\/www.dof.gob.mx\/nota_detalle.php?codigo=5525043&amp;fecha=05\/06\/2018\">Estrategia Nacional de Acci\u00f3n contra la Resistencia a los Antimicrobianos publicada en el Diario Oficial de la Federaci\u00f3n<\/a><\/li>\n<li><a href=\"https:\/\/www.who.int\/es\/news-room\/events\/detail\/2019\/11\/18\/default-calendar\/world-antibiotic-awareness-week-2019\">Estrategia dirigida por la Organizaci\u00f3n Mundial de la Salud 2019<\/a><\/li>\n<\/ul>\n<hr>\n<p><strong>Material de Descarga:<\/strong><\/p>\n<div class=\"sdm_download_item \"><div class=\"sdm_download_item_top\"><div class=\"sdm_download_thumbnail\"><img decoding=\"async\" class=\"sdm_download_thumbnail_image\" src=\"http:\/\/saludnl.gob.mx\/regulacion-sanitaria\/wp-content\/uploads\/2019\/11\/hoja-informativa-la-resistencia-a-los-antimicrobianos.jpg\" alt = \"Hoja informativa Profesionales de la Salud\" \/><\/div><div class=\"sdm_download_title\">Hoja informativa Profesionales de la Salud<\/div><\/div><div style=\"clear:both;\"><\/div><div class=\"sdm_download_description\"><\/div><div class=\"sdm_download_link\"><span class=\"sdm_download_button\"><a href=\"https:\/\/saludnl.gob.mx\/regulacion-sanitaria\/?sdm_process_download=1&download_id=1376\" class=\"sdm_download orange\" title=\"Hoja informativa Profesionales de la Salud\" target=\"_self\">Descargar<\/a><\/span><span class=\"sdm_download_item_count\"><span class=\"sdm_item_count_number\">231<\/span><span class=\"sdm_item_count_string\"> Downloads<\/span><\/span><\/div><\/div><div class=\"sdm_clear_float\"><\/div>\n","protected":false},"excerpt":{"rendered":"<p>La resistencia antimicrobiana (RAM) se produce cuando los microorganismos (bacterias, hongos, virus y par\u00e1sitos) sufren cambios evolutivos capaces presentar nuevos mecanismos que potencialmente confieren resistencia a los medicamentos antimicrobianos; dichos cambios pueden ocurrir de manera natural, sin embargo la utilizaci\u00f3n continua de antimicrobianos conlleva a la selecci\u00f3n de los microorganismos mejor adaptados, es decir, los [&hellip;]<\/p>\n","protected":false},"author":5,"featured_media":14555,"parent":0,"menu_order":0,"comment_status":"closed","ping_status":"closed","template":"","meta":{"footnotes":""},"class_list":["post-1353","page","type-page","status-publish","has-post-thumbnail","hentry"],"_links":{"self":[{"href":"https:\/\/saludnl.gob.mx\/regulacion-sanitaria\/index.php\/wp-json\/wp\/v2\/pages\/1353","targetHints":{"allow":["GET"]}}],"collection":[{"href":"https:\/\/saludnl.gob.mx\/regulacion-sanitaria\/index.php\/wp-json\/wp\/v2\/pages"}],"about":[{"href":"https:\/\/saludnl.gob.mx\/regulacion-sanitaria\/index.php\/wp-json\/wp\/v2\/types\/page"}],"author":[{"embeddable":true,"href":"https:\/\/saludnl.gob.mx\/regulacion-sanitaria\/index.php\/wp-json\/wp\/v2\/users\/5"}],"replies":[{"embeddable":true,"href":"https:\/\/saludnl.gob.mx\/regulacion-sanitaria\/index.php\/wp-json\/wp\/v2\/comments?post=1353"}],"version-history":[{"count":16,"href":"https:\/\/saludnl.gob.mx\/regulacion-sanitaria\/index.php\/wp-json\/wp\/v2\/pages\/1353\/revisions"}],"predecessor-version":[{"id":1401,"href":"https:\/\/saludnl.gob.mx\/regulacion-sanitaria\/index.php\/wp-json\/wp\/v2\/pages\/1353\/revisions\/1401"}],"wp:featuredmedia":[{"embeddable":true,"href":"https:\/\/saludnl.gob.mx\/regulacion-sanitaria\/index.php\/wp-json\/wp\/v2\/media\/14555"}],"wp:attachment":[{"href":"https:\/\/saludnl.gob.mx\/regulacion-sanitaria\/index.php\/wp-json\/wp\/v2\/media?parent=1353"}],"curies":[{"name":"wp","href":"https:\/\/api.w.org\/{rel}","templated":true}]}}