{"id":13150,"date":"2023-02-15T14:08:43","date_gmt":"2023-02-15T20:08:43","guid":{"rendered":"https:\/\/saludnl.gob.mx\/regulacion-sanitaria\/?page_id=13150"},"modified":"2024-01-02T09:30:22","modified_gmt":"2024-01-02T15:30:22","slug":"publicidad-3","status":"publish","type":"page","link":"https:\/\/saludnl.gob.mx\/regulacion-sanitaria\/index.php\/publicidad-3\/","title":{"rendered":"Publicidad"},"content":{"rendered":"<h1><img loading=\"lazy\" decoding=\"async\" class=\"aligncenter size-full wp-image-17172\" src=\"https:\/\/saludnl.gob.mx\/regulacion-sanitaria\/wp-content\/uploads\/2023\/10\/Publicidad.png\" alt=\"\" width=\"1200\" height=\"400\" srcset=\"https:\/\/saludnl.gob.mx\/regulacion-sanitaria\/wp-content\/uploads\/2023\/10\/Publicidad.png 1200w, https:\/\/saludnl.gob.mx\/regulacion-sanitaria\/wp-content\/uploads\/2023\/10\/Publicidad-300x100.png 300w, https:\/\/saludnl.gob.mx\/regulacion-sanitaria\/wp-content\/uploads\/2023\/10\/Publicidad-1024x341.png 1024w, https:\/\/saludnl.gob.mx\/regulacion-sanitaria\/wp-content\/uploads\/2023\/10\/Publicidad-768x256.png 768w\" sizes=\"auto, (max-width: 1200px) 100vw, 1200px\" \/><\/h1>\n<h1><span style=\"color: #00ccff;\">Consulta los requisito<\/span><span style=\"color: #00ccff;\">s para completar tu tr\u00e1mite en l\u00ednea<\/span><\/h1>\n<h3><strong>Para completar tu tr\u00e1mite, es necesario proporcionar informaci\u00f3n sobre el propietario, establecimiento, responsable sanitario y producto o servicio. As\u00ed como firma electr\u00f3nica del propietario o responsable legal y del responsable sanitario.<\/strong><\/h3>\n<h2><strong>Requisitos documentales generales<\/strong><\/h2>\n<p>En caso de personas f\u00edsicas:<\/p>\n<ul>\n<li>Identificaci\u00f3n oficial del propietario (Credencial del Instituto Nacional Electoral (INE) o pasaporte vigente o cartilla del servicio militar nacional o licencia de manejo).<\/li>\n<li>Identificaci\u00f3n oficial de las personas autorizadas (Credencial del Instituto Nacional Electoral (INE) o pasaporte vigente o cartilla del servicio militar nacional o licencia de manejo).<\/li>\n<\/ul>\n<h2><strong>Aviso de publicidad\u00a0<\/strong><\/h2>\n<h3><strong>(COFEPRIS-02-002)\u00a0<\/strong><\/h3>\n<ul>\n<li><a href=\"https:\/\/www.gob.mx\/cms\/uploads\/attachment\/file\/795383\/Manual_Aviso_de_Publicidad.pdf\" target=\"_blank\" rel=\"noopener\">Manual\u00a0<\/a><\/li>\n<li><a href=\"https:\/\/youtu.be\/NSN5hnyoyJk\" target=\"_blank\" rel=\"noopener\">Video tutorial<\/a><\/li>\n<\/ul>\n<h4><b>Mo<\/b><b>d<\/b><b>a<\/b><b>l<\/b><b>i<\/b><b>d<\/b><b>a<\/b><b>d<\/b> <b>A<\/b><b>.<\/b><b>&#8211;<\/b> <b>Ac<\/b><b>t<\/b><b>i<\/b><b>vida<\/b><b>d<\/b><b>es <\/b><b>Profesionales,<\/b> <b>T\u00e9cnicas,<\/b> <b>Auxiliares<\/b> <b>y<\/b> <b>Especialidades.<\/b><\/h4>\n<ol>\n<li>Haber realizado previamente el Aviso de funcionamiento y de responsable sanitario del establecimiento de servicios de salud. COFEPRIS 05-036 o el Aviso de modificaci\u00f3n o baja al aviso de funcionamiento y\/o responsable sanitario de establecimiento de servicios de salud. COFEPRIS 05-056.<\/li>\n<li>El proyecto de publicidad (preferentemente a color).<\/li>\n<li>La documentaci\u00f3n que d\u00e9 sustento a las afirmaciones hechas en la publicidad.<\/li>\n<\/ol>\n<p>Es necesario proporcionar datos sobre:<\/p>\n<ul>\n<li>Tipo e informaci\u00f3n de la publicidad y firma electr\u00f3nica del propietario o representante legal.<\/li>\n<\/ul>\n<h4>Modalidad B.- Alimentos y bebidas no alcoh\u00f3licas (por marca del producto).<\/h4>\n<ol>\n<li>Haber realizado previamente el Aviso de funcionamiento del establecimiento de productos y servicios. COFEPRIS 05-018 o el Aviso de modificaci\u00f3n o baja de establecimiento de productos y servicios. COFEPRIS 05-019.<\/li>\n<li>Tener registradas cualquiera de estas actividades industriales de alimentos y bebidas no alcoh\u00f3licas.<\/li>\n<li>Contar con el n\u00famero de licencia sanitaria y el documento que lo acredite.<\/li>\n<\/ol>\n<p>Es necesario proporcionar datos sobre:<\/p>\n<ul>\n<li>Tipo e informaci\u00f3n de la publicidad y firma \u00a0electr\u00f3nica del propietario o representante legal.<\/li>\n<\/ul>\n<h4>Modalidad C.- Insumos para la Salud, cuando se dirija a Profesionales de la Salud (Medicamentos o Dispositivos M\u00e9dicos)<\/h4>\n<h4><span style=\"color: #00ccff;\">Informaci\u00f3n del tr\u00e1mite:<\/span><\/h4>\n<p>Este tr\u00e1mite se realiza cuando se trate de la notificaci\u00f3n de publicidad de insumos para la salud cuando esta se dirija a Profesionales de la Salud (con acceso restringido).<\/p>\n<p>Recuerda que se requiere un Aviso de Publicidad por cada proyecto de publicidad y cada medio publicitario.<\/p>\n<h4><span style=\"color: #00ccff;\">Requisitos:<\/span><\/h4>\n<p>Haber realizado alguno de los siguientes tr\u00e1mites:<\/p>\n<ul>\n<li>Aviso de responsable sanitario de insumos para la salud del establecimiento que opera con licencia sanitaria. COFEPRIS-05-011.<\/li>\n<li>Aviso de modificaci\u00f3n o baja del responsable sanitario del establecimiento de insumos para la salud que opera con licencia sanitaria. COFEPRIS-05-0512.<\/li>\n<li>Aviso temporal de responsable sanitario de insumos para la salud. COFEPRIS-05-013.<\/li>\n<li>Aviso de funcionamiento y de responsable sanitario del establecimiento de insumos para la salud. COFEPRIS-05-006. Modalidades A, B, C, D Y E<\/li>\n<li>Aviso de modificaci\u00f3n o baja al aviso de funcionamiento y\/o responsable sanitario del establecimiento de insumos para la salud. COFEPRIS-05-007. Modalidades A, B, C, D Y E<\/li>\n<\/ul>\n<p>Contar con el n\u00famero de licencia sanitaria y el documento que lo acredite o el n\u00famero de registro sanitario para los tr\u00e1mites COFEPRIS-05-011, COFEPRIS-05-012, COFEPRIS-05-013, COFEPRIS-05-006 y COFEPRIS-05-007.<\/p>\n<p>Es necesario proporcionar datos sobre:<\/p>\n<ul>\n<li>Tipo e informaci\u00f3n de la publicidad y firma electr\u00f3nica del propietario o representante legal.<\/li>\n<\/ul>\n<h4><b>Modalidad<\/b> <b>D.-<\/b> <b>Aviso<\/b> <b>de<\/b> <b>Responsable<\/b> <b>de <\/b><b>la<\/b> <b>Publ<\/b><b>i<\/b><b>c<\/b><b>i<\/b><b>da<\/b><b>d<\/b> <b>de<\/b> <b>Produ<\/b><b>c<\/b><b>t<\/b><b>os<\/b> <b>Cos<\/b><b>m<\/b><b>\u00e9t<\/b><b>i<\/b><b>c<\/b><b>o<\/b><b>s<\/b> <b>(po<\/b><b>r<\/b> <b>marca)\u00a0 <\/b><\/h4>\n<h4><span style=\"color: #00ccff;\">Informaci\u00f3n del tr\u00e1mite:<\/span><\/h4>\n<p>Este tr\u00e1mite se realiza cuando se trate de la notificaci\u00f3n de publicidad de la marca de un producto cosm\u00e9tico a la autoridad sanitaria.<\/p>\n<h4><span style=\"color: #00ccff;\">Requisitos:<\/span><\/h4>\n<ol>\n<li>Haber realizado previamente el tr\u00e1mite de Aviso de funcionamiento del establecimiento de productos y servicios. COFEPRIS 05-018 o el Aviso de modificaci\u00f3n al aviso de funcionamiento o baja de establecimiento de productos y servicios. COFEPRIS 05-019.<\/li>\n<li>Tener registradas cualquiera de estas actividades industriales:\n<ol>\n<li><span style=\"color: #000000;\">Fabricaci\u00f3n de<\/span> cosm\u00e9ticos, perfumes y otras preparaciones de tocador. SCIAN 325620<\/li>\n<li>Comercio al por mayor de art\u00edculos de perfumer\u00eda y cosm\u00e9ticos. SCIAN 433210.<\/li>\n<\/ol>\n<\/li>\n<li>Toma en cuenta que se dar\u00e1 de alta un medio publicitario por Aviso de publicidad.<\/li>\n<\/ol>\n<p>Es necesario proporcionar datos sobre:<\/p>\n<ul>\n<li>Agencia de publicidad (solo cuando aplique), tipo e informaci\u00f3n de la publicidad, datos del importador, distribuidor y fabricante, datos de responsables del producto y publicidad.<\/li>\n<li>Firma electr\u00f3nica del propietario o representante legal.<\/li>\n<\/ul>\n<p><b>Modalidad<\/b> <b>E.-<\/b> <b>Alimentos<\/b> <b>y<\/b> <b>bebidas<\/b> <b>no <\/b><b>al<\/b><b>c<\/b><b>oh\u00f3<\/b><b>l<\/b><b>i<\/b><b>c<\/b><b>as<\/b> <b>(<\/b><b>por<\/b> <b>marca<\/b> <b>de<\/b> <b>p<\/b><b>rodu<\/b><b>c<\/b><b>t<\/b><b>o)<\/b> <b>COFEP<\/b><b>R<\/b><b>I<\/b><b>S<\/b><b>&#8211;<\/b><b>0<\/b><b>2<\/b><b>&#8211;<\/b><b>0<\/b><b>0<\/b><b>2<\/b><b>&#8211;<\/b><b>E<\/b><\/p>\n<h4><span style=\"color: #00ccff;\">Informaci\u00f3n del tr\u00e1mite:<\/span><\/h4>\n<p>Este tr\u00e1mite se realiza cuando se trate de la notificaci\u00f3n de publicidad de la marca de un alimento o bebida no alcoh\u00f3lica a la autoridad sanitaria.<\/p>\n<h4><span style=\"color: #00ccff;\">Requisitos:<\/span><\/h4>\n<ol>\n<li>Haber realizado previamente el tr\u00e1mite de Aviso de funcionamiento del establecimiento de productos y servicios. COFEPRIS 05-018 o el Aviso de modificaci\u00f3n al aviso de funcionamiento o baja de establecimiento de productos y servicios. COFEPRIS 05-019.<\/li>\n<li>Tener registradas cualquiera de estas actividades industriales de alimentos y bebidas no alcoh\u00f3licas.<\/li>\n<li>Contar con el n\u00famero de licencia sanitaria y el documento que lo acredite.<\/li>\n<\/ol>\n<p>Es necesario proporcionar datos sobre:<\/p>\n<ul>\n<li>Tipo e informaci\u00f3n de la publicidad, datos del responsable de publicidad.<\/li>\n<li>Firma electr\u00f3nica del propietario o representante legal.<\/li>\n<\/ul>\n<h2><strong>Manual de funcionalidades DIGIPRiS Tr\u00e1mites Autogestivos<\/strong><\/h2>\n<ul>\n<li><a href=\"https:\/\/www.gob.mx\/cms\/uploads\/attachment\/file\/773459\/DIGIPRiS_manual_funcionalidad_31oct22.pdf\">Manual\u00a0<\/a><\/li>\n<\/ul>\n","protected":false},"excerpt":{"rendered":"<p>Consulta los requisitos para completar tu tr\u00e1mite en l\u00ednea Para completar tu tr\u00e1mite, es necesario proporcionar informaci\u00f3n sobre el propietario, establecimiento, responsable sanitario y producto o servicio. As\u00ed como firma electr\u00f3nica del propietario o responsable legal y del responsable sanitario. Requisitos documentales generales En caso de personas f\u00edsicas: Identificaci\u00f3n oficial del propietario (Credencial del Instituto [&hellip;]<\/p>\n","protected":false},"author":5,"featured_media":0,"parent":0,"menu_order":0,"comment_status":"closed","ping_status":"closed","template":"","meta":{"footnotes":""},"class_list":["post-13150","page","type-page","status-publish","hentry"],"_links":{"self":[{"href":"https:\/\/saludnl.gob.mx\/regulacion-sanitaria\/index.php\/wp-json\/wp\/v2\/pages\/13150","targetHints":{"allow":["GET"]}}],"collection":[{"href":"https:\/\/saludnl.gob.mx\/regulacion-sanitaria\/index.php\/wp-json\/wp\/v2\/pages"}],"about":[{"href":"https:\/\/saludnl.gob.mx\/regulacion-sanitaria\/index.php\/wp-json\/wp\/v2\/types\/page"}],"author":[{"embeddable":true,"href":"https:\/\/saludnl.gob.mx\/regulacion-sanitaria\/index.php\/wp-json\/wp\/v2\/users\/5"}],"replies":[{"embeddable":true,"href":"https:\/\/saludnl.gob.mx\/regulacion-sanitaria\/index.php\/wp-json\/wp\/v2\/comments?post=13150"}],"version-history":[{"count":4,"href":"https:\/\/saludnl.gob.mx\/regulacion-sanitaria\/index.php\/wp-json\/wp\/v2\/pages\/13150\/revisions"}],"predecessor-version":[{"id":17869,"href":"https:\/\/saludnl.gob.mx\/regulacion-sanitaria\/index.php\/wp-json\/wp\/v2\/pages\/13150\/revisions\/17869"}],"wp:attachment":[{"href":"https:\/\/saludnl.gob.mx\/regulacion-sanitaria\/index.php\/wp-json\/wp\/v2\/media?parent=13150"}],"curies":[{"name":"wp","href":"https:\/\/api.w.org\/{rel}","templated":true}]}}