{"id":13141,"date":"2023-02-15T12:49:45","date_gmt":"2023-02-15T18:49:45","guid":{"rendered":"https:\/\/saludnl.gob.mx\/regulacion-sanitaria\/?page_id=13141"},"modified":"2023-10-17T17:01:59","modified_gmt":"2023-10-17T22:01:59","slug":"bienes-y-servicios-2","status":"publish","type":"page","link":"https:\/\/saludnl.gob.mx\/regulacion-sanitaria\/index.php\/bienes-y-servicios-2\/","title":{"rendered":"Bienes y Servicios"},"content":{"rendered":"\n<figure class=\"wp-block-image size-large\"><img loading=\"lazy\" decoding=\"async\" width=\"1024\" height=\"341\" src=\"https:\/\/saludnl.gob.mx\/regulacion-sanitaria\/wp-content\/uploads\/2023\/10\/BS-1024x341.png\" alt=\"\" class=\"wp-image-17169\" srcset=\"https:\/\/saludnl.gob.mx\/regulacion-sanitaria\/wp-content\/uploads\/2023\/10\/BS-1024x341.png 1024w, https:\/\/saludnl.gob.mx\/regulacion-sanitaria\/wp-content\/uploads\/2023\/10\/BS-300x100.png 300w, https:\/\/saludnl.gob.mx\/regulacion-sanitaria\/wp-content\/uploads\/2023\/10\/BS-768x256.png 768w, https:\/\/saludnl.gob.mx\/regulacion-sanitaria\/wp-content\/uploads\/2023\/10\/BS.png 1200w\" sizes=\"auto, (max-width: 1024px) 100vw, 1024px\" \/><\/figure>\n\n\n<h1><span style=\"color: #00ccff;\">Consulta los requisitos para completar tu tr\u00e1mite en l\u00ednea<\/span><\/h1>\n<h3><strong>Para completar tu tr\u00e1mite, es necesario proporcionar informaci\u00f3n sobre el propietario, establecimiento, responsable sanitario y producto o servicio. As\u00ed como firma electr\u00f3nica del propietario o responsable legal y del responsable sanitario.<\/strong><\/h3>\n<h2><strong>Requisitos documentales generales<\/strong><\/h2>\n<p>En caso de personas f\u00edsicas:<\/p>\n<ul>\n<li>Identificaci\u00f3n oficial del propietario (Credencial del Instituto Nacional Electoral (INE) o pasaporte vigente o cartilla del servicio militar nacional o licencia de manejo).<\/li>\n<li>Identificaci\u00f3n oficial de las personas autorizadas (Credencial del Instituto Nacional Electoral (INE) o pasaporte vigente o cartilla del servicio militar nacional o licencia de manejo).<\/li>\n<\/ul>\n<h2><strong>Aviso de funcionamiento del establecimiento de productos y servicios<\/strong><\/h2>\n<h3><strong>(COFEPRIS-05-018) (COFEPRIS-05-019)<\/strong><\/h3>\n<ul>\n<li><a href=\"https:\/\/www.gob.mx\/cms\/uploads\/attachment\/file\/779889\/Manual_COFEPRIS-05-018_Y_COFEPRIS-05-019.pdf\">Manual\u00a0<\/a><\/li>\n<li><a href=\"https:\/\/www.youtube.com\/watch?v=bQ_viT5_gHM&amp;t=2s\" target=\"_blank\" rel=\"noopener\">Video tutorial <\/a><\/li>\n<\/ul>\n<h2><strong>Manual de funcionalidades DIGIPRiS Tr\u00e1mites Autogestivos<\/strong><\/h2>\n<ul>\n<li><a href=\"https:\/\/www.gob.mx\/cms\/uploads\/attachment\/file\/773459\/DIGIPRiS_manual_funcionalidad_31oct22.pdf\">Manual\u00a0<\/a><\/li>\n<\/ul>\n\n\n<figure class=\"wp-block-embed is-type-video is-provider-youtube wp-block-embed-youtube wp-embed-aspect-16-9 wp-has-aspect-ratio\"><div class=\"wp-block-embed__wrapper\">\n<iframe loading=\"lazy\" title=\"Alta y modificaci\u00f3n del Aviso de funcionamiento del establecimiento de productos y servicios\" width=\"640\" height=\"360\" src=\"https:\/\/www.youtube.com\/embed\/bQ_viT5_gHM?feature=oembed\" frameborder=\"0\" allow=\"accelerometer; autoplay; clipboard-write; encrypted-media; gyroscope; picture-in-picture; web-share\" referrerpolicy=\"strict-origin-when-cross-origin\" allowfullscreen><\/iframe>\n<\/div><\/figure>\n","protected":false},"excerpt":{"rendered":"<p>Consulta los requisitos para completar tu tr\u00e1mite en l\u00ednea Para completar tu tr\u00e1mite, es necesario proporcionar informaci\u00f3n sobre el propietario, establecimiento, responsable sanitario y producto o servicio. As\u00ed como firma electr\u00f3nica del propietario o responsable legal y del responsable sanitario. Requisitos documentales generales En caso de personas f\u00edsicas: Identificaci\u00f3n oficial del propietario (Credencial del Instituto [&hellip;]<\/p>\n","protected":false},"author":5,"featured_media":0,"parent":0,"menu_order":0,"comment_status":"closed","ping_status":"closed","template":"","meta":{"footnotes":""},"class_list":["post-13141","page","type-page","status-publish","hentry"],"_links":{"self":[{"href":"https:\/\/saludnl.gob.mx\/regulacion-sanitaria\/index.php\/wp-json\/wp\/v2\/pages\/13141","targetHints":{"allow":["GET"]}}],"collection":[{"href":"https:\/\/saludnl.gob.mx\/regulacion-sanitaria\/index.php\/wp-json\/wp\/v2\/pages"}],"about":[{"href":"https:\/\/saludnl.gob.mx\/regulacion-sanitaria\/index.php\/wp-json\/wp\/v2\/types\/page"}],"author":[{"embeddable":true,"href":"https:\/\/saludnl.gob.mx\/regulacion-sanitaria\/index.php\/wp-json\/wp\/v2\/users\/5"}],"replies":[{"embeddable":true,"href":"https:\/\/saludnl.gob.mx\/regulacion-sanitaria\/index.php\/wp-json\/wp\/v2\/comments?post=13141"}],"version-history":[{"count":4,"href":"https:\/\/saludnl.gob.mx\/regulacion-sanitaria\/index.php\/wp-json\/wp\/v2\/pages\/13141\/revisions"}],"predecessor-version":[{"id":17176,"href":"https:\/\/saludnl.gob.mx\/regulacion-sanitaria\/index.php\/wp-json\/wp\/v2\/pages\/13141\/revisions\/17176"}],"wp:attachment":[{"href":"https:\/\/saludnl.gob.mx\/regulacion-sanitaria\/index.php\/wp-json\/wp\/v2\/media?parent=13141"}],"curies":[{"name":"wp","href":"https:\/\/api.w.org\/{rel}","templated":true}]}}